{"id":10174,"date":"2025-07-03T10:24:32","date_gmt":"2025-07-03T08:24:32","guid":{"rendered":"https:\/\/www.talmud.de\/tlmd\/?page_id=10174"},"modified":"2025-07-03T11:39:59","modified_gmt":"2025-07-03T09:39:59","slug":"halachah-halachische-schriften","status":"publish","type":"page","link":"https:\/\/www.talmud.de\/tlmd\/die-schriften-des-judentums\/halachah-halachische-schriften\/","title":{"rendered":"Halachah \u2013 Halachische Schriften"},"content":{"rendered":"\n<p>Halachah bezeichnet das j\u00fcdische Gesetz und ist ein zentrales Genre <em>religi\u00f6ser <\/em>Literatur im Judentum. Die Halachah basiert auf den grundlegenden Texten der j\u00fcdischen Tradition \u2013 der Torah, dem Midrasch und dem Talmud \u2013 und regelt alle Aspekte des allt\u00e4glichen Lebens.<\/p>\n\n\n\n<p>Halachische Werke bieten verbindliche Anleitungen zu einer Vielzahl von Themen: Riten, Gesch\u00e4ftsbeziehungen, Schadensersatz, Familien- und Personenstand, Kaschrut (Speisegesetze) und vieles mehr. Wenn neue Fragen auftreten, suchen rabbinische Autorit\u00e4ten nach Pr\u00e4zedenzf\u00e4llen in der Tradition, um rechtlich fundierte Antworten zu geben.<\/p>\n\n\n\n<p>Obwohl Halachah rechtlich bindend ist, er\u00f6ffnet sie auch einen tiefen Einblick in das ethische und philosophische Denken des Judentums. Sie gilt als Weg, den g\u00f6ttlichen Willen im Alltag umzusetzen.<\/p>\n\n\n\n<p>Halachische Literatur erscheint in verschiedenen Formen:<\/p>\n\n\n\n<ul class=\"wp-block-list\">\n<li>Thematische Abhandlungen zu speziellen Rechtsfragen,<\/li>\n\n\n\n<li>Kodizes als praktische Nachschlagewerke,<\/li>\n\n\n\n<li>Kommentare zu klassischen Texten,<\/li>\n\n\n\n<li>sowie Einzelstudien und Essays zu spezifischen Themen.<\/li>\n\n\n\n<li>Diese Seite bietet Zugang zu einer Vielzahl halachischer Werke \u2013 von klassischen Quellen bis zu modernen Auslegungen.<\/li>\n<\/ul>\n\n\n\n<h2 class=\"wp-block-heading\">Halachische Schriften auf talmud.de<\/h2>\n\n\n\n<div class=\"wp-block-columns is-layout-flex wp-container-core-columns-is-layout-1 wp-block-columns-is-layout-flex\">\n<div class=\"wp-block-column is-layout-flow wp-block-column-is-layout-flow\">\n<p><a href=\"https:\/\/www.talmud.de\/tlmd\/mischne-tora\/\"><img data-recalc-dims=\"1\" loading=\"lazy\" decoding=\"async\" width=\"25\" height=\"15\" class=\"wp-image-3543\" style=\"width: 25px;\" src=\"https:\/\/i0.wp.com\/www.talmud.de\/tlmd\/wp-content\/uploads\/2018\/09\/hand_talmudde_klein.png?resize=25%2C15&#038;ssl=1\" alt=\"\"> <strong>Mischne Torah<\/strong><\/a><br>Auch&nbsp;<em>Jad HaChazakah<\/em>&nbsp;(\u00bbDie starke Hand\u00ab) von Maimonides ist eines der bedeutendsten Werke des j\u00fcdischen Rechts. Verfasst zwischen 1170 und 1180, ist es eine systematische und klare Darstellung aller Bereiche der Halachah.<\/p>\n\n\n\n<p><a href=\"https:\/\/www.talmud.de\/tlmd\/der-kitzur-schulchan-aruch\/\"><strong><img data-recalc-dims=\"1\" loading=\"lazy\" decoding=\"async\" width=\"25\" height=\"15\" class=\"wp-image-3543\" style=\"width: 25px;\" src=\"https:\/\/i0.wp.com\/www.talmud.de\/tlmd\/wp-content\/uploads\/2018\/09\/hand_talmudde_klein.png?resize=25%2C15&#038;ssl=1\" alt=\"\"> Kitzur Schulchan Aruch<\/strong><\/a><br>Eine vereinfachte Zusammenfassung des Schulchan Aruch mit Fokus auf den Alltag. Ohne Diskussionen oder Begr\u00fcndungen pr\u00e4sentiert er klare Regeln.<\/p>\n<\/div>\n\n\n\n<div class=\"wp-block-column is-layout-flow wp-block-column-is-layout-flow\">\n<p><strong><a href=\"https:\/\/www.talmud.de\/tlmd\/der-schulchan-aruch\/\"><img data-recalc-dims=\"1\" loading=\"lazy\" decoding=\"async\" width=\"25\" height=\"15\" class=\"wp-image-3543\" style=\"width: 25px;\" src=\"https:\/\/i0.wp.com\/www.talmud.de\/tlmd\/wp-content\/uploads\/2018\/09\/hand_talmudde_klein.png?resize=25%2C15&#038;ssl=1\" alt=\"\"> Der Schulchan Aruch<\/a><\/strong><br>Der&nbsp;<em>Schulchan Aruch<\/em>&nbsp;(\u00bbGedeckter Tisch\u00ab) ist ein umfassender Rechtskodex. Im 16. Jahrhundert von Rabbi Josef Karo verfasst, fasst er die Halachah klar und kompakt zusammen. Erg\u00e4nzt durch Anmerkungen von Rabbi Mosche Isserles, vereint er sefardische und aschkenasische Traditionen.<\/p>\n<\/div>\n<\/div>\n\n\n\n<h2 class=\"wp-block-heading\">Halachische Gutachten<\/h2>\n\n\n\n<div class=\"wp-block-columns is-layout-flex wp-container-core-columns-is-layout-2 wp-block-columns-is-layout-flex\">\n<div class=\"wp-block-column is-layout-flow wp-block-column-is-layout-flow\">\n<p><strong><a href=\"https:\/\/www.talmud.de\/tlmd\/elektrische-lichter-statt-echte-kerzen\/\"><img data-recalc-dims=\"1\" loading=\"lazy\" decoding=\"async\" width=\"25\" height=\"15\" class=\"wp-image-3543\" style=\"width: 25px;\" src=\"https:\/\/i0.wp.com\/www.talmud.de\/tlmd\/wp-content\/uploads\/2018\/09\/hand_talmudde_klein.png?resize=25%2C15&#038;ssl=1\" alt=\"\"> Chanukkah: Elektrische Lichter statt echter Kerzen?<\/a><\/strong><br>Es hat sich die g\u00e4ngige Praxis entwickelt, keine elektrischen Menorot als Chanukka-Kerzen anzuz\u00fcnden. <em>Rabbiner Chaim Jachter<\/em><\/p>\n\n\n\n<p><a href=\"https:\/\/www.talmud.de\/tlmd\/responsum-64-des-rabbi-jaakow-emden-1697-1776-zum-mischeberach-am-schabbat\/\"><img data-recalc-dims=\"1\" loading=\"lazy\" decoding=\"async\" width=\"25\" height=\"15\" class=\"wp-image-3543\" style=\"width: 25px;\" src=\"https:\/\/i0.wp.com\/www.talmud.de\/tlmd\/wp-content\/uploads\/2018\/09\/hand_talmudde_klein.png?resize=25%2C15&#038;ssl=1\" alt=\"\"> <strong>Responsum 64 des Rabbi Ja\u2019akow Emden zum MiScheberach am Schabbat<\/strong><\/a><br>Rabbi Ja\u2019akow Emden (1697 \u2013 1776) besch\u00e4ftigt er sich mit der Frage, ob man am Schabbat den \u00bbMiScheberach\u00ab sagen sollte.<\/p>\n<\/div>\n\n\n\n<div class=\"wp-block-column is-layout-flow wp-block-column-is-layout-flow\">\n<p><strong><a href=\"https:\/\/www.talmud.de\/tlmd\/land-fuer-frieden-tauschen\/\">Land f\u00fcr Frieden tauschen?<\/a><\/strong><br>Kann aus halachischer Sicht Land f\u00fcr Frieden getauscht werden? Rabbiner Chaim Jachter<\/p>\n<\/div>\n<\/div>\n\n\n\n<p><\/p>\n","protected":false},"excerpt":{"rendered":"<p>Halachah bezeichnet das j\u00fcdische Gesetz und ist ein zentrales Genre religi\u00f6ser Literatur im Judentum. Die Halachah basiert auf den grundlegenden Texten der j\u00fcdischen Tradition \u2013 der Torah, dem Midrasch und dem Talmud \u2013 und regelt alle Aspekte des allt\u00e4glichen Lebens. Halachische Werke bieten verbindliche Anleitungen zu einer Vielzahl von Themen: Riten, Gesch\u00e4ftsbeziehungen, Schadensersatz, Familien- und Personenstand, Kaschrut (Speisegesetze) und vieles mehr. Wenn neue Fragen auftreten, suchen rabbinische Autorit\u00e4ten nach Pr\u00e4zedenzf\u00e4llen in der Tradition, um rechtlich fundierte Antworten zu geben. Obwohl Halachah rechtlich bindend ist, er\u00f6ffnet sie auch einen tiefen Einblick in das ethische und philosophische Denken des Judentums. Sie gilt als Weg, den g\u00f6ttlichen Willen im Alltag umzusetzen. Halachische Literatur erscheint in verschiedenen Formen: Halachische Schriften auf talmud.de Mischne TorahAuch&nbsp;Jad HaChazakah&nbsp;(\u00bbDie starke Hand\u00ab) von Maimonides ist eines der bedeutendsten Werke des j\u00fcdischen Rechts. Verfasst zwischen 1170 und 1180, ist es eine systematische und klare Darstellung aller Bereiche der Halachah. Kitzur Schulchan AruchEine vereinfachte Zusammenfassung des Schulchan Aruch mit Fokus auf den Alltag. Ohne Diskussionen oder Begr\u00fcndungen pr\u00e4sentiert er klare Regeln. Der Schulchan AruchDer&nbsp;Schulchan Aruch&nbsp;(\u00bbGedeckter Tisch\u00ab) &hellip;<\/p>\n","protected":false},"author":1,"featured_media":0,"parent":8329,"menu_order":0,"comment_status":"closed","ping_status":"closed","template":"","meta":{"_themeisle_gutenberg_block_has_review":false,"footnotes":""},"class_list":["post-10174","page","type-page","status-publish","hentry"],"jetpack_sharing_enabled":true,"_links":{"self":[{"href":"https:\/\/www.talmud.de\/tlmd\/wp-json\/wp\/v2\/pages\/10174","targetHints":{"allow":["GET"]}}],"collection":[{"href":"https:\/\/www.talmud.de\/tlmd\/wp-json\/wp\/v2\/pages"}],"about":[{"href":"https:\/\/www.talmud.de\/tlmd\/wp-json\/wp\/v2\/types\/page"}],"author":[{"embeddable":true,"href":"https:\/\/www.talmud.de\/tlmd\/wp-json\/wp\/v2\/users\/1"}],"replies":[{"embeddable":true,"href":"https:\/\/www.talmud.de\/tlmd\/wp-json\/wp\/v2\/comments?post=10174"}],"version-history":[{"count":1,"href":"https:\/\/www.talmud.de\/tlmd\/wp-json\/wp\/v2\/pages\/10174\/revisions"}],"predecessor-version":[{"id":10188,"href":"https:\/\/www.talmud.de\/tlmd\/wp-json\/wp\/v2\/pages\/10174\/revisions\/10188"}],"up":[{"embeddable":true,"href":"https:\/\/www.talmud.de\/tlmd\/wp-json\/wp\/v2\/pages\/8329"}],"wp:attachment":[{"href":"https:\/\/www.talmud.de\/tlmd\/wp-json\/wp\/v2\/media?parent=10174"}],"curies":[{"name":"wp","href":"https:\/\/api.w.org\/{rel}","templated":true}]}}