{"id":10179,"date":"2025-07-03T11:18:08","date_gmt":"2025-07-03T09:18:08","guid":{"rendered":"https:\/\/www.talmud.de\/tlmd\/?page_id=10179"},"modified":"2025-07-03T11:18:12","modified_gmt":"2025-07-03T09:18:12","slug":"mussar-literatur-ethisch-moralische-texte","status":"publish","type":"page","link":"https:\/\/www.talmud.de\/tlmd\/die-schriften-des-judentums\/mussar-literatur-ethisch-moralische-texte\/","title":{"rendered":"Mussar-Literatur (ethisch-moralische Texte)"},"content":{"rendered":"\n<p>Unter <em>Mussar<\/em> fallen Schriften der j\u00fcdischen Literatur, die seit dem 13. Jahrhundert ethisch-moralische Lebensf\u00fchrung lehren. Die Texte verbinden religi\u00f6se Vorschriften mit pers\u00f6nlicher Charakterbildung. Viele Autoren wurden durch die Kabbalah beeinflusst. Im 19. Jahrhundert entstand daraus die Musar-Bewegung, die das disziplinierte Studium dieser Werke f\u00f6rderte. Ziel: ein bewusster, tugendhafter Lebenswandel im Licht der Tora.<\/p>\n\n\n\n<div class=\"wp-block-columns is-layout-flex wp-container-core-columns-is-layout-1 wp-block-columns-is-layout-flex\">\n<div class=\"wp-block-column is-layout-flow wp-block-column-is-layout-flow\">\n<p><strong><a href=\"https:\/\/www.talmud.de\/tlmd\/messilat-jescharim\/\"><img data-recalc-dims=\"1\" loading=\"lazy\" decoding=\"async\" width=\"25\" height=\"15\" class=\"wp-image-3543\" style=\"width: 25px;\" src=\"https:\/\/i0.wp.com\/www.talmud.de\/tlmd\/wp-content\/uploads\/2018\/09\/hand_talmudde_klein.png?resize=25%2C15&#038;ssl=1\" alt=\"\"> Messilat Jescharim \u2013 der Weg der Frommen<\/a><\/strong><br>Ein Mussartext von Rabbi Mosche Chajm Luzzatto (1707\u20131746). Es beschreibt in klaren Schritten, wie man moralische und spirituelle Vollkommenheit erreicht.<\/p>\n<\/div>\n\n\n\n<div class=\"wp-block-column is-layout-flow wp-block-column-is-layout-flow\">\n<p><a href=\"https:\/\/www.talmud.de\/tlmd\/ahawat-jisrael\/\"><img data-recalc-dims=\"1\" loading=\"lazy\" decoding=\"async\" width=\"25\" height=\"15\" class=\"wp-image-3543\" style=\"width: 25px;\" src=\"https:\/\/i0.wp.com\/www.talmud.de\/tlmd\/wp-content\/uploads\/2018\/09\/hand_talmudde_klein.png?resize=25%2C15&#038;ssl=1\" alt=\"\"> <strong>Ahawat Jisrael<\/strong><\/a><br>Rabbi Israel Meir Kagan (1838\u20131933) schreibt \u00fcber grundlosem Hass unter Juden. Er ruft zur Achtsamkeit im Umgang miteinander auf, insbesondere im Bereich der Sprache.<\/p>\n<\/div>\n<\/div>\n","protected":false},"excerpt":{"rendered":"<p>Unter Mussar fallen Schriften der j\u00fcdischen Literatur, die seit dem 13. Jahrhundert ethisch-moralische Lebensf\u00fchrung lehren. Die Texte verbinden religi\u00f6se Vorschriften mit pers\u00f6nlicher Charakterbildung. Viele Autoren wurden durch die Kabbalah beeinflusst. Im 19. Jahrhundert entstand daraus die Musar-Bewegung, die das disziplinierte Studium dieser Werke f\u00f6rderte. Ziel: ein bewusster, tugendhafter Lebenswandel im Licht der Tora. Messilat Jescharim \u2013 der Weg der FrommenEin Mussartext von Rabbi Mosche Chajm Luzzatto (1707\u20131746). Es beschreibt in klaren Schritten, wie man moralische und spirituelle Vollkommenheit erreicht. Ahawat JisraelRabbi Israel Meir Kagan (1838\u20131933) schreibt \u00fcber grundlosem Hass unter Juden. Er ruft zur Achtsamkeit im Umgang miteinander auf, insbesondere im Bereich der Sprache.<\/p>\n","protected":false},"author":1,"featured_media":0,"parent":8329,"menu_order":0,"comment_status":"closed","ping_status":"closed","template":"","meta":{"_themeisle_gutenberg_block_has_review":false,"footnotes":""},"class_list":["post-10179","page","type-page","status-publish","hentry"],"jetpack_sharing_enabled":true,"_links":{"self":[{"href":"https:\/\/www.talmud.de\/tlmd\/wp-json\/wp\/v2\/pages\/10179","targetHints":{"allow":["GET"]}}],"collection":[{"href":"https:\/\/www.talmud.de\/tlmd\/wp-json\/wp\/v2\/pages"}],"about":[{"href":"https:\/\/www.talmud.de\/tlmd\/wp-json\/wp\/v2\/types\/page"}],"author":[{"embeddable":true,"href":"https:\/\/www.talmud.de\/tlmd\/wp-json\/wp\/v2\/users\/1"}],"replies":[{"embeddable":true,"href":"https:\/\/www.talmud.de\/tlmd\/wp-json\/wp\/v2\/comments?post=10179"}],"version-history":[{"count":2,"href":"https:\/\/www.talmud.de\/tlmd\/wp-json\/wp\/v2\/pages\/10179\/revisions"}],"predecessor-version":[{"id":10181,"href":"https:\/\/www.talmud.de\/tlmd\/wp-json\/wp\/v2\/pages\/10179\/revisions\/10181"}],"up":[{"embeddable":true,"href":"https:\/\/www.talmud.de\/tlmd\/wp-json\/wp\/v2\/pages\/8329"}],"wp:attachment":[{"href":"https:\/\/www.talmud.de\/tlmd\/wp-json\/wp\/v2\/media?parent=10179"}],"curies":[{"name":"wp","href":"https:\/\/api.w.org\/{rel}","templated":true}]}}