{"id":2248,"date":"2016-11-30T11:39:39","date_gmt":"2016-11-30T09:39:39","guid":{"rendered":"http:\/\/www.talmud.de\/tlmd\/?page_id=2248"},"modified":"2016-12-07T17:40:03","modified_gmt":"2016-12-07T15:40:03","slug":"das-buch-der-haftarot-eine-deutsche-uebersetzung","status":"publish","type":"page","link":"https:\/\/www.talmud.de\/tlmd\/das-buch-der-haftarot-eine-deutsche-uebersetzung\/","title":{"rendered":"Das Buch der Haftarot \u2013 eine deutsche \u00dcbersetzung"},"content":{"rendered":"<div id=\"attachment_2249\" style=\"width: 230px\" class=\"wp-caption aligncenter\"><img data-recalc-dims=\"1\" loading=\"lazy\" decoding=\"async\" aria-describedby=\"caption-attachment-2249\" src=\"https:\/\/i0.wp.com\/www.talmud.de\/tlmd\/wp-content\/uploads\/2016\/11\/book_haft.png?resize=220%2C260\" alt=\"Das Buch der Haftarot - eine deutsche \u00dcbersetzung\" width=\"220\" height=\"260\" class=\"size-full wp-image-2249\" \/><p id=\"caption-attachment-2249\" class=\"wp-caption-text\">Das Buch der Haftarot &#8211; eine deutsche \u00dcbersetzung<\/p><\/div>\n<p>\u00bbDie Haftarot &#8211; eine deutsche \u00dcbersetzung\u00ab beinhaltet \u00bb<em>alle<\/em>\u00ab Hatfarot &#8211; also Prophetenlesungen &#8211; des j\u00fcdischen Jahres.<br \/>\nZu jedem Wochenabschnitt und zu jedem Feiertag unter Ber\u00fccksichtigung <em>aller <\/em>j\u00fcdischen Traditionen.<br \/>\nMan findet also nicht nur <em>aschkenasische <\/em>und <em>sefardische <\/em>Lesungen, sondern auch die von <em>Chabad<\/em>, der <em>Jemeniten <\/em>und vielen anderen. Dies gibt einen spannenden Einblick in die Vielfalt der Br\u00e4uche und zeigt, wie verschieden sie sich entwickelt haben. <\/p>\n<p>Jede Haftarah ist \u00fcbersetzt und wird eingeleitet mit ihrem hebr\u00e4ischen Beginn (so dass man sie in einem Tanach auffinden kann). Die \u00dcbersetzung basiert auf der von Leopold Zunz und seinen Mitarbeitern. Sie wurde grundlegend auf Basis klassischer Kommentatoren \u00fcberarbeitet und wird begleitet von Kommentaren.<\/p>\n<p>Bei zeitlichen Besonderheiten einer Haftarah, wird in einer Einleitung darauf Bezug genommen und erkl\u00e4rt, unter welchen Umst\u00e4nden, welche Haftarah gelesen wird, so dass dieses Buch als \u00bbKompendium\u00ab allen dienen kann, die sich mit der Haftarah besch\u00e4ftigen.<br \/>\nIm Anschluss an die Haftarot findet man kommentierte Anweisungen aus dem \u00bbKitzur Schulchan Aruch\u00ab die Lesung der Haftarah in der Synagoge betreffend und eine Auflistung der Textstellen mit Zuordnung zur Haftarah.<br \/>\nWann wird ein Abschnitt aus Jeschajahu (Jesaja) gelesen?<br \/>\nWann Jonah?<br \/>\nDen Abschluss bilden die Brachot (Segensspr\u00fcche) vor und nach der Haftarah f\u00fcr verschiedene Traditionen.<br \/>\nEin Buch f\u00fcr alle diejenigen, die sich mit den Haftarot besch\u00e4ftigen wollen.<\/p>\n<p><a href=\"https:\/\/i0.wp.com\/www.talmud.de\/tlmd\/wp-content\/uploads\/2016\/11\/haft_erklaer.png\"><img data-recalc-dims=\"1\" loading=\"lazy\" decoding=\"async\" src=\"https:\/\/i0.wp.com\/www.talmud.de\/tlmd\/wp-content\/uploads\/2016\/11\/haft_erklaer.png?resize=840%2C594\" alt=\"Erkl\u00e4rung der wichtigsten Punkte\" width=\"840\" height=\"594\" class=\"aligncenter size-full wp-image-2250\" srcset=\"https:\/\/i0.wp.com\/www.talmud.de\/tlmd\/wp-content\/uploads\/2016\/11\/haft_erklaer.png?w=1123&amp;ssl=1 1123w, https:\/\/i0.wp.com\/www.talmud.de\/tlmd\/wp-content\/uploads\/2016\/11\/haft_erklaer.png?resize=300%2C212&amp;ssl=1 300w, https:\/\/i0.wp.com\/www.talmud.de\/tlmd\/wp-content\/uploads\/2016\/11\/haft_erklaer.png?resize=768%2C543&amp;ssl=1 768w, https:\/\/i0.wp.com\/www.talmud.de\/tlmd\/wp-content\/uploads\/2016\/11\/haft_erklaer.png?resize=1024%2C724&amp;ssl=1 1024w\" sizes=\"auto, (max-width: 840px) 100vw, 840px\" \/><\/a><\/p>\n<p>Eine ausf\u00fchrliche Voransicht gibt es bei <a href=\"https:\/\/books.google.de\/books?id=J5qcDQAAQBAJ&#038;lpg=PA2&#038;ots=JUJJoq6ORC&#038;dq=%22Buch%20der%20Haftarot%22&#038;hl=de&#038;pg=PP1#v=onepage&#038;q&#038;f=false\">google books (hier klicken)<\/a>.<\/p>\n<h3>Wo ist das Buch erh\u00e4ltlich?<\/h3>\n<p>Das Buch hat 404 Seiten. Es ist \u00fcber mit der ISBN 9783743115453 \u00fcber den Buchhandel erh\u00e4ltlich, oder \u00fcber diese Kan\u00e4le:<\/p>\n<table border=\"0\">\n<tr>\n<td><b>Buchhandel<\/b><\/td>\n<td><a href=\"https:\/\/www.buchhandel.de\/buch\/Das-Buch-der-Haftarot-9783743115453\"><b>Buchhandel.de<\/b><\/a><br \/>\nAuf der verlinkten Seite kann man das Buch in den Einkaufswagen legen<br \/>\nund zur Abholung eine lokale Buchhandlung angeben.<em><\/em><\/td>\n<\/tr>\n<tr>\n<td><b><a href=\"https:\/\/www.amazon.de\/dp\/374311545X\/\">amazon.de<\/a><\/b><\/td>\n<td>\n<p>Das Buch \u00fcber <a href=\"https:\/\/www.amazon.de\/dp\/374311545X\/\">amazon.de<\/a> bestellen.<\/p>\n<\/td>\n<\/tr>\n<\/table>\n<p><iframe frameborder=\"0\" scrolling=\"no\" style=\"border:0px\" src=\"https:\/\/books.google.de\/books?id=J5qcDQAAQBAJ&#038;lpg=PA2&#038;ots=JUJJoq6ORC&#038;dq=%22Buch%20der%20Haftarot%22&#038;hl=de&#038;pg=PP1&#038;output=embed\" width=500 height=500><\/iframe><\/p>\n","protected":false},"excerpt":{"rendered":"<p>\u00bbDie Haftarot &#8211; eine deutsche \u00dcbersetzung\u00ab beinhaltet \u00bballe\u00ab Hatfarot &#8211; also Prophetenlesungen &#8211; des j\u00fcdischen Jahres. Zu jedem Wochenabschnitt und zu jedem Feiertag unter Ber\u00fccksichtigung aller j\u00fcdischen Traditionen. Man findet also nicht nur aschkenasische und sefardische Lesungen, sondern auch die von Chabad, der Jemeniten und vielen anderen. Dies gibt einen spannenden Einblick in die Vielfalt der Br\u00e4uche und zeigt, wie verschieden sie sich entwickelt haben. Jede Haftarah ist \u00fcbersetzt und wird eingeleitet mit ihrem hebr\u00e4ischen Beginn (so dass man sie in einem Tanach auffinden kann). Die \u00dcbersetzung basiert auf der von Leopold Zunz und seinen Mitarbeitern. Sie wurde grundlegend auf Basis klassischer Kommentatoren \u00fcberarbeitet und wird begleitet von Kommentaren. Bei zeitlichen Besonderheiten einer Haftarah, wird in einer Einleitung darauf Bezug genommen und erkl\u00e4rt, unter welchen Umst\u00e4nden, welche Haftarah gelesen wird, so dass dieses Buch als \u00bbKompendium\u00ab allen dienen kann, die sich mit der Haftarah besch\u00e4ftigen. Im Anschluss an die Haftarot findet man kommentierte Anweisungen aus dem \u00bbKitzur Schulchan Aruch\u00ab die Lesung der Haftarah in der Synagoge betreffend und eine Auflistung der Textstellen mit Zuordnung zur &hellip;<\/p>\n","protected":false},"author":1,"featured_media":2249,"parent":0,"menu_order":0,"comment_status":"closed","ping_status":"closed","template":"","meta":{"_themeisle_gutenberg_block_has_review":false,"footnotes":""},"class_list":["post-2248","page","type-page","status-publish","has-post-thumbnail","hentry"],"jetpack_sharing_enabled":true,"_links":{"self":[{"href":"https:\/\/www.talmud.de\/tlmd\/wp-json\/wp\/v2\/pages\/2248","targetHints":{"allow":["GET"]}}],"collection":[{"href":"https:\/\/www.talmud.de\/tlmd\/wp-json\/wp\/v2\/pages"}],"about":[{"href":"https:\/\/www.talmud.de\/tlmd\/wp-json\/wp\/v2\/types\/page"}],"author":[{"embeddable":true,"href":"https:\/\/www.talmud.de\/tlmd\/wp-json\/wp\/v2\/users\/1"}],"replies":[{"embeddable":true,"href":"https:\/\/www.talmud.de\/tlmd\/wp-json\/wp\/v2\/comments?post=2248"}],"version-history":[{"count":2,"href":"https:\/\/www.talmud.de\/tlmd\/wp-json\/wp\/v2\/pages\/2248\/revisions"}],"predecessor-version":[{"id":2261,"href":"https:\/\/www.talmud.de\/tlmd\/wp-json\/wp\/v2\/pages\/2248\/revisions\/2261"}],"wp:featuredmedia":[{"embeddable":true,"href":"https:\/\/www.talmud.de\/tlmd\/wp-json\/wp\/v2\/media\/2249"}],"wp:attachment":[{"href":"https:\/\/www.talmud.de\/tlmd\/wp-json\/wp\/v2\/media?parent=2248"}],"curies":[{"name":"wp","href":"https:\/\/api.w.org\/{rel}","templated":true}]}}