{"id":2948,"date":"2018-05-29T13:09:36","date_gmt":"2018-05-29T11:09:36","guid":{"rendered":"https:\/\/www.talmud.de\/tlmd\/?page_id=2948"},"modified":"2023-04-17T23:42:26","modified_gmt":"2023-04-17T21:42:26","slug":"die-torah-nitzawim","status":"publish","type":"page","link":"https:\/\/www.talmud.de\/tlmd\/die-torah-eine-deutsche-uebersetzung\/die-torah-nitzawim\/","title":{"rendered":"Die Torah &#8211; Nitzawim"},"content":{"rendered":"\n  <p class=\"Zentriert\">\n                                            <strong>\n                                                <a class=\"dafLink\" href=\"https:\/\/www.talmud.de\/tlmd\/die-torah-eine-deutsche-uebersetzung\/die-torah-bereschit\/\">1. Buch Moscheh: Bereschit<\/a>\n                                            <\/strong>\n                                            <a class=\"dafLink\" href=\"https:\/\/www.talmud.de\/tlmd\/die-torah-eine-deutsche-uebersetzung\/die-torah-noach\/\">Noach<\/a>\n                                            <a class=\"dafLink\" href=\"https:\/\/www.talmud.de\/tlmd\/die-torah-eine-deutsche-uebersetzung\/die-torah-lech-lechah\/\">Lech Lechah<\/a>\n                                            <a class=\"dafLink\" href=\"https:\/\/www.talmud.de\/tlmd\/die-torah-eine-deutsche-uebersetzung\/die-torah-wajera\/\">Wajera<\/a>\n                                            <a class=\"dafLink\" href=\"https:\/\/www.talmud.de\/tlmd\/die-torah-eine-deutsche-uebersetzung\/die-torah-chaje-sarah\/\">Chaje Sarah<\/a>\n                                            <br>\n                                            <a class=\"dafLink\" href=\"https:\/\/www.talmud.de\/tlmd\/die-torah-eine-deutsche-uebersetzung\/die-torah-toldot\/\">Toldot<\/a>\n                                            <a class=\"dafLink\" href=\"https:\/\/www.talmud.de\/tlmd\/die-torah-eine-deutsche-uebersetzung\/die-torah-wajeze\/\">Wajeze<\/a>\n                                            <a class=\"dafLink\" href=\"https:\/\/www.talmud.de\/tlmd\/die-torah-eine-deutsche-uebersetzung\/die-torah-wajischlach\/\">WaJischlach<\/a>\n                                            <a class=\"dafLink\" href=\"https:\/\/www.talmud.de\/tlmd\/die-torah-eine-deutsche-uebersetzung\/die-torah-wajeschew\/\">WaJeschew<\/a>\n                                            <br>\n                                            <a class=\"dafLink\" href=\"https:\/\/www.talmud.de\/tlmd\/die-torah-eine-deutsche-uebersetzung\/die-torah-miketz\/\">Miketz<\/a>\n                                            <a class=\"dafLink\" href=\"https:\/\/www.talmud.de\/tlmd\/die-torah-eine-deutsche-uebersetzung\/die-torah-wajigasch\/\">WaJigasch<\/a>\n                                            <a class=\"dafLink\" href=\"https:\/\/www.talmud.de\/tlmd\/die-torah-eine-deutsche-uebersetzung\/die-torah-wajechi\/\">WaJechi<\/a>\n                                        <\/p>\n\n                                        <p class=\"Zentriert\">\n                                            <strong>\n                                                <a class=\"dafLink\" href=\"https:\/\/www.talmud.de\/tlmd\/die-torah-eine-deutsche-uebersetzung\/die-torah-schemot\/\">2. Buch Moscheh: Schemot<\/a>\n                                            <\/strong>\n                                            <a class=\"dafLink\" href=\"https:\/\/www.talmud.de\/tlmd\/die-torah-eine-deutsche-uebersetzung\/die-torah-waera\/\">Wa\u2018era<\/a>\n                                            <a class=\"dafLink\" href=\"https:\/\/www.talmud.de\/tlmd\/die-torah-eine-deutsche-uebersetzung\/die-torah-bo\/\">Bo<\/a>\n                                            <a class=\"dafLink\" href=\"https:\/\/www.talmud.de\/tlmd\/die-torah-eine-deutsche-uebersetzung\/die-torah-beschallach\/\">Beschallach<\/a>\n                                            <a class=\"dafLink\" href=\"https:\/\/www.talmud.de\/tlmd\/die-torah-eine-deutsche-uebersetzung\/die-torah-jitro\/\">Jitro<\/a>\n                                            <br>\n                                            <a class=\"dafLink\" href=\"https:\/\/www.talmud.de\/tlmd\/die-torah-eine-deutsche-uebersetzung\/die-torah-mischpatim\/\">Mischpatim<\/a>\n                                            <a class=\"dafLink\" href=\"https:\/\/www.talmud.de\/tlmd\/die-torah-eine-deutsche-uebersetzung\/die-torah-trumah\/\">Trumah<\/a>\n                                            <a class=\"dafLink\" href=\"https:\/\/www.talmud.de\/tlmd\/die-torah-eine-deutsche-uebersetzung\/die-torah-tetzawe\/\">Tetzawe<\/a>\n                                            <a class=\"dafLink\" href=\"https:\/\/www.talmud.de\/tlmd\/die-torah-eine-deutsche-uebersetzung\/die-torah-ki-tissa\/\">Ki Tissa<\/a>\n                                            <a class=\"dafLink\" href=\"https:\/\/www.talmud.de\/tlmd\/die-torah-eine-deutsche-uebersetzung\/die-torah-wajakhel\/\">WaJakhel<\/a>\n                                            <a class=\"dafLink\" href=\"https:\/\/www.talmud.de\/tlmd\/die-torah-eine-deutsche-uebersetzung\/die-torah-pekude\/\">Pekude<\/a>\n                                        <\/p>\n\n                                        <p class=\"Zentriert\">\n                                            <strong>\n                                                <a class=\"dafLink\" href=\"https:\/\/www.talmud.de\/tlmd\/die-torah-eine-deutsche-uebersetzung\/die-torah-wajikra\/\">3. Buch Moscheh: WaJikra<\/a>\n                                            <\/strong>\n                                            <a class=\"dafLink\" href=\"https:\/\/www.talmud.de\/tlmd\/die-torah-eine-deutsche-uebersetzung\/die-torah-tzaw\/\">Tzaw<\/a>\n                                            <a class=\"dafLink\" href=\"https:\/\/www.talmud.de\/tlmd\/die-torah-eine-deutsche-uebersetzung\/die-torah-schemini\/\">Schemini <\/a>\n                                            <a class=\"dafLink\" href=\"https:\/\/www.talmud.de\/tlmd\/die-torah-eine-deutsche-uebersetzung\/die-torah-tazria\/\">Tazria <\/a>\n                                            <a class=\"dafLink\" href=\"https:\/\/www.talmud.de\/tlmd\/die-torah-eine-deutsche-uebersetzung\/die-torah-metzora\/\">Metzora<\/a>\n                                            <a class=\"dafLink\" href=\"https:\/\/www.talmud.de\/tlmd\/die-torah-eine-deutsche-uebersetzung\/die-torah-acharei-mot\/\">Acharei Mot<\/a>\n                                            <a class=\"dafLink\" href=\"https:\/\/www.talmud.de\/tlmd\/die-torah-eine-deutsche-uebersetzung\/die-torah-kedoschim\/\">Kedoschim <\/a>\n                                            <a class=\"dafLink\" href=\"https:\/\/www.talmud.de\/tlmd\/die-torah-eine-deutsche-uebersetzung\/die-torah-emor\/\">Emor<\/a>\n                                            <a class=\"dafLink\" href=\"https:\/\/www.talmud.de\/tlmd\/die-torah-eine-deutsche-uebersetzung\/die-torah-behar\/\">Behar <\/a>\n                                            <a class=\"dafLink\" href=\"https:\/\/www.talmud.de\/tlmd\/die-torah-eine-deutsche-uebersetzung\/die-torah-bechukotaj\/\">Bechukotaj<\/a>\n                                        <\/p>\n\n                                        <p class=\"Zentriert\">\n                                            <strong>\n                                                <a class=\"dafLink\" href=\"https:\/\/www.talmud.de\/tlmd\/die-torah-eine-deutsche-uebersetzung\/die-torah-bamidbar\/\">4. Buch Moscheh: BaMidbar<\/a>\n                                            <\/strong>\n                                            <a class=\"dafLink\" href=\"https:\/\/www.talmud.de\/tlmd\/die-torah-eine-deutsche-uebersetzung\/die-torah-nasso\/\">Nasso <\/a>\n                                            <a class=\"dafLink\" href=\"https:\/\/www.talmud.de\/tlmd\/die-torah-eine-deutsche-uebersetzung\/die-torah-behaalotcha\/\">Beha\u2018alotcha<\/a>\n                                            <a class=\"dafLink\" href=\"https:\/\/www.talmud.de\/tlmd\/die-torah-eine-deutsche-uebersetzung\/die-torah-schlach-lecha\/\">Schlach Lecha<\/a>\n                                            <a class=\"dafLink\" href=\"https:\/\/www.talmud.de\/tlmd\/die-torah-eine-deutsche-uebersetzung\/die-torah-korach\/\">Korach <\/a>\n                                            <a class=\"dafLink\" href=\"https:\/\/www.talmud.de\/tlmd\/die-torah-eine-deutsche-uebersetzung\/die-torah-chukat\/\">Chukat <\/a>\n                                            <a class=\"dafLink\" href=\"https:\/\/www.talmud.de\/tlmd\/die-torah-eine-deutsche-uebersetzung\/die-torah-balak\/\">Balak <\/a>\n                                            <a class=\"dafLink\" href=\"https:\/\/www.talmud.de\/tlmd\/die-torah-eine-deutsche-uebersetzung\/die-torah-pinchas\/\">Pinchas<\/a>\n                                            <a class=\"dafLink\" href=\"https:\/\/www.talmud.de\/tlmd\/die-torah-eine-deutsche-uebersetzung\/die-torah-matot\/\">Matot<\/a>\n                                            <a class=\"dafLink\" href=\"https:\/\/www.talmud.de\/tlmd\/die-torah-eine-deutsche-uebersetzung\/die-torah-mase\/\">Mase<\/a>\n                                        <\/p>\n\n                                        <p class=\"Zentriert\">\n                                            <strong>\n                                                <a class=\"dafLink\" href=\"https:\/\/www.talmud.de\/tlmd\/die-torah-eine-deutsche-uebersetzung\/die-torah-dewarim\/\">5. Buch Moscheh: Dewarim<\/a>\n                                            <\/strong>\n                                            <a class=\"dafLink\" href=\"https:\/\/www.talmud.de\/tlmd\/die-torah-eine-deutsche-uebersetzung\/die-torah-waetchanan\/\">Wa\u2018etchanan<\/a>\n                                            <a class=\"dafLink\" href=\"https:\/\/www.talmud.de\/tlmd\/die-torah-eine-deutsche-uebersetzung\/die-torah-ekew\/\">Ekew<\/a>\n                                            <a class=\"dafLink\" href=\"https:\/\/www.talmud.de\/tlmd\/die-torah-eine-deutsche-uebersetzung\/die-torah-reeh\/\">Re\u2018eh<\/a>\n                                            <a class=\"dafLink\" href=\"https:\/\/www.talmud.de\/tlmd\/die-torah-eine-deutsche-uebersetzung\/die-torah-schoftim\/\">Schoftim<\/a>\n                                            <a class=\"dafLink\" href=\"https:\/\/www.talmud.de\/tlmd\/die-torah-eine-deutsche-uebersetzung\/die-torah-ki-tetze\/\">Ki Tetze<\/a>\n                                            <a class=\"dafLink\" href=\"https:\/\/www.talmud.de\/tlmd\/die-torah-eine-deutsche-uebersetzung\/die-torah-ki-tawo\/\">Ki Tawo<\/a>\n                                            <a class=\"dafLink\" href=\"https:\/\/www.talmud.de\/tlmd\/die-torah-eine-deutsche-uebersetzung\/die-torah-nitzawim\/\">Nitzawim<\/a>\n                                            <a class=\"dafLink\" href=\"https:\/\/www.talmud.de\/tlmd\/die-torah-eine-deutsche-uebersetzung\/die-torah-wajelech\/\">Wa\u2018Jelech<\/a>\n                                            <a class=\"dafLink\" href=\"https:\/\/www.talmud.de\/tlmd\/die-torah-eine-deutsche-uebersetzung\/die-torah-haasinu\/\">Ha\u2018asinu<\/a>\n                                            <a class=\"dafLink\" href=\"https:\/\/www.talmud.de\/tlmd\/die-torah-eine-deutsche-uebersetzung\/die-torah-wezot-habrachah\/\">Wezot habrachah <\/a>\n                                        <\/p>\n\n\n\n\n\n\n\n<h1 class=\"wp-block-heading\">Paraschah Nitzawim<\/h1>\n\n\n\n<p><sup class=\"Vers\">9.<\/sup>Ihr steht heute alle f\u00fcr HaSchem, eurem Gotte, eure H\u00e4upter, eure St\u00e4mme, eure \u00c4ltesten, und eure Beamten, alle M\u00e4nner von Jisrael;<\/p>\n\n\n\n<p><sup class=\"Vers\">10.<\/sup>Eure Kinder, eure Frauen und dein Fremdling, der inmitten deiner Lager, von deinem Holzhauer bis zu deinem Wassersch\u00f6pfer:<\/p>\n\n\n\n<p><sup class=\"Vers\">11.<\/sup>Dass du hindurchgehest durch den Bund von HaSchem, deines Gottes, und durch seinen Vereidigungsfluch \u2013 den HaSchem, dein Gott, heute mit dir schlie\u00dft,<\/p>\n\n\n\n<p><sup class=\"Vers\">12.<\/sup>Auf dass er dich sich heute zum Volk aufrichte, und er dein Gott sei, wie er dir zugesagt und wie er deinen V\u00e4tern Awraham, Jizchak und Jaakow versprochen.<\/p>\n\n\n\n<p><sup class=\"Vers\">13.<\/sup>Und nicht mit euch allein schlie\u00dfe ich diesen Bund und diesen Vereidigungsfluch; <sup class=\"Vers\">14.<\/sup>sondern so mit dem, der heut hier mit uns ist, stehend f\u00fcr HaSchem, unserem Gotte, und auch mit dem, der heut hier nicht mit uns ist.<\/p>\n\n\n\n<p><sup class=\"Vers\">15.<\/sup>Denn ihr wisst, wie wir gewohnt im Land Mizrajim, und wie wir gezogen mitten durch die V\u00f6lker, die ihr durchzogen.<\/p>\n\n\n\n<p><sup class=\"Vers\">16.<\/sup>Und ihr saht ihre Scheusale und ihre G\u00f6tzen, Holz und Stein, Silber und Gold, die bei ihnen sind: <sup class=\"Vers\">17.<\/sup>Dass nicht unter euch sei Mann oder Frau, oder Familie, oder Stamm, dessen Herz heute abwendig ist f\u00fcr HaSchem, unserem Gotte, um zu gehen, den G\u00f6ttern jener V\u00f6lker zu dienen; dass nicht unter euch sei eine Wurzel, die Giftkraut und Wermut treibt. <sup class=\"Vers\">18.<\/sup>Und es k\u00f6nnte sein, wenn er die Worte dieses Vereidigungsfluches h\u00f6rt, so wird er sich segnen in seinem Herzen und sprechen: Es wird mir wohlgehen, wenn ich dem \u00dcbermut meines Herzens folge, damit die S\u00e4ttigung den Durst mehre.<\/p>\n\n\n\n<p><sup class=\"Vers\">19.<\/sup>Nicht wird HaSchem ihm vergeben wollen; sondern dann wird rauchen der Zorn von HaSchem und sein Eifer \u00fcber diesen Mann, und es wird auf ihm lasten die ganze Verw\u00fcnschung, die in diesem Buche geschrieben ist, und HaSchem wird ausl\u00f6schen seinen Namen unter dem Himmel hinweg. <sup class=\"Vers\">20.<\/sup>Und HaSchem wird ihn aussondern zum Ungl\u00fccke aus all den St\u00e4mmen Jisraels, nach all den Verw\u00fcnschungen des Bundes, die in diesem Buche der Lehre geschrieben. <sup class=\"Vers\">21.<\/sup>Und sprechen wird die sp\u00e4tere Generation, eure Kinder, die aufstehen werden von euren Nachkommen, und der Ausl\u00e4nder, der aus fernem Land kommen wird, wenn sie sehen die Plagen desselbigen Landes und dessen Leiden, womit es HaSchem geschlagen:<\/p>\n\n\n\n<p><sup class=\"Vers\">22.<\/sup>Schwefel und Salz, eine Brandst\u00e4tte sein ganzer Boden, der nicht bes\u00e4t wird und nicht aufsprie\u00dfen l\u00e4sst, und worin kein Kraut aufkommt, wie die Zerst\u00f6rung von Sedom und Amorah, Admah und Zebojim, die HaSchem zerst\u00f6rt in seiner Zornglut und in seinem Grimme.<\/p>\n\n\n\n<p><sup class=\"Vers\">23.<\/sup>Und es werden sprechen all die V\u00f6lker:<\/p>\n\n\n\n<p>Warum hat HaSchem dieses getan diesem Land?<\/p>\n\n\n\n<p>Woher diese gro\u00dfe Zornglut?<\/p>\n\n\n\n<p><sup class=\"Vers\">24.<\/sup>Und sie werden sprechen:<\/p>\n\n\n\n<p>Weil sie verlassen den Bund von HaSchem, des Gottes ihrer V\u00e4ter, den er mit ihnen geschlossen, da er sie herausgef\u00fchrt aus dem Land Mizrajim;<\/p>\n\n\n\n<p><sup class=\"Vers\">25.<\/sup>Und sie gingen und dienten fremden G\u00f6ttern, und b\u00fcckten sich vor ihnen; G\u00f6tter, die sie nicht gekannt und er ihnen nicht zugeteilt.<\/p>\n\n\n\n<p><sup class=\"Vers\">26.<\/sup>Da ergl\u00fchte der Zorn von HaSchem \u00fcber dieses Land, dass er darauf den ganzen Fluch brachte, der in diesem Buch geschrieben ist.<\/p>\n\n\n\n<p><sup class=\"Vers\">27.<\/sup>Und ausriss sie HaSchem aus ihrem Boden hinweg in Zorn und Grimm und gro\u00dfer Wut, und warf sie in ein anderes Land, wie diesen Tag (geschehen ist).<\/p>\n\n\n\n<p><sup class=\"Vers\">28.<\/sup>Das Verborgene ist von HaSchem, unseres Gottes, aber das Offenbare ist unser und unserer Kinder bis auf ewig \u2013 all die Worte dieser Lehre auszu\u00fcben.<\/p>\n\n\n\n<h2 class=\"wp-block-heading\">Kapitel 30<\/h2>\n\n\n\n<p><sup class=\"Vers\">1.<\/sup>Und es wird geschehen, wenn \u00fcber dich kommen all diese Dinge, der Segen und der Fluch, den ich dir vorgelegt, und du nimmst (es) dir zu Herzen unter all den V\u00f6lkern, wohin HaSchem, dein Gott, dich versto\u00dfen;<\/p>\n\n\n\n<p><sup class=\"Vers\">2.<\/sup>Dass du zur\u00fcckkehrst zu HaSchem, deinem Gott, und seiner Stimme gehorchest, ganz so, wie ich dir heute gebiete, du und deine Kinder, mit deinem ganzen Herzen und mit deiner ganzen Seele:<\/p>\n\n\n\n<p><sup class=\"Vers\">3.<\/sup>So wird HaSchem, dein Gott, zur\u00fcckf\u00fchren deine Gefangenen und Erbarmen mit dir haben, und dich wieder sammeln aus all den V\u00f6lkern, dahin HaSchem, dein Gott, dich zerstreut hat. <sup class=\"Vers\">4.<\/sup>Wenn deine Versto\u00dfenen sein werden am Ende des Himmels, so wird von dorther HaSchem, dein Gott, dich sammeln, und von dorther dich holen; <sup class=\"Vers\">5.<\/sup>Und HaSchem, dein Gott, wird dich in das Land bringen, das deine V\u00e4ter besessen, und du wirst es besitzen, und er wird dir wohltun und dich vermehren mehr als deine V\u00e4ter.<\/p>\n\n\n\n<p><sup class=\"Vers\">6.<\/sup>Und HaSchem, dein Gott, wird beschneiden dein Herz und das Herz deines Samens, zu lieben HaSchem, deinen Gott, mit deinem ganzen Herzen und mit deiner ganzen Seele, auf dass du lebest.<\/p>\n\n\n\n<p><sup class=\"Vers\">7.<\/sup>Und HaSchem, dein Gott, wird all diese Verw\u00fcnschungen auf deine Feinde legen und auf deine Hasser, die dich verfolgt haben.<\/p>\n\n\n\n<p><sup class=\"Vers\">8.<\/sup>Du aber wirst zur\u00fcckkehren und gehorchen der Stimme von HaSchem, und aus\u00fcben all seine Gebote, die ich dir heute gebiete.<\/p>\n\n\n\n<p><sup class=\"Vers\">9.<\/sup>Und HaSchem, dein Gott, wird dich erhalten in allem Werk deiner H\u00e4nde, in deiner Leibesfrucht und in der Frucht deines Viehes und in der Frucht deines Erdbodens, zum Heile; denn HaSchem wird sich wieder \u00fcber dich zum Guten freuen, wie er sich gefreut \u00fcber deine V\u00e4ter;<\/p>\n\n\n\n<p><sup class=\"Vers\">10.<\/sup>Wenn du gehorchen wirst der Stimme von HaSchem, deines Gottes, zu beobachten seine Gebote und seine Satzungen, die in diesem Buche der Lehre geschrieben; so du zur\u00fcckkehren wirst zu HaSchem, deinem Gott, mit deinem ganzen Herzen und deiner ganzen Seele. <sup class=\"Vers\">11.<\/sup>Denn dieses Gebot, das ich dir heute gebiete, ist dir nicht verborgen und ist nicht fern. <br><sup class=\"Vers\">12.<\/sup>Es ist nicht im Himmel, dass du sagst: Wer steigt f\u00fcr uns in den Himmel hinauf und holt es uns, und macht es uns kund, dass wir es tun. <sup class=\"Vers\">13.<\/sup>Und es ist nicht jenseits des Meeres, dass du sagst: Wer reist f\u00fcr uns jenseits des Meeres hin und holt es uns und macht es uns kund, dass wir es tun.<\/p>\n\n\n\n<p><sup class=\"Vers\">14.<\/sup>Sondern sehr nahe ist dir die Sache, in deinem Munde und in deinem Herzen, es zu tun. <sup class=\"Vers\">15.<\/sup>Siehe, ich lege dir heute vor das Leben und das Gute, auch den Tod und das B\u00f6se,<\/p>\n\n\n\n<p><sup class=\"Vers\">16.<\/sup>Der ich dir heute gebiete, HaSchem, deinen Gott, zu lieben, in seinen Wegen zu wandeln, und zu beobachten seine Gebote und seine Satzungen und seine Vorschriften, dass du lebest und dich mehrest; und HaSchem, dein Gott, wird dich segnen in dem Land, dahin du kommst, es einzunehmen.<\/p>\n\n\n\n<p><sup class=\"Vers\">17.<\/sup>Doch wenn dein Herz sich abwendet, dass du nicht gehorchest, und du wirst verleitet, und b\u00fcckest dich vor fremden G\u00f6ttern und dienest ihnen; <sup class=\"Vers\">18.<\/sup>So verk\u00fcnde ich euch heute, dass ihr bald untergehen werdet. Ihr werdet nicht lange leben auf dem Boden, dahin zu gelangen du \u00fcber den Jarden gehest, ihn einzunehmen.<\/p>\n\n\n\n<p><sup class=\"Vers\">19.<\/sup>Ich nehme zu Zeugen gegen euch heute den Himmel und die Erde; das Leben und den Tod habe ich dir vorgelegt, den Segen und den Fluch; aber du sollst das Leben erw\u00e4hlen, auf dass du lebest, du und dein Same; <sup class=\"Vers\">20.<\/sup>zu lieben HaSchem deinen Gott, seiner Stimme zu gehorchen und ihm anzuhangen; denn er ist dein Leben und deiner Tage Verl\u00e4ngerung, dass du wohnest auf dem Boden, den HaSchem deinen V\u00e4tern zugeschworen, Awraham, Jizchak und Jaakow, ihnen zu geben.<\/p>\n\n\n\n<div class=\"wp-block-columns is-layout-flex wp-container-core-columns-is-layout-1 wp-block-columns-is-layout-flex\">\n<div class=\"wp-block-column is-layout-flow wp-block-column-is-layout-flow\" style=\"flex-basis:33.33%\"><div class=\"wp-block-image\">\n<figure class=\"aligncenter size-full\"><a href=\"https:\/\/www.talmud.de\/tlmd\/die-torah-eine-deutsche-uebersetzung\/\"><img data-recalc-dims=\"1\" loading=\"lazy\" decoding=\"async\" width=\"178\" height=\"160\" src=\"https:\/\/i0.wp.com\/www.talmud.de\/tlmd\/wp-content\/uploads\/2018\/12\/torah_teaser.jpg?resize=178%2C160&#038;ssl=1\" alt=\"\" class=\"wp-image-3913\"\/><\/a><\/figure><\/div><\/div>\n\n\n\n<div class=\"wp-block-column is-layout-flow wp-block-column-is-layout-flow\" style=\"flex-basis:66.66%\">\n<p>Diese \u00dcbersetzung der Torah stammt aus \u00bbDie Torah &#8211; Eine deutsche \u00dcbersetzung\u00ab. Die gedruckte, sowie elektronische Ausgabe f\u00fcr die meisten E-Reader, enth\u00e4lt einen ausf\u00fchrlichen Kommentar. Dieser erkl\u00e4rt Begriffe oder etwa das \u00bbAuge f\u00fcr Auge\u00ab-Prinzip, den Turmbau zu Babel. Zudem erlaubt der Kommentar einen Blick in den Torahkommentar von Raschi.<br><strong><em>Weitere Informationen<\/em><\/strong>  <a href=\"https:\/\/www.talmud.de\/tlmd\/die-torah-eine-deutsche-uebersetzung\/\">dazu gibt es hier<\/a>.<\/p>\n<\/div>\n<\/div>\n\n\n\n<p><strong>Zum Copyright:<\/strong> Die Originalbearbeitung von Zunz wurde stark \u00fcberarbeitet. Lerngruppen d\u00fcrfen die Texte ausdrucken und nutzen \u2013 sofern die entgeltlos geschieht. Dies gilt nicht f\u00fcr die \u00dcbertragung in elektronische Medien &#8211; diese bleibt talmud.de vorbehalten.<\/p>\n","protected":false},"excerpt":{"rendered":"<p>Paraschah Nitzawim 9.Ihr steht heute alle f\u00fcr HaSchem, eurem Gotte, eure H\u00e4upter, eure St\u00e4mme, eure \u00c4ltesten, und eure Beamten, alle M\u00e4nner von Jisrael; 10.Eure Kinder, eure Frauen und dein Fremdling, der inmitten deiner Lager, von deinem Holzhauer bis zu deinem Wassersch\u00f6pfer: 11.Dass du hindurchgehest durch den Bund von HaSchem, deines Gottes, und durch seinen Vereidigungsfluch \u2013 den HaSchem, dein Gott, heute mit dir schlie\u00dft, 12.Auf dass er dich sich heute zum Volk aufrichte, und er dein Gott sei, wie er dir zugesagt und wie er deinen V\u00e4tern Awraham, Jizchak und Jaakow versprochen. 13.Und nicht mit euch allein schlie\u00dfe ich diesen Bund und diesen Vereidigungsfluch; 14.sondern so mit dem, der heut hier mit uns ist, stehend f\u00fcr HaSchem, unserem Gotte, und auch mit dem, der heut hier nicht mit uns ist. 15.Denn ihr wisst, wie wir gewohnt im Land Mizrajim, und wie wir gezogen mitten durch die V\u00f6lker, die ihr durchzogen. 16.Und ihr saht ihre Scheusale und ihre G\u00f6tzen, Holz und Stein, Silber und Gold, die bei ihnen sind: 17.Dass nicht unter euch sei Mann oder &hellip;<\/p>\n","protected":false},"author":1,"featured_media":0,"parent":1019,"menu_order":0,"comment_status":"closed","ping_status":"closed","template":"","meta":{"_themeisle_gutenberg_block_has_review":false,"footnotes":""},"class_list":["post-2948","page","type-page","status-publish","hentry"],"jetpack_sharing_enabled":true,"_links":{"self":[{"href":"https:\/\/www.talmud.de\/tlmd\/wp-json\/wp\/v2\/pages\/2948","targetHints":{"allow":["GET"]}}],"collection":[{"href":"https:\/\/www.talmud.de\/tlmd\/wp-json\/wp\/v2\/pages"}],"about":[{"href":"https:\/\/www.talmud.de\/tlmd\/wp-json\/wp\/v2\/types\/page"}],"author":[{"embeddable":true,"href":"https:\/\/www.talmud.de\/tlmd\/wp-json\/wp\/v2\/users\/1"}],"replies":[{"embeddable":true,"href":"https:\/\/www.talmud.de\/tlmd\/wp-json\/wp\/v2\/comments?post=2948"}],"version-history":[{"count":1,"href":"https:\/\/www.talmud.de\/tlmd\/wp-json\/wp\/v2\/pages\/2948\/revisions"}],"predecessor-version":[{"id":9447,"href":"https:\/\/www.talmud.de\/tlmd\/wp-json\/wp\/v2\/pages\/2948\/revisions\/9447"}],"up":[{"embeddable":true,"href":"https:\/\/www.talmud.de\/tlmd\/wp-json\/wp\/v2\/pages\/1019"}],"wp:attachment":[{"href":"https:\/\/www.talmud.de\/tlmd\/wp-json\/wp\/v2\/media?parent=2948"}],"curies":[{"name":"wp","href":"https:\/\/api.w.org\/{rel}","templated":true}]}}