{"id":3203,"date":"2018-09-12T14:33:49","date_gmt":"2018-09-12T12:33:49","guid":{"rendered":"https:\/\/www.talmud.de\/tlmd\/?page_id=3203"},"modified":"2025-01-13T11:48:38","modified_gmt":"2025-01-13T09:48:38","slug":"mischne-tora","status":"publish","type":"page","link":"https:\/\/www.talmud.de\/tlmd\/mischne-tora\/","title":{"rendered":"Mischne Tora"},"content":{"rendered":"<div class=\"wp-block-image size-full wp-image-3319\">\n<figure class=\"aligncenter\"><img data-recalc-dims=\"1\" loading=\"lazy\" decoding=\"async\" width=\"640\" height=\"392\" src=\"https:\/\/i0.wp.com\/www.talmud.de\/tlmd\/wp-content\/uploads\/2018\/09\/640px-Mishneh_Torah_Books_7_to_14_by_Maimonides_-_Google_Art_Project1.jpg?resize=640%2C392&#038;ssl=1\" alt=\"\" class=\"wp-image-3319\" srcset=\"https:\/\/i0.wp.com\/www.talmud.de\/tlmd\/wp-content\/uploads\/2018\/09\/640px-Mishneh_Torah_Books_7_to_14_by_Maimonides_-_Google_Art_Project1.jpg?w=640&amp;ssl=1 640w, https:\/\/i0.wp.com\/www.talmud.de\/tlmd\/wp-content\/uploads\/2018\/09\/640px-Mishneh_Torah_Books_7_to_14_by_Maimonides_-_Google_Art_Project1.jpg?resize=300%2C184&amp;ssl=1 300w\" sizes=\"auto, (max-width: 640px) 100vw, 640px\" \/><figcaption class=\"wp-element-caption\">By Maimonides (text); Isaac (copist), Matteo di Ser Cambio (illumination) (The National Library of Israel Collections) [<a href=\"https:\/\/creativecommons.org\/licenses\/by-sa\/3.0\">CC BY-SA 3.0 <\/a>], <a href=\"https:\/\/commons.wikimedia.org\/wiki\/File:Rambam_mishne-torah.jpg\">via Wikimedia Commons<\/a><\/figcaption><\/figure><\/div>\n\n\n<p>Die Mishneh Torah, auch bekannt als <em>Jad HaChazakah <\/em>(\u00bbDie starke Hand\u00ab), ist eines der strukturiertesten, umfassendsten und einflussreichsten Werke des j\u00fcdischen Rechts (nach dem Talmud nat\u00fcrlich). Dieses Kompendium, das \u00fcber einen Zeitraum von zehn Jahren verfasst von Maimonides wurde (zwischen 1170 und 1180), bietet eine systematische Kategorisierung und klare Erl\u00e4uterung aller Aspekte der Halachah.<\/p>\n\n\n\n<p>Eine \u00dcbersicht \u00fcber die Kapitel der Mischne Tora von Maimonides. Kapitel, denen die Hand <img data-recalc-dims=\"1\" loading=\"lazy\" decoding=\"async\" src=\"https:\/\/i0.wp.com\/www.talmud.de\/tlmd\/wp-content\/uploads\/2016\/02\/hand_talmudde.png?resize=33%2C20&#038;ssl=1\" alt=\"\" width=\"33\" height=\"20\"> vorangestellt ist, sind als \u00dcbersetzung verf\u00fcgbar.<\/p>\n\n\n\n<center><strong><a href=\"https:\/\/www.talmud.de\/tlmd\/die-ge-und-verbote-nach-maimonides\/\"><img data-recalc-dims=\"1\" loading=\"lazy\" decoding=\"async\" src=\"https:\/\/i0.wp.com\/www.talmud.de\/tlmd\/wp-content\/uploads\/2016\/02\/hand_talmudde.png?resize=33%2C20&#038;ssl=1\" alt=\"\" width=\"33\" height=\"20\">Die Liste der 613 Gebote und Verbote nach Maimonides<\/a><\/strong><\/center>\n\n\n<div class=\"wp-block-image\">\n<figure class=\"aligncenter\"><img data-recalc-dims=\"1\" loading=\"lazy\" decoding=\"async\" width=\"127\" height=\"32\" src=\"https:\/\/i0.wp.com\/www.talmud.de\/tlmd\/wp-content\/uploads\/2016\/02\/absatz.png?resize=127%2C32&#038;ssl=1\" alt=\"\" class=\"wp-image-1945\"\/><\/figure><\/div>\n\n\n<center><strong><img data-recalc-dims=\"1\" loading=\"lazy\" decoding=\"async\" src=\"https:\/\/i0.wp.com\/www.talmud.de\/tlmd\/wp-content\/uploads\/2016\/02\/hand_talmudde.png?resize=33%2C20&#038;ssl=1\" alt=\"\" width=\"33\" height=\"20\"><a href=\"https:\/\/www.talmud.de\/tlmd\/genealogie-der-tora-einleitung-des-rambam\/\">Die Einleitung \u2014 \u05d4\u05e7\u05d3\u05de\u05d4<\/a><\/strong><\/center>\n\n\n<div class=\"wp-block-image\">\n<figure class=\"aligncenter\"><img data-recalc-dims=\"1\" loading=\"lazy\" decoding=\"async\" width=\"127\" height=\"32\" src=\"https:\/\/i0.wp.com\/www.talmud.de\/tlmd\/wp-content\/uploads\/2016\/02\/absatz.png?resize=127%2C32&#038;ssl=1\" alt=\"\" class=\"wp-image-1945\"\/><\/figure><\/div>\n\n\n<center><strong>1. Das Buch der Erkenntnis (46 Kapitel) \u2014 \u05e1\u05e4\u05e8 \u05d4\u05de\u05d3\u05e2<\/strong><\/center>\n\n\n\n<ul class=\"wp-block-list\">\n<li><img data-recalc-dims=\"1\" decoding=\"async\" src=\"https:\/\/i0.wp.com\/www.talmud.de\/tlmd\/wp-content\/uploads\/2016\/02\/hand_talmudde.png?w=840&#038;ssl=1\" alt=\"\" style=\"width: 25px;\"><a href=\"https:\/\/www.talmud.de\/tlmd\/mischne-tora-1-buch-der-erkenntnis\/\">Die Grunds\u00e4tze der Tora (10 Kapitel) \u2014 \u05d9\u05e1\u05d5\u05d3\u05d9 \u05d4\u05ea\u05d5\u05e8\u05d4<\/a><\/li>\n\n\n\n<li><img data-recalc-dims=\"1\" decoding=\"async\" src=\"https:\/\/i0.wp.com\/www.talmud.de\/tlmd\/wp-content\/uploads\/2016\/02\/hand_talmudde.png?w=840&#038;ssl=1\" alt=\"\" style=\"width: 25px;\"><a href=\"https:\/\/www.talmud.de\/tlmd\/sittenlehre-\u05d4\u05dc\u05db\u05d5\u05ea-\u05d3\u05e2\u05d5\u05ea\/\">Die Sittenlehre (7) \u2014 \u05d3\u05e2\u05d5\u05ea<\/a><\/li>\n\n\n\n<li><img data-recalc-dims=\"1\" decoding=\"async\" src=\"https:\/\/i0.wp.com\/www.talmud.de\/tlmd\/wp-content\/uploads\/2016\/02\/hand_talmudde.png?w=840&#038;ssl=1\" alt=\"\" style=\"width: 25px;\"><a href=\"https:\/\/www.talmud.de\/tlmd\/talmudtora\/\">Das Studium der Tora (7) \u2014 \u05ea\u05dc\u05de\u05d5\u05d3 \u05ea\u05d5\u05e8\u05d4<\/a><\/li>\n\n\n\n<li><img data-recalc-dims=\"1\" decoding=\"async\" src=\"https:\/\/i0.wp.com\/www.talmud.de\/tlmd\/wp-content\/uploads\/2016\/02\/hand_talmudde.png?w=840&#038;ssl=1\" alt=\"\" style=\"width: 25px;\"><a href=\"https:\/\/www.talmud.de\/tlmd\/avodazara\/\">Vom G\u00f6tzendienst und Heiden (12) \u2014 \u05e2\u05d1\u05d5\u05d3\u05d4 \u05d6\u05e8\u05d4 \u05d5\u05d7\u05d5\u05e7\u05d5\u05ea \u05d4\u05d2\u05d5\u05d9\u05d9\u05dd<\/a><\/li>\n\n\n\n<li><img data-recalc-dims=\"1\" decoding=\"async\" src=\"https:\/\/i0.wp.com\/www.talmud.de\/tlmd\/wp-content\/uploads\/2016\/02\/hand_talmudde.png?w=840&#038;ssl=1\" alt=\"\" style=\"width: 25px;\"><a href=\"https:\/\/www.talmud.de\/tlmd\/hilchot-teschuwah\/\">Teschuwa (10) \u2014 \u05ea\u05e9\u05d5\u05d1\u05d4<\/a><\/li>\n<\/ul>\n\n\n<div class=\"wp-block-image\">\n<figure class=\"aligncenter\"><img data-recalc-dims=\"1\" loading=\"lazy\" decoding=\"async\" width=\"127\" height=\"32\" src=\"https:\/\/i0.wp.com\/www.talmud.de\/tlmd\/wp-content\/uploads\/2016\/02\/absatz.png?resize=127%2C32&#038;ssl=1\" alt=\"\" class=\"wp-image-1945\"\/><\/figure><\/div>\n\n\n<center><strong>2. Das Buch der Liebe (46) \u2014 \u05e1\u05e4\u05e8 \u05d0\u05d4\u05d1\u05d4<\/strong><\/center>\n\n\n\n<ul class=\"wp-block-list\">\n<li><img data-recalc-dims=\"1\" decoding=\"async\" src=\"https:\/\/i0.wp.com\/www.talmud.de\/tlmd\/wp-content\/uploads\/2016\/02\/hand_talmudde.png?w=840&#038;ssl=1\" alt=\"\" style=\"width: 25px;\"><a href=\"https:\/\/www.talmud.de\/tlmd\/schma\/\">Abhandlung \u00fcber das \u00bbH\u00f6re Israel\u00ab (4) \u2014 \u05e7\u05e8\u05d9\u05ea \u05e9\u05de\u05e2<\/a><\/li>\n\n\n\n<li><img data-recalc-dims=\"1\" decoding=\"async\" src=\"https:\/\/i0.wp.com\/www.talmud.de\/tlmd\/wp-content\/uploads\/2016\/02\/hand_talmudde.png?w=840&#038;ssl=1\" alt=\"\" style=\"width: 25px;\"><a href=\"https:\/\/www.talmud.de\/tlmd\/gebet\/\">Gesetze \u00fcber das Gebet und den Priestersegen (15) \u2014 \u05ea\u05e4\u05d9\u05dc\u05d4 \u05d5\u05d1\u05e8\u05db\u05ea \u05db\u05d5\u05d4\u05e0\u05d9\u05dd<\/a><\/li>\n\n\n\n<li><a href=\"https:\/\/www.talmud.de\/tlmd\/mischne-torah-tefillin-mesusah-und-torah\/\"><img data-recalc-dims=\"1\" loading=\"lazy\" decoding=\"async\" width=\"25\" height=\"15\" class=\"wp-image-3543\" style=\"width: 25px;\" src=\"https:\/\/i0.wp.com\/www.talmud.de\/tlmd\/wp-content\/uploads\/2018\/09\/hand_talmudde_klein.png?resize=25%2C15&#038;ssl=1\" alt=\"\"> Tefillin, Mezuza und Tora (10) \u2014 \u05ea\u05e4\u05d9\u05dc\u05d9\u05df \u05d5\u05de\u05d6\u05d5\u05d6\u05d4 \u05d5\u05e1\u05e4\u05e8 \u05ea\u05d5\u05e8\u05d4<\/a><\/li>\n\n\n\n<li><img data-recalc-dims=\"1\" decoding=\"async\" src=\"https:\/\/i0.wp.com\/www.talmud.de\/tlmd\/wp-content\/uploads\/2016\/02\/hand_talmudde.png?w=840&#038;ssl=1\" alt=\"\" style=\"width: 25px;\"><a href=\"https:\/\/www.talmud.de\/tlmd\/zizit\/\"> Zizit (3) \u2014 \u05e6\u05d9\u05e6\u05d9\u05ea<\/a><\/li>\n\n\n\n<li><a href=\"https:\/\/www.talmud.de\/tlmd\/mischne-tora-die-segensprueche-\u05d1\u05e8\u05db\u05d5\u05ea\/\"><img data-recalc-dims=\"1\" loading=\"lazy\" decoding=\"async\" width=\"25\" height=\"15\" class=\"wp-image-3543\" style=\"width: 25px;\" src=\"https:\/\/i0.wp.com\/www.talmud.de\/tlmd\/wp-content\/uploads\/2018\/09\/hand_talmudde_klein.png?resize=25%2C15&#038;ssl=1\" alt=\"\"> Die Segenspr\u00fcche (11) \u2014 \u05d1\u05e8\u05db\u05d5\u05ea<\/a><\/li>\n\n\n\n<li>Die Beschneidung (3) \u2014 \u05de\u05d9\u05dc\u05d4<\/li>\n<\/ul>\n\n\n<div class=\"wp-block-image\">\n<figure class=\"aligncenter\"><img data-recalc-dims=\"1\" loading=\"lazy\" decoding=\"async\" width=\"127\" height=\"32\" src=\"https:\/\/i0.wp.com\/www.talmud.de\/tlmd\/wp-content\/uploads\/2016\/02\/absatz.png?resize=127%2C32&#038;ssl=1\" alt=\"\" class=\"wp-image-1945\"\/><\/figure><\/div>\n\n\n<center><strong>3. Das Buch der Zeiten (97) \u2014 \u05e1\u05e4\u05e8 \u05d6\u05de\u05e0\u05d9\u05dd<\/strong><\/center>\n\n\n\n<ul class=\"wp-block-list\">\n<li>Der Schabbat (30) \u2014 \u05e9\u05d1\u05ea<\/li>\n\n\n\n<li><a href=\"https:\/\/www.talmud.de\/tlmd\/mischne-tora-eruwin\/\"><img data-recalc-dims=\"1\" loading=\"lazy\" decoding=\"async\" width=\"25\" height=\"15\" class=\"wp-image-3543\" style=\"width: 25px;\" src=\"https:\/\/i0.wp.com\/www.talmud.de\/tlmd\/wp-content\/uploads\/2018\/09\/hand_talmudde_klein.png?resize=25%2C15&#038;ssl=1\" alt=\"\"> Eruwin (8) \u2014 \u05e2\u05d9\u05e8\u05d5\u05d1\u05d9\u05df<\/a><\/li>\n\n\n\n<li>Die Heiligung des Zehnten (3) \u2014 \u05e9\u05d1\u05d9\u05ea\u05ea \u05e2\u05e9\u05d5\u05e8<\/li>\n\n\n\n<li>Die Feier des Festtages (8) \u2014 \u05e9\u05d1\u05d9\u05ea\u05ea \u05d9\u05d5\u05dd \u05d8\u05d5\u05d1<\/li>\n\n\n\n<li>\u00dcber das ges\u00e4uerte und unges\u00e4uerte Brot (8) \u2014 \u05d7\u05de\u05e5 \u05d5\u05de\u05e6\u05d4<\/li>\n\n\n\n<li>Schofar, Laubh\u00fctte und Lulav (8) \u2014 \u05e9\u05d5\u05e4\u05e8 \u05d5\u05e1\u05d5\u05db\u05d4 \u05d5\u05dc\u05d5\u05dc\u05d1<\/li>\n\n\n\n<li>Die Scheckelgabe (4) \u2014 \u05e9\u05e7\u05dc\u05d9\u05dd<\/li>\n\n\n\n<li>Die Heiligung des Neumonds (19) \u2014 \u05e7\u05d9\u05d3\u05d5\u05e9 \u05d4\u05d7\u05d5\u05d3\u05e9<\/li>\n\n\n\n<li>Die Fasttage (5) \u2014 \u05ea\u05e2\u05e0\u05d9\u05d9\u05d5\u05ea<\/li>\n\n\n\n<li>Megilla und Chanukka (4) \u2014 \u05de\u05d2\u05d9\u05dc\u05d4 \u05d5\u05d7\u05e0\u05d5\u05db\u05d4<\/li>\n<\/ul>\n\n\n<div class=\"wp-block-image\">\n<figure class=\"aligncenter\"><img data-recalc-dims=\"1\" loading=\"lazy\" decoding=\"async\" width=\"127\" height=\"32\" src=\"https:\/\/i0.wp.com\/www.talmud.de\/tlmd\/wp-content\/uploads\/2016\/02\/absatz.png?resize=127%2C32&#038;ssl=1\" alt=\"\" class=\"wp-image-1945\"\/><\/figure><\/div>\n\n\n<center><strong>4. Das Buch der Frauen (53) \u2014 \u05e1\u05e4\u05e8 \u05e0\u05e9\u05d9\u05dd<\/strong><\/center>\n\n\n\n<ul class=\"wp-block-list\">\n<li>Die Heirat (25) \u2014 \u05d0\u05d9\u05e9\u05d5\u05ea<\/li>\n\n\n\n<li>Die Scheidung (13) \u2014 \u05d2\u05d9\u05e8\u05d5\u05e9\u05d9\u05df<\/li>\n\n\n\n<li>Jibbum und Haliza (8) \u2014 \u05d9\u05d9\u05d1\u05d5\u05dd \u05d5\u05d7\u05dc\u05d9\u05e6\u05d4<\/li>\n\n\n\n<li>Die Jungfrau (3) \u2014 \u05e0\u05e2\u05e8\u05d4 \u05d1\u05ea\u05d5\u05dc\u05d4<\/li>\n\n\n\n<li>Die Sota (4) \u2014 \u05e1\u05d5\u05d8\u05d4<\/li>\n<\/ul>\n\n\n<div class=\"wp-block-image\">\n<figure class=\"aligncenter\"><img data-recalc-dims=\"1\" loading=\"lazy\" decoding=\"async\" width=\"127\" height=\"32\" src=\"https:\/\/i0.wp.com\/www.talmud.de\/tlmd\/wp-content\/uploads\/2016\/02\/absatz.png?resize=127%2C32&#038;ssl=1\" alt=\"\" class=\"wp-image-1945\"\/><\/figure><\/div>\n\n\n<center><strong>5. Das Buch der Heiligkeit (53) \u2014 \u05e1\u05e4\u05e8 \u05e7\u05d3\u05d5\u05e9\u05d4<\/strong><\/center>\n\n\n\n<ul class=\"wp-block-list\">\n<li>Die Verbotenen Beziehungen (22) \u2014 \u05d0\u05d9\u05e1\u05d5\u05e8\u05d9 \u05d1\u05d9\u05d0\u05d4<\/li>\n\n\n\n<li><img data-recalc-dims=\"1\" decoding=\"async\" src=\"https:\/\/i0.wp.com\/www.talmud.de\/tlmd\/wp-content\/uploads\/2016\/02\/hand_talmudde.png?w=840&#038;ssl=1\" alt=\"\" style=\"width: 25px;\"><a href=\"https:\/\/www.talmud.de\/tlmd\/rambam-von-den-verbotenen-speisen\/\">Die Verbotenen Speisen (17) \u2014 \u05de\u05d0\u05db\u05dc\u05d5\u05ea \u05d0\u05e1\u05d5\u05e8\u05d5\u05ea<\/a><\/li>\n\n\n\n<li>Das Sch\u00e4chten (14) \u2014 \u05e9\u05d7\u05d9\u05d8\u05d4<\/li>\n<\/ul>\n\n\n<div class=\"wp-block-image\">\n<figure class=\"aligncenter\"><img data-recalc-dims=\"1\" loading=\"lazy\" decoding=\"async\" width=\"127\" height=\"32\" src=\"https:\/\/i0.wp.com\/www.talmud.de\/tlmd\/wp-content\/uploads\/2016\/02\/absatz.png?resize=127%2C32&#038;ssl=1\" alt=\"\" class=\"wp-image-1945\"\/><\/figure><\/div>\n\n\n<center><strong>6. Das Buch der Gel\u00f6bnisse (43) \u2014 \u05e1\u05e4\u05e8 \u05d4\u05e4\u05dc\u05d0\u05d4<\/strong><\/center>\n\n\n\n<ul class=\"wp-block-list\">\n<li>Die Schw\u00fcre (12) \u2014 \u05e9\u05d1\u05d5\u05e2\u05d5\u05ea<\/li>\n\n\n\n<li>Das Gel\u00fcbde (13) \u2014 \u05e0\u05d3\u05e8\u05d9\u05dd<\/li>\n\n\n\n<li>Der Nazir (10) \u2014 \u05e0\u05d6\u05d9\u05e8\u05d5\u05ea<\/li>\n\n\n\n<li>Der Bann (8) \u2014 \u05e2\u05e8\u05db\u05d9\u05dd \u05d5\u05d7\u05e8\u05de\u05d9\u05dd&lt;<\/li>\n<\/ul>\n\n\n<div class=\"wp-block-image\">\n<figure class=\"aligncenter\"><img data-recalc-dims=\"1\" loading=\"lazy\" decoding=\"async\" width=\"127\" height=\"32\" src=\"https:\/\/i0.wp.com\/www.talmud.de\/tlmd\/wp-content\/uploads\/2016\/02\/absatz.png?resize=127%2C32&#038;ssl=1\" alt=\"\" class=\"wp-image-1945\"\/><\/figure><\/div>\n\n\n<center><strong>7. Das Buch der Saaten (85) \u2014 \u05e1\u05e4\u05e8 \u05d6\u05e8\u05e2\u05d9\u05dd<\/strong><\/center>\n\n\n\n<ul class=\"wp-block-list\">\n<li>Die Kreuzungen (10) \u2014 \u05db\u05dc\u05d0\u05d9\u05d9\u05dd<\/li>\n\n\n\n<li>Die Armenspende (10) \u2014 \u05de\u05ea\u05e0\u05d5\u05ea \u05e2\u05e0\u05d9\u05d9\u05dd<\/li>\n\n\n\n<li>Die Hebe (15) \u2014 \u05ea\u05e8\u05d5\u05de\u05d5\u05ea<\/li>\n\n\n\n<li>Der Zehnt (14) \u2014 \u05de\u05e2\u05e9\u05e8\u05d5\u05ea<\/li>\n\n\n\n<li>Der zweite Zehnt und das vierte Jahr (11) \u2014 \u05de\u05e2\u05e9\u05e8 \u05e9\u05e0\u05d9 \u05d5\u05e0\u05d8\u05e2 \u05e8\u05d1\u05e2\u05d9<\/li>\n\n\n\n<li>Die Erstlingsfr\u00fcchte und Priestergaben (12) \u2014 \u05d1\u05d9\u05db\u05d5\u05e8\u05d9\u05dd \u05d5\u05e9\u05d0\u05e8 \u05de\u05ea\u05e0\u05d5\u05ea \u05db\u05d4\u05d5\u05e0\u05d4<\/li>\n\n\n\n<li>Schmita und Jobeljahre (13) \u2014 \u05e9\u05de\u05d9\u05d8\u05d4 \u05d5\u05d9\u05d5\u05d1\u05dc<\/li>\n<\/ul>\n\n\n<div class=\"wp-block-image\">\n<figure class=\"aligncenter\"><img data-recalc-dims=\"1\" loading=\"lazy\" decoding=\"async\" width=\"127\" height=\"32\" src=\"https:\/\/i0.wp.com\/www.talmud.de\/tlmd\/wp-content\/uploads\/2016\/02\/absatz.png?resize=127%2C32&#038;ssl=1\" alt=\"\" class=\"wp-image-1945\"\/><\/figure><\/div>\n\n\n<center><strong>8. Das Buch des Tempeldienstes (95) \u2014 \u05e1\u05e4\u05e8 \u05e2\u05d1\u05d5\u05d3\u05d4<\/strong><\/center>\n\n\n\n<ul class=\"wp-block-list\">\n<li>Der Tempel (8) \u2014 \u05d1\u05d9\u05ea \u05d4\u05d1\u05d7\u05d9\u05e8\u05d4<\/li>\n\n\n\n<li>Die Gef\u00e4\u00dfe des Tempels (10) \u2014 \u05db\u05dc\u05d9 \u05d4\u05de\u05e7\u05d3\u05e9 \u05d5\u05d4\u05e2\u05d5\u05d1\u05d3\u05d9\u05dd \u05d1\u05d5<\/li>\n\n\n\n<li>Der Tempeldienst (9) \u2014 \u05d1\u05d9\u05d0\u05ea \u05d4\u05de\u05e7\u05d3\u05e9<\/li>\n\n\n\n<li>Die verbotenen Opfer (7) \u2014 \u05d0\u05d9\u05e1\u05d5\u05e8\u05d9 \u05de\u05d6\u05d1\u05d7<\/li>\n\n\n\n<li>Das Opfern (19) \u2014 \u05de\u05e2\u05e9\u05d4 \u05d4\u05e7\u05e8\u05d1\u05e0\u05d5\u05ea<\/li>\n\n\n\n<li>Die st\u00e4ndigen Opfer und die Zus\u00e4tze (10) \u2014 \u05ea\u05de\u05d9\u05d3\u05d9\u05df \u05d5\u05de\u05d5\u05e1\u05e4\u05d9\u05df<\/li>\n\n\n\n<li>Das geheiligte Untaugliche (19) \u2014 \u05e4\u05e1\u05d5\u05dc\u05d9 \u05d4\u05de\u05d5\u05e7\u05d3\u05e9\u05d9\u05df<\/li>\n\n\n\n<li>Der Dienst am Vers\u00f6hnungstage (5) \u2014 \u05e2\u05d1\u05d5\u05d3\u05ea \u05d9\u05d5\u05dd \u05d4\u05db\u05d9\u05e4\u05d5\u05e8\u05d9\u05dd<\/li>\n\n\n\n<li>Der Missbrauch der Opfer (8) \u2014 \u05de\u05e2\u05d9\u05dc\u05d4<\/li>\n<\/ul>\n\n\n<div class=\"wp-block-image\">\n<figure class=\"aligncenter\"><img data-recalc-dims=\"1\" loading=\"lazy\" decoding=\"async\" width=\"127\" height=\"32\" src=\"https:\/\/i0.wp.com\/www.talmud.de\/tlmd\/wp-content\/uploads\/2016\/02\/absatz.png?resize=127%2C32&#038;ssl=1\" alt=\"\" class=\"wp-image-1945\"\/><\/figure><\/div>\n\n\n<center><strong>9. Das Buch der Opfer (45) \u2014 \u05e1\u05e4\u05e8 \u05d4\u05e7\u05e8\u05d1\u05e0\u05d5\u05ea<\/strong><\/center>\n\n\n\n<ul class=\"wp-block-list\">\n<li>Die Pessach Opfer (10) \u2014 \u05e7\u05e8\u05d1\u05df \u05e4\u05e1\u05d7<\/li>\n\n\n\n<li>Das Festopfer (3) \u2014 \u05d7\u05d2\u05d9\u05d2\u05d4<\/li>\n\n\n\n<li>Die Erstgeburt (8) \u2014 \u05d1\u05db\u05d5\u05e8\u05d5\u05ea<\/li>\n\n\n\n<li>Die Opfer f\u00fcr Verfehlungen (15) \u2014 \u05e9\u05d2\u05d2\u05d5\u05ea<\/li>\n\n\n\n<li>Der S\u00fchnemangelnde (5) \u2014 \u05de\u05d7\u05d5\u05e1\u05e8\u05d9 \u05db\u05e4\u05e8\u05d4<\/li>\n\n\n\n<li>Der Ersatz (4) \u2014 \u05ea\u05de\u05d5\u05e8\u05d4<\/li>\n<\/ul>\n\n\n<div class=\"wp-block-image\">\n<figure class=\"aligncenter\"><img data-recalc-dims=\"1\" loading=\"lazy\" decoding=\"async\" width=\"127\" height=\"32\" src=\"https:\/\/i0.wp.com\/www.talmud.de\/tlmd\/wp-content\/uploads\/2016\/02\/absatz.png?resize=127%2C32&#038;ssl=1\" alt=\"\" class=\"wp-image-1945\"\/><\/figure><\/div>\n\n\n<center><strong>10. Das Buch der Reinheit (144) \u2014 \u05e1\u05e4\u05e8 \u05d8\u05d4\u05e8\u05d4<\/strong><\/center>\n\n\n\n<ul class=\"wp-block-list\">\n<li>Die Unreinheit des Toten (25) \u2014 \u05d8\u05d5\u05de\u05d0\u05ea \u05de\u05ea<\/li>\n\n\n\n<li>Die rote Kuh (15) \u2014 \u05e4\u05e8\u05d4 \u05d0\u05d3\u05d5\u05de\u05d4<\/li>\n\n\n\n<li>Der Aussatz (16) \u2014 \u05d8\u05d5\u05de\u05d0\u05ea \u05e6\u05e8\u05e2\u05ea<\/li>\n\n\n\n<li>Die Unreinheit des Sitzens und Liegens (13) \u2014 \u05de\u05d8\u05de\u05d0\u05d9 \u05de\u05e9\u05db\u05d1 \u05d5\u05de\u05d5\u05e9\u05d1<\/li>\n\n\n\n<li>Die restlichen V\u00e4ter der Unreinheit (20) \u2014 \u05e9\u05d0\u05e8 \u05d0\u05d1\u05d5\u05ea \u05d4\u05d8\u05de\u05d0\u05d5\u05ea<\/li>\n\n\n\n<li>Die Unreinheit der Speisen (16) \u2014 \u05d8\u05d5\u05de\u05d0\u05ea \u05d0\u05d5\u05db\u05dc\u05d9\u05df<\/li>\n\n\n\n<li>Die Unreinheit der Gef\u00e4\u00dfe (28) \u2014 \u05db\u05dc\u05d9\u05dd<\/li>\n\n\n\n<li>Das Tauchbad (11) \u2014 \u05de\u05e7\u05d5\u05d5\u05ea<\/li>\n<\/ul>\n\n\n\n<center><strong>11. Das Buch der Sch\u00e4den (62) \u2014 \u05e1\u05e4\u05e8 \u05e0\u05d6\u05e7\u05d9\u05dd<\/strong><\/center>\n\n\n\n<ul class=\"wp-block-list\">\n<li>Die Geldentsch\u00e4digungen (14) \u2014 \u05e0\u05d6\u05e7\u05d9 \u05de\u05de\u05d5\u05df<\/li>\n\n\n\n<li>Der Diebstahl (9) \u2014 \u05d2\u05e0\u05d9\u05d1\u05d4<\/li>\n\n\n\n<li>Raub und verlorene Sachen (18) \u2014 \u05d2\u05d6\u05d9\u05dc\u05d4 \u05d5\u05d0\u05d1\u05d9\u05d3\u05d4<\/li>\n\n\n\n<li>Der Sch\u00e4diger (8) \u2014 \u05d7\u05d5\u05d1\u05dc \u05d5\u05de\u05d6\u05d9\u05e7<\/li>\n\n\n\n<li><img data-recalc-dims=\"1\" decoding=\"async\" src=\"https:\/\/i0.wp.com\/www.talmud.de\/tlmd\/wp-content\/uploads\/2016\/02\/hand_talmudde.png?w=840&#038;ssl=1\" alt=\"\" style=\"width: 25px;\"><a href=\"https:\/\/www.talmud.de\/tlmd\/totschlag\/\">Totschlag und Lebensgefahr (13) \u2014 \u05e8\u05d5\u05e6\u05d7 \u05d5\u05e9\u05de\u05d9\u05e8\u05ea \u05e0\u05e4\u05e9<\/a><\/li>\n<\/ul>\n\n\n\n<center><strong>12. Das Buch der Zueignung (75) \u2014 \u05e1\u05e4\u05e8 \u05e7\u05e0\u05d9\u05d9\u05df<\/strong><\/center>\n\n\n\n<ul class=\"wp-block-list\">\n<li>Der Verkauf (30) \u2014 \u05de\u05db\u05d9\u05e8\u05d4<\/li>\n\n\n\n<li>Erwerb und Schenkungen (12) \u2014 \u05d6\u05db\u05d9\u05d9\u05d4 \u05d5\u05de\u05ea\u05e0\u05d4<\/li>\n\n\n\n<li>Die Nachbarn (14) \u2014 \u05e9\u05db\u05e0\u05d9\u05dd<\/li>\n\n\n\n<li>Bevollm\u00e4chtigte und Gesch\u00e4ftspartner (10) \u2014 \u05e9\u05dc\u05d5\u05d7\u05d9\u05df \u05d5\u05e9\u05d5\u05ea\u05e4\u05d9\u05df<\/li>\n\n\n\n<li>Die Sklaven (9) \u2014 \u05e2\u05d1\u05d3\u05d9\u05dd<\/li>\n<\/ul>\n\n\n\n<center><strong>13. Das Buch der Prozesse (75) \u2014 \u05e1\u05e4\u05e8 \u05de\u05e9\u05e4\u05d8\u05d9\u05dd<\/strong><\/center>\n\n\n\n<ul class=\"wp-block-list\">\n<li>Die Mietsangelegenheiten (13) \u2014 \u05e9\u05db\u05d9\u05e8\u05d5\u05ea<\/li>\n\n\n\n<li>Geliehenes und Verwahrtes (8) \u2014 \u05e9\u05d0\u05dc\u05d4 \u05d5\u05e4\u05d9\u05e7\u05d3\u05d5\u05df<\/li>\n\n\n\n<li>Gl\u00e4ubiger und Schuldner (27) \u2014 \u05de\u05dc\u05d5\u05d5\u05d4 \u05d5\u05dc\u05d5\u05d5\u05d4<\/li>\n\n\n\n<li>Die Kl\u00e4ger und die Verklagten (16) \u2014 \u05d8\u05d5\u05e2\u05df \u05d5\u05e0\u05d8\u05e2\u05df<\/li>\n\n\n\n<li>Die Erbschaft (11) \u2014 \u05e0\u05d7\u05dc\u05d5\u05ea<\/li>\n<\/ul>\n\n\n\n<center><strong>14. Das Buch der Richter (81) \u2014 \u05e1\u05e4\u05e8 \u05e9\u05d5\u05e4\u05d8\u05d9\u05dd<\/strong><\/center>\n\n\n\n<ul class=\"wp-block-list\">\n<li><a href=\"https:\/\/www.talmud.de\/tlmd\/das-sanhedrin-und-die-strafen\/\">Das Sanhedrin und die Strafen (26) \u2014 \u05e1\u05e0\u05d4\u05d3\u05e8\u05d9\u05df \u05d5\u05d4\u05e2\u05d5\u05e0\u05e9\u05d9\u05df \u05d4\u05de\u05e1\u05d5\u05e8\u05d9\u05df \u05dc\u05d4\u05dd<\/a><\/li>\n\n\n\n<li>Die Zeugen (22) \u2014 \u05e2\u05d3\u05d5\u05ea<\/li>\n\n\n\n<li>Der Widerspenstige (7) \u2014 \u05de\u05de\u05e8\u05d9\u05dd<\/li>\n\n\n\n<li>Die Trauer um den Verstorbenen (14) \u2014 \u05d0\u05d1\u05dc<\/li>\n\n\n\n<li><img data-recalc-dims=\"1\" decoding=\"async\" src=\"https:\/\/i0.wp.com\/www.talmud.de\/tlmd\/wp-content\/uploads\/2016\/02\/hand_talmudde.png?w=840&#038;ssl=1\" alt=\"\" style=\"width: 25px;\"><a href=\"https:\/\/www.talmud.de\/tlmd\/melachim\/\">K\u00f6nige und Kriege (12) \u2014 \u05de\u05dc\u05db\u05d9\u05dd \u05d5\u05de\u05dc\u05d7\u05de\u05d5\u05ea<\/a><\/li>\n<\/ul>\n\n\n\n<p>Insgesamt 1000 Kapitel<\/p>\n\n\n\n<center><strong>Zur \u00dcbersetzung und Bearbeitung<\/strong><\/center>\n\n\n\n<p>Die \u00dcbersetzung erschien das erste Mal 1850 in Sankt Petersburg und wird hier \u00fcberarbeitet wiedergegeben. Die \u00dcbersetzung stammt von Leon (Arje-Leib) Mandelstam(m) (1819\u20131889). Mandelstam wurde in das Bildungsministerium \u00bbberufen\u00ab, f\u00fcr das er als \u00bbExperte\u00ab mit der Aufgabe betraut wurde, das j\u00fcdische Bildungssystem zu reformieren. Keine Aufgabe, die sich Mandelstam wirklich selber ausgesucht hat. Im Zuge dieser T\u00e4tigkeit fertigte er eine \u00dcbersetzung der Mischne Torah in die deutsche Sprache an. In der gedruckten Fassung fielen Teile davon durch Zensur weg. Diese wurden in der Fassung, wie sie hier zu finden ist, wieder eingef\u00fcgt. Insbesondere das Kapitel <a href=\"https:\/\/www.talmud.de\/tlmd\/melachim\/\">K\u00f6nige und Kriege \u2014 \u05de\u05dc\u05db\u05d9\u05dd \u05d5\u05de\u05dc\u05d7\u05de\u05d5\u05ea<\/a> ist in dieser Form in den meisten gedruckten Ausgaben nicht zu finden.<\/p>\n","protected":false},"excerpt":{"rendered":"<p>Die Mishneh Torah, auch bekannt als Jad HaChazakah (\u00bbDie starke Hand\u00ab), ist eines der strukturiertesten, umfassendsten und einflussreichsten Werke des j\u00fcdischen Rechts (nach dem Talmud nat\u00fcrlich). Dieses Kompendium, das \u00fcber einen Zeitraum von zehn Jahren verfasst von Maimonides wurde (zwischen 1170 und 1180), bietet eine systematische Kategorisierung und klare Erl\u00e4uterung aller Aspekte der Halachah. Eine \u00dcbersicht \u00fcber die Kapitel der Mischne Tora von Maimonides. Kapitel, denen die Hand vorangestellt ist, sind als \u00dcbersetzung verf\u00fcgbar. Die Liste der 613 Gebote und Verbote nach Maimonides Die Einleitung \u2014 \u05d4\u05e7\u05d3\u05de\u05d4 1. Das Buch der Erkenntnis (46 Kapitel) \u2014 \u05e1\u05e4\u05e8 \u05d4\u05de\u05d3\u05e2 2. Das Buch der Liebe (46) \u2014 \u05e1\u05e4\u05e8 \u05d0\u05d4\u05d1\u05d4 3. Das Buch der Zeiten (97) \u2014 \u05e1\u05e4\u05e8 \u05d6\u05de\u05e0\u05d9\u05dd 4. Das Buch der Frauen (53) \u2014 \u05e1\u05e4\u05e8 \u05e0\u05e9\u05d9\u05dd 5. Das Buch der Heiligkeit (53) \u2014 \u05e1\u05e4\u05e8 \u05e7\u05d3\u05d5\u05e9\u05d4 6. Das Buch der Gel\u00f6bnisse (43) \u2014 \u05e1\u05e4\u05e8 \u05d4\u05e4\u05dc\u05d0\u05d4 7. Das Buch der Saaten (85) \u2014 \u05e1\u05e4\u05e8 \u05d6\u05e8\u05e2\u05d9\u05dd 8. Das Buch des Tempeldienstes (95) \u2014 \u05e1\u05e4\u05e8 \u05e2\u05d1\u05d5\u05d3\u05d4 9. Das Buch der Opfer (45) \u2014 \u05e1\u05e4\u05e8 \u05d4\u05e7\u05e8\u05d1\u05e0\u05d5\u05ea 10. Das Buch der Reinheit (144) &hellip;<\/p>\n","protected":false},"author":32,"featured_media":3319,"parent":0,"menu_order":0,"comment_status":"closed","ping_status":"closed","template":"","meta":{"_themeisle_gutenberg_block_has_review":false,"footnotes":""},"class_list":["post-3203","page","type-page","status-publish","has-post-thumbnail","hentry"],"jetpack_sharing_enabled":true,"_links":{"self":[{"href":"https:\/\/www.talmud.de\/tlmd\/wp-json\/wp\/v2\/pages\/3203","targetHints":{"allow":["GET"]}}],"collection":[{"href":"https:\/\/www.talmud.de\/tlmd\/wp-json\/wp\/v2\/pages"}],"about":[{"href":"https:\/\/www.talmud.de\/tlmd\/wp-json\/wp\/v2\/types\/page"}],"author":[{"embeddable":true,"href":"https:\/\/www.talmud.de\/tlmd\/wp-json\/wp\/v2\/users\/32"}],"replies":[{"embeddable":true,"href":"https:\/\/www.talmud.de\/tlmd\/wp-json\/wp\/v2\/comments?post=3203"}],"version-history":[{"count":1,"href":"https:\/\/www.talmud.de\/tlmd\/wp-json\/wp\/v2\/pages\/3203\/revisions"}],"predecessor-version":[{"id":10112,"href":"https:\/\/www.talmud.de\/tlmd\/wp-json\/wp\/v2\/pages\/3203\/revisions\/10112"}],"wp:featuredmedia":[{"embeddable":true,"href":"https:\/\/www.talmud.de\/tlmd\/wp-json\/wp\/v2\/media\/3319"}],"wp:attachment":[{"href":"https:\/\/www.talmud.de\/tlmd\/wp-json\/wp\/v2\/media?parent=3203"}],"curies":[{"name":"wp","href":"https:\/\/api.w.org\/{rel}","templated":true}]}}