{"id":4664,"date":"2019-06-12T14:49:27","date_gmt":"2019-06-12T12:49:27","guid":{"rendered":"https:\/\/www.talmud.de\/tlmd\/?page_id=4664"},"modified":"2025-07-01T09:15:14","modified_gmt":"2025-07-01T07:15:14","slug":"tischa-beaw","status":"publish","type":"page","link":"https:\/\/www.talmud.de\/tlmd\/tischa-beaw\/","title":{"rendered":"Tischa beAw"},"content":{"rendered":"\n<p class=\"has-very-light-gray-background-color has-background\">Tischa beAw (Hebr\u00e4isch \u05ea\u05e9\u05e2\u05d4 \u05d1\u05d0\u05d1), das ist der neunte Tag des Monats Aw. Er ist ein Fasten und Trauertag. Er ist der Abschluss einer dreiw\u00f6chigen Trauerzeit. An ihm wurden der erste und der zweite Tempel zerst\u00f6rt. W\u00e4hrend des Abend- und Morgengebets werden \u00bbKinnot\u00ab gelesen.<\/p>\n\n\n<div class=\"wp-block-image\">\n<figure class=\"aligncenter\"><img data-recalc-dims=\"1\" loading=\"lazy\" decoding=\"async\" width=\"840\" height=\"560\" src=\"https:\/\/i0.wp.com\/www.talmud.de\/tlmd\/wp-content\/uploads\/2013\/11\/tischa_beAw_titel2.jpg?resize=840%2C560&#038;ssl=1\" alt=\"\" class=\"wp-image-2398\" srcset=\"https:\/\/i0.wp.com\/www.talmud.de\/tlmd\/wp-content\/uploads\/2013\/11\/tischa_beAw_titel2.jpg?resize=1024%2C683&amp;ssl=1 1024w, https:\/\/i0.wp.com\/www.talmud.de\/tlmd\/wp-content\/uploads\/2013\/11\/tischa_beAw_titel2.jpg?resize=300%2C200&amp;ssl=1 300w, https:\/\/i0.wp.com\/www.talmud.de\/tlmd\/wp-content\/uploads\/2013\/11\/tischa_beAw_titel2.jpg?resize=768%2C512&amp;ssl=1 768w, https:\/\/i0.wp.com\/www.talmud.de\/tlmd\/wp-content\/uploads\/2013\/11\/tischa_beAw_titel2.jpg?resize=840%2C560&amp;ssl=1 840w, https:\/\/i0.wp.com\/www.talmud.de\/tlmd\/wp-content\/uploads\/2013\/11\/tischa_beAw_titel2.jpg?w=1200&amp;ssl=1 1200w\" sizes=\"auto, (max-width: 840px) 100vw, 840px\" \/><\/figure><\/div>\n\n\n\n\n\n<h2 class=\"wp-block-heading\">Texte \u00fcber Tischa beAw<\/h2>\n\n\n\n<ul class=\"wp-block-list\">\n<li><strong><a href=\"https:\/\/www.talmud.de\/tlmd\/tischa-beav-und-die-drei-vorausgehenden-wochen\/\">Tischa beAv und die drei vorausgehenden Wochen<\/a><\/strong><\/li>\n<\/ul>\n\n\n\n<h2 class=\"wp-block-heading\">Texte und Quellen<\/h2>\n\n\n\n<h3 class=\"wp-block-heading\">Halachische Texte<\/h3>\n\n\n\n<ul class=\"wp-block-list\">\n<li><strong><a href=\"https:\/\/www.talmud.de\/tlmd\/kitzur-schulchan-aruch-siman-123-vorschriften-fuer-erew-tischa-beaw\/\">Kitzur Schulchan Aruch \u2013 Siman 123<\/a><\/strong>: Vorschriften f\u00fcr Erew Tischa be\u2019Aw &#8211; Aus dem Kitzur Schulchan Aruch<\/li>\n<\/ul>\n\n\n\n<h3 class=\"wp-block-heading\">Gebete\/Kinnot<\/h3>\n\n\n\n<ul class=\"wp-block-list\">\n<li><strong><a href=\"https:\/\/www.talmud.de\/tlmd\/kinnot-fuer-tischa-beaw-am-morgen\/\">Die Kinnot f\u00fcr den Morgen von Tischa beAw<\/a><\/strong><\/li>\n\n\n\n<li><strong><a href=\"https:\/\/www.talmud.de\/tlmd\/esch-tukad-wie-feuer-lodert-es\/\">Esch Tukad \u2013 wie Feuer lodert es<\/a><\/strong> &#8211; Eine <em>Kinah<\/em> von Tischa beAw in deutscher \u00dcbersetzung<\/li>\n\n\n\n<li><a href=\"https:\/\/www.talmud.de\/tlmd\/ejchah-buch\/\" data-type=\"post\" data-id=\"7559\"><strong>Ejchah \u2013 Klagelieder<\/strong><\/a> in Buchform, in einer modernen deutschen \u00dcbersetzung mit integriertem Kommentar (als PDF)<\/li>\n\n\n\n<li><strong><a href=\"https:\/\/www.talmud.de\/tlmd\/tanach\/ejchah-klagelieder\/\">Ejchah \u2013 Klagelieder<\/a><\/strong> in deutscher \u00dcbersetzung<\/li>\n\n\n\n<li><strong><a href=\"https:\/\/www.talmud.de\/tlmd\/ejchah-klagelieder\/\">Ejchah<\/a><\/strong> mit Erkl\u00e4rungen<\/li>\n<\/ul>\n","protected":false},"excerpt":{"rendered":"<p>Tischa beAw (Hebr\u00e4isch \u05ea\u05e9\u05e2\u05d4 \u05d1\u05d0\u05d1), das ist der neunte Tag des Monats Aw. Er ist ein Fasten und Trauertag. Er ist der Abschluss einer dreiw\u00f6chigen Trauerzeit. An ihm wurden der erste und der zweite Tempel zerst\u00f6rt. W\u00e4hrend des Abend- und Morgengebets werden \u00bbKinnot\u00ab gelesen. Texte \u00fcber Tischa beAw Texte und Quellen Halachische Texte Gebete\/Kinnot<\/p>\n","protected":false},"author":1,"featured_media":2398,"parent":0,"menu_order":0,"comment_status":"closed","ping_status":"closed","template":"","meta":{"_themeisle_gutenberg_block_has_review":false,"footnotes":""},"class_list":["post-4664","page","type-page","status-publish","has-post-thumbnail","hentry"],"jetpack_sharing_enabled":true,"_links":{"self":[{"href":"https:\/\/www.talmud.de\/tlmd\/wp-json\/wp\/v2\/pages\/4664","targetHints":{"allow":["GET"]}}],"collection":[{"href":"https:\/\/www.talmud.de\/tlmd\/wp-json\/wp\/v2\/pages"}],"about":[{"href":"https:\/\/www.talmud.de\/tlmd\/wp-json\/wp\/v2\/types\/page"}],"author":[{"embeddable":true,"href":"https:\/\/www.talmud.de\/tlmd\/wp-json\/wp\/v2\/users\/1"}],"replies":[{"embeddable":true,"href":"https:\/\/www.talmud.de\/tlmd\/wp-json\/wp\/v2\/comments?post=4664"}],"version-history":[{"count":2,"href":"https:\/\/www.talmud.de\/tlmd\/wp-json\/wp\/v2\/pages\/4664\/revisions"}],"predecessor-version":[{"id":10153,"href":"https:\/\/www.talmud.de\/tlmd\/wp-json\/wp\/v2\/pages\/4664\/revisions\/10153"}],"wp:featuredmedia":[{"embeddable":true,"href":"https:\/\/www.talmud.de\/tlmd\/wp-json\/wp\/v2\/media\/2398"}],"wp:attachment":[{"href":"https:\/\/www.talmud.de\/tlmd\/wp-json\/wp\/v2\/media?parent=4664"}],"curies":[{"name":"wp","href":"https:\/\/api.w.org\/{rel}","templated":true}]}}