{"id":5125,"date":"2020-05-06T14:05:34","date_gmt":"2020-05-06T12:05:34","guid":{"rendered":"https:\/\/www.talmud.de\/tlmd\/?page_id=5125"},"modified":"2020-05-13T15:35:11","modified_gmt":"2020-05-13T13:35:11","slug":"erzaehlungen-des-talmuds-ejn-jaakow","status":"publish","type":"page","link":"https:\/\/www.talmud.de\/tlmd\/talmud-uebersetzung\/erzaehlungen-des-talmuds-ejn-jaakow\/","title":{"rendered":"Erz\u00e4hlungen des Talmuds &#8211; Ejn Ja\u2019akow"},"content":{"rendered":"\n<p>Die Erz\u00e4hlungen des Talmuds, die <em>Aggadah<\/em>. <em>Aggadah<\/em> bedeutet Sage oder Erz\u00e4hlung und umfasst im Gegensatz zur <em>Halachah<\/em>, der \u00bbRechtsnorm\u00ab, alle Lehrstoffe, die keine gesetzlich bindende Kraft haben.<\/p>\n\n\n\n<div class=\"wp-block-image size-thumbnail wp-image-1163\"><figure class=\"alignleft\"><img data-recalc-dims=\"1\" loading=\"lazy\" decoding=\"async\" width=\"150\" height=\"150\" src=\"https:\/\/i0.wp.com\/www.talmud.de\/tlmd\/wp-content\/uploads\/2015\/02\/ejnjaakow4.png?resize=150%2C150&#038;ssl=1\" alt=\"\" class=\"wp-image-1163\" srcset=\"https:\/\/i0.wp.com\/www.talmud.de\/tlmd\/wp-content\/uploads\/2015\/02\/ejnjaakow4.png?resize=150%2C150&amp;ssl=1 150w, https:\/\/i0.wp.com\/www.talmud.de\/tlmd\/wp-content\/uploads\/2015\/02\/ejnjaakow4.png?w=200&amp;ssl=1 200w\" sizes=\"auto, (max-width: 150px) 100vw, 150px\" \/><figcaption>Ejn Jaakow &#8211; die Erz\u00e4hlungen aus dem Talmud<\/figcaption><\/figure><\/div>\n\n\n\n<p>Eine \u00bbpopul\u00e4re\u00ab Aufbereitung des Talmuds unternahm Ja\u2019akow ben Schlomoh Habib (1450-1516), der aus Zamora in Spanien stammte. <br>Nach der Vertreibung der Juden aus Spanien 1492 ging der nach Thessaloniki und fasste dort den <em><a href=\"https:\/\/www.talmud.de\/tlmd\/was-ist-der-talmud\/\">aggadischen<\/a><\/em> Teil des Talmuds, also den \u00bberz\u00e4hlenden\u00ab Teil, in einem Werk namens \u00bb<em>Ejn Ja\u2019akow<\/em>\u00ab \u05e2\u05d9\u05df \u05d9\u05e2\u05e7\u05d1\u200e (Brunnen Ja\u2019akows) zusammen. Nun hatten die Leser die M\u00f6glichkeit, sich ausschlie\u00dflich die Erz\u00e4hlungen aus dem Talmud zu erschlie\u00dfen. Heute erfreuen sich zusammenfassende Werke der <em>Aggadah<\/em> wieder zunehmender Beliebtheit. Nat\u00fcrlich wurden auch Werke zusammengestellt, um nur die <em>Halachah<\/em> des Talmuds zusammenzufassen.<br>Der Inhalt auf diesen Seiten ist <em>keine <\/em>direkte Wiedergabe von <em>Ejn Ja&#8217;akow<\/em>, sondern bringt ausschlie\u00dflich das aggadische Material, so wie es auch in <em>Ejn Ja&#8217;akow<\/em> getan wurde. <br>Eine ausf\u00fchrliche Antwort auf die Frage<a href=\"https:\/\/www.talmud.de\/tlmd\/was-ist-die-aggadah\/\"> \u00bbWas ist die Agadah\u00ab gibt Rabbiner Hamburger hier<\/a>.<\/p>\n\n\n\n<p>Eine Auswahl an <em>aggadischen<\/em> Elementen findet man im jeweiligen Traktat\/<em>Massechet<\/em>.<\/p>\n\n\n\n<ul class=\"wp-block-list\"><li><strong><a href=\"https:\/\/www.talmud.de\/tlmd\/talmud-uebersetzung\/erzaehlungen-des-talmuds-ejn-jaakow\/erzaehlungen-des-talmuds-ejn-jaakow-berachot\/\">Berachot<\/a><\/strong><\/li><li><strong><a href=\"https:\/\/www.talmud.de\/tlmd\/talmud-uebersetzung\/erzaehlungen-des-talmuds-ejn-jaakow\/erzaehlungen-des-talmuds-ejn-jaakow-schabbat\/\">Schabbat<\/a><\/strong><\/li><li><strong><a href=\"https:\/\/www.talmud.de\/tlmd\/talmud-uebersetzung\/erzaehlungen-des-talmuds-ejn-jaakow\/erzaehlungen-des-talmuds-ejn-jaakow-sanhedrin\/\">Sanhedrin<\/a><\/strong><\/li><li><strong><a href=\"https:\/\/www.talmud.de\/tlmd\/talmud-uebersetzung\/erzaehlungen-des-talmuds-ejn-jaakow\/erzaehlungen-des-talmuds-ejn-jaakow-chullin\/\">Chullin<\/a><\/strong><\/li><\/ul>\n\n\n\n<h2 class=\"wp-block-heading\">Talmud Jeruschalmi<\/h2>\n\n\n\n<ul class=\"wp-block-list\"><li><strong><a href=\"https:\/\/www.talmud.de\/tlmd\/gebet-nach-einem-boesen-traum-talmud-jeruschalmi-berachot-51\/\">Gebet nach einem b\u00f6sen Traum \u2013 Talmud Jeruschalmi Berachot 5,1<\/a><\/strong><\/li><\/ul>\n","protected":false},"excerpt":{"rendered":"<p>Die Erz\u00e4hlungen des Talmuds, die Aggadah. Aggadah bedeutet Sage oder Erz\u00e4hlung und umfasst im Gegensatz zur Halachah, der \u00bbRechtsnorm\u00ab, alle Lehrstoffe, die keine gesetzlich bindende Kraft haben. Eine \u00bbpopul\u00e4re\u00ab Aufbereitung des Talmuds unternahm Ja\u2019akow ben Schlomoh Habib (1450-1516), der aus Zamora in Spanien stammte. Nach der Vertreibung der Juden aus Spanien 1492 ging der nach Thessaloniki und fasste dort den aggadischen Teil des Talmuds, also den \u00bberz\u00e4hlenden\u00ab Teil, in einem Werk namens \u00bbEjn Ja\u2019akow\u00ab \u05e2\u05d9\u05df \u05d9\u05e2\u05e7\u05d1\u200e (Brunnen Ja\u2019akows) zusammen. Nun hatten die Leser die M\u00f6glichkeit, sich ausschlie\u00dflich die Erz\u00e4hlungen aus dem Talmud zu erschlie\u00dfen. Heute erfreuen sich zusammenfassende Werke der Aggadah wieder zunehmender Beliebtheit. Nat\u00fcrlich wurden auch Werke zusammengestellt, um nur die Halachah des Talmuds zusammenzufassen.Der Inhalt auf diesen Seiten ist keine direkte Wiedergabe von Ejn Ja&#8217;akow, sondern bringt ausschlie\u00dflich das aggadische Material, so wie es auch in Ejn Ja&#8217;akow getan wurde. Eine ausf\u00fchrliche Antwort auf die Frage \u00bbWas ist die Agadah\u00ab gibt Rabbiner Hamburger hier. Eine Auswahl an aggadischen Elementen findet man im jeweiligen Traktat\/Massechet. Berachot Schabbat Sanhedrin Chullin Talmud Jeruschalmi Gebet nach einem &hellip;<\/p>\n","protected":false},"author":1,"featured_media":0,"parent":4213,"menu_order":0,"comment_status":"closed","ping_status":"closed","template":"","meta":{"_themeisle_gutenberg_block_has_review":false,"footnotes":""},"class_list":["post-5125","page","type-page","status-publish","hentry"],"jetpack_sharing_enabled":true,"_links":{"self":[{"href":"https:\/\/www.talmud.de\/tlmd\/wp-json\/wp\/v2\/pages\/5125","targetHints":{"allow":["GET"]}}],"collection":[{"href":"https:\/\/www.talmud.de\/tlmd\/wp-json\/wp\/v2\/pages"}],"about":[{"href":"https:\/\/www.talmud.de\/tlmd\/wp-json\/wp\/v2\/types\/page"}],"author":[{"embeddable":true,"href":"https:\/\/www.talmud.de\/tlmd\/wp-json\/wp\/v2\/users\/1"}],"replies":[{"embeddable":true,"href":"https:\/\/www.talmud.de\/tlmd\/wp-json\/wp\/v2\/comments?post=5125"}],"version-history":[{"count":2,"href":"https:\/\/www.talmud.de\/tlmd\/wp-json\/wp\/v2\/pages\/5125\/revisions"}],"predecessor-version":[{"id":5703,"href":"https:\/\/www.talmud.de\/tlmd\/wp-json\/wp\/v2\/pages\/5125\/revisions\/5703"}],"up":[{"embeddable":true,"href":"https:\/\/www.talmud.de\/tlmd\/wp-json\/wp\/v2\/pages\/4213"}],"wp:attachment":[{"href":"https:\/\/www.talmud.de\/tlmd\/wp-json\/wp\/v2\/media?parent=5125"}],"curies":[{"name":"wp","href":"https:\/\/api.w.org\/{rel}","templated":true}]}}