{"id":7334,"date":"2021-04-16T14:20:36","date_gmt":"2021-04-16T12:20:36","guid":{"rendered":"https:\/\/www.talmud.de\/tlmd\/?page_id=7334"},"modified":"2021-04-18T20:28:48","modified_gmt":"2021-04-18T18:28:48","slug":"sukka","status":"publish","type":"page","link":"https:\/\/www.talmud.de\/tlmd\/talmud-uebersetzung\/sukka\/","title":{"rendered":"Traktat Sukka \u2013 Massechet Sukka"},"content":{"rendered":"\n<figure class=\"wp-block-image size-large\"><img data-recalc-dims=\"1\" loading=\"lazy\" decoding=\"async\" width=\"840\" height=\"436\" src=\"https:\/\/i0.wp.com\/www.talmud.de\/tlmd\/wp-content\/uploads\/2021\/04\/Sukkah_titel.jpg?resize=840%2C436&#038;ssl=1\" alt=\"\" class=\"wp-image-7335\" srcset=\"https:\/\/i0.wp.com\/www.talmud.de\/tlmd\/wp-content\/uploads\/2021\/04\/Sukkah_titel.jpg?resize=1024%2C531&amp;ssl=1 1024w, https:\/\/i0.wp.com\/www.talmud.de\/tlmd\/wp-content\/uploads\/2021\/04\/Sukkah_titel.jpg?resize=300%2C155&amp;ssl=1 300w, https:\/\/i0.wp.com\/www.talmud.de\/tlmd\/wp-content\/uploads\/2021\/04\/Sukkah_titel.jpg?resize=768%2C398&amp;ssl=1 768w, https:\/\/i0.wp.com\/www.talmud.de\/tlmd\/wp-content\/uploads\/2021\/04\/Sukkah_titel.jpg?w=1100&amp;ssl=1 1100w\" sizes=\"auto, (max-width: 840px) 100vw, 840px\" \/><\/figure>\n\n\n\n<p class=\"has-drop-cap\">Sukkah (\u05de\u05b7\u05e1\u05b6\u05bc\u05db\u05b6\u05ea \u05e1\u05bb\u05db\u05b8\u05bc\u05d4) (Laubh\u00fctte &#8211; Plural: Sukkot) behandelt das Fest Sukkot (das sog. \u00bbLaubh\u00fcttenfest\u00ab) und die Sukkah an sich.<br>Es befasst sich auch mit den vier Arten (Lulaw, Etrog, Hadass, Arawah &#8211; Palmzweig, Zitrone, Myrte, Weide), die an Sukkot gesch\u00fcttelt werden. In den Kapiteln 4 und 5 werden die Br\u00e4uche von Sukkot zur Zeit des Zweiten Tempels beschrieben. Sukkah hat f\u00fcnf Kapitel. <br>Hier in der deutschen <a href=\"https:\/\/www.talmud.de\/tlmd\/talmud-uebersetzung\/\"><strong>\u00dcbersetzung von Lazarus Goldschmidt<\/strong><\/a>.<\/p>\n\n\n\n<h2 class=\"wp-block-heading\">\u00dcbersetzung<\/h2>\n\n\n\n<h3 class=\"wp-block-heading\">Kapitel 1<\/h3>\n\n\n\n<a class=\"dafLink\" href=\"https:\/\/www.talmud.de\/tlmd\/talmud-uebersetzung\/sukka\/sukka-kapitel-1\/#blatt-2a\">2a<\/a> \n<a class=\"dafLink\" href=\"https:\/\/www.talmud.de\/tlmd\/talmud-uebersetzung\/sukka\/sukka-kapitel-1\/#blatt-2b\">2b<\/a> \n<a class=\"dafLink\" href=\"https:\/\/www.talmud.de\/tlmd\/talmud-uebersetzung\/sukka\/sukka-kapitel-1\/#blatt-3a\">3a<\/a> \n<a class=\"dafLink\" href=\"https:\/\/www.talmud.de\/tlmd\/talmud-uebersetzung\/sukka\/sukka-kapitel-1\/#blatt-3b\">3b<\/a> \n<a class=\"dafLink\" href=\"https:\/\/www.talmud.de\/tlmd\/talmud-uebersetzung\/sukka\/sukka-kapitel-1\/#blatt-4a\">4a<\/a> \n<a class=\"dafLink\" href=\"https:\/\/www.talmud.de\/tlmd\/talmud-uebersetzung\/sukka\/sukka-kapitel-1\/#blatt-4b\">4b<\/a> \n<a class=\"dafLink\" href=\"https:\/\/www.talmud.de\/tlmd\/talmud-uebersetzung\/sukka\/sukka-kapitel-1\/#blatt-5a\">5a<\/a> \n<a class=\"dafLink\" href=\"https:\/\/www.talmud.de\/tlmd\/talmud-uebersetzung\/sukka\/sukka-kapitel-1\/#blatt-5b\">5b<\/a> \n<a class=\"dafLink\" href=\"https:\/\/www.talmud.de\/tlmd\/talmud-uebersetzung\/sukka\/sukka-kapitel-1\/#blatt-6a\">6a<\/a> \n<a class=\"dafLink\" href=\"https:\/\/www.talmud.de\/tlmd\/talmud-uebersetzung\/sukka\/sukka-kapitel-1\/#blatt-6b\">6b<\/a> \n<a class=\"dafLink\" href=\"https:\/\/www.talmud.de\/tlmd\/talmud-uebersetzung\/sukka\/sukka-kapitel-1\/#blatt-7a\">7a<\/a> \n<a class=\"dafLink\" href=\"https:\/\/www.talmud.de\/tlmd\/talmud-uebersetzung\/sukka\/sukka-kapitel-1\/#blatt-7b\">7b<\/a> \n<a class=\"dafLink\" href=\"https:\/\/www.talmud.de\/tlmd\/talmud-uebersetzung\/sukka\/sukka-kapitel-1\/#blatt-8a\">8a<\/a> \n<a class=\"dafLink\" href=\"https:\/\/www.talmud.de\/tlmd\/talmud-uebersetzung\/sukka\/sukka-kapitel-1\/#blatt-8b\">8b<\/a> \n<a class=\"dafLink\" href=\"https:\/\/www.talmud.de\/tlmd\/talmud-uebersetzung\/sukka\/sukka-kapitel-1\/#blatt-9a\">9a<\/a> \n<a class=\"dafLink\" href=\"https:\/\/www.talmud.de\/tlmd\/talmud-uebersetzung\/sukka\/sukka-kapitel-1\/#blatt-9b\">9b<\/a> \n<a class=\"dafLink\" href=\"https:\/\/www.talmud.de\/tlmd\/talmud-uebersetzung\/sukka\/sukka-kapitel-1\/#blatt-10a\">10a<\/a> \n<a class=\"dafLink\" href=\"https:\/\/www.talmud.de\/tlmd\/talmud-uebersetzung\/sukka\/sukka-kapitel-1\/#blatt-10b\">10b<\/a> \n<a class=\"dafLink\" href=\"https:\/\/www.talmud.de\/tlmd\/talmud-uebersetzung\/sukka\/sukka-kapitel-1\/#blatt-11a\">11a<\/a> \n<a class=\"dafLink\" href=\"https:\/\/www.talmud.de\/tlmd\/talmud-uebersetzung\/sukka\/sukka-kapitel-1\/#blatt-11b\">11b<\/a> \n<a class=\"dafLink\" href=\"https:\/\/www.talmud.de\/tlmd\/talmud-uebersetzung\/sukka\/sukka-kapitel-1\/#blatt-12a\">12a<\/a> \n<a class=\"dafLink\" href=\"https:\/\/www.talmud.de\/tlmd\/talmud-uebersetzung\/sukka\/sukka-kapitel-1\/#blatt-12b\">12b<\/a> \n<a class=\"dafLink\" href=\"https:\/\/www.talmud.de\/tlmd\/talmud-uebersetzung\/sukka\/sukka-kapitel-1\/#blatt-13a\">13a<\/a> \n<a class=\"dafLink\" href=\"https:\/\/www.talmud.de\/tlmd\/talmud-uebersetzung\/sukka\/sukka-kapitel-1\/#blatt-13b\">13b<\/a> \n<a class=\"dafLink\" href=\"https:\/\/www.talmud.de\/tlmd\/talmud-uebersetzung\/sukka\/sukka-kapitel-1\/#blatt-14a\">14a<\/a> \n<a class=\"dafLink\" href=\"https:\/\/www.talmud.de\/tlmd\/talmud-uebersetzung\/sukka\/sukka-kapitel-1\/#blatt-14b\">14b<\/a> \n<a class=\"dafLink\" href=\"https:\/\/www.talmud.de\/tlmd\/talmud-uebersetzung\/sukka\/sukka-kapitel-1\/#blatt-15a\">15a<\/a> \n<a class=\"dafLink\" href=\"https:\/\/www.talmud.de\/tlmd\/talmud-uebersetzung\/sukka\/sukka-kapitel-1\/#blatt-15b\">15b<\/a> \n<a class=\"dafLink\" href=\"https:\/\/www.talmud.de\/tlmd\/talmud-uebersetzung\/sukka\/sukka-kapitel-1\/#blatt-16a\">16a<\/a> \n<a class=\"dafLink\" href=\"https:\/\/www.talmud.de\/tlmd\/talmud-uebersetzung\/sukka\/sukka-kapitel-1\/#blatt-16b\">16b<\/a> \n<a class=\"dafLink\" href=\"https:\/\/www.talmud.de\/tlmd\/talmud-uebersetzung\/sukka\/sukka-kapitel-1\/#blatt-17a\">17a<\/a> \n<a class=\"dafLink\" href=\"https:\/\/www.talmud.de\/tlmd\/talmud-uebersetzung\/sukka\/sukka-kapitel-1\/#blatt-17b\">17b<\/a> \n<a class=\"dafLink\" href=\"https:\/\/www.talmud.de\/tlmd\/talmud-uebersetzung\/sukka\/sukka-kapitel-1\/#blatt-18a\">18a<\/a> \n<a class=\"dafLink\" href=\"https:\/\/www.talmud.de\/tlmd\/talmud-uebersetzung\/sukka\/sukka-kapitel-1\/#blatt-18b\">18b<\/a> \n<a class=\"dafLink\" href=\"https:\/\/www.talmud.de\/tlmd\/talmud-uebersetzung\/sukka\/sukka-kapitel-1\/#blatt-19a\">19a<\/a> \n<a class=\"dafLink\" href=\"https:\/\/www.talmud.de\/tlmd\/talmud-uebersetzung\/sukka\/sukka-kapitel-1\/#blatt-19b\">19b<\/a> \n<a class=\"dafLink\" href=\"https:\/\/www.talmud.de\/tlmd\/talmud-uebersetzung\/sukka\/sukka-kapitel-1\/#blatt-20a\">20a<\/a> \n<a class=\"dafLink\" href=\"https:\/\/www.talmud.de\/tlmd\/talmud-uebersetzung\/sukka\/sukka-kapitel-1\/#blatt-20b\">20b<\/a>\n\n\n\n<h3 class=\"wp-block-heading\">Kapitel 2<\/h3>\n\n\n\n<a class=\"dafLink\" href=\"https:\/\/www.talmud.de\/tlmd\/talmud-uebersetzung\/sukka\/sukka-kapitel-2\/#blatt-20b\">20b<\/a> \n<a class=\"dafLink\" href=\"https:\/\/www.talmud.de\/tlmd\/talmud-uebersetzung\/sukka\/sukka-kapitel-2\/#blatt-21a\">21a<\/a> \n<a class=\"dafLink\" href=\"https:\/\/www.talmud.de\/tlmd\/talmud-uebersetzung\/sukka\/sukka-kapitel-2\/#blatt-21b\">21b<\/a> \n<a class=\"dafLink\" href=\"https:\/\/www.talmud.de\/tlmd\/talmud-uebersetzung\/sukka\/sukka-kapitel-2\/#blatt-22a\">22a<\/a> \n<a class=\"dafLink\" href=\"https:\/\/www.talmud.de\/tlmd\/talmud-uebersetzung\/sukka\/sukka-kapitel-2\/#blatt-22b\">22b<\/a> \n<a class=\"dafLink\" href=\"https:\/\/www.talmud.de\/tlmd\/talmud-uebersetzung\/sukka\/sukka-kapitel-2\/#blatt-23a\">23a<\/a> \n<a class=\"dafLink\" href=\"https:\/\/www.talmud.de\/tlmd\/talmud-uebersetzung\/sukka\/sukka-kapitel-2\/#blatt-23b\">23b<\/a> \n<a class=\"dafLink\" href=\"https:\/\/www.talmud.de\/tlmd\/talmud-uebersetzung\/sukka\/sukka-kapitel-2\/#blatt-24a\">24a<\/a> \n<a class=\"dafLink\" href=\"https:\/\/www.talmud.de\/tlmd\/talmud-uebersetzung\/sukka\/sukka-kapitel-2\/#blatt-24b\">24b<\/a> \n<a class=\"dafLink\" href=\"https:\/\/www.talmud.de\/tlmd\/talmud-uebersetzung\/sukka\/sukka-kapitel-2\/#blatt-25a\">25a<\/a> \n<a class=\"dafLink\" href=\"https:\/\/www.talmud.de\/tlmd\/talmud-uebersetzung\/sukka\/sukka-kapitel-2\/#blatt-25b\">25b<\/a> \n<a class=\"dafLink\" href=\"https:\/\/www.talmud.de\/tlmd\/talmud-uebersetzung\/sukka\/sukka-kapitel-2\/#blatt-26a\">26a<\/a> \n<a class=\"dafLink\" href=\"https:\/\/www.talmud.de\/tlmd\/talmud-uebersetzung\/sukka\/sukka-kapitel-2\/#blatt-26b\">26b<\/a> \n<a class=\"dafLink\" href=\"https:\/\/www.talmud.de\/tlmd\/talmud-uebersetzung\/sukka\/sukka-kapitel-2\/#blatt-27a\">27a<\/a> \n<a class=\"dafLink\" href=\"https:\/\/www.talmud.de\/tlmd\/talmud-uebersetzung\/sukka\/sukka-kapitel-2\/#blatt-27b\">27b<\/a> \n<a class=\"dafLink\" href=\"https:\/\/www.talmud.de\/tlmd\/talmud-uebersetzung\/sukka\/sukka-kapitel-2\/#blatt-28a\">28a<\/a> \n<a class=\"dafLink\" href=\"https:\/\/www.talmud.de\/tlmd\/talmud-uebersetzung\/sukka\/sukka-kapitel-2\/#blatt-28b\">28b<\/a> \n<a class=\"dafLink\" href=\"https:\/\/www.talmud.de\/tlmd\/talmud-uebersetzung\/sukka\/sukka-kapitel-2\/#blatt-29a\">29a<\/a> \n<a class=\"dafLink\" href=\"https:\/\/www.talmud.de\/tlmd\/talmud-uebersetzung\/sukka\/sukka-kapitel-2\/#blatt-29b\">29b<\/a>\n\n\n\n<h3 class=\"wp-block-heading\">Kapitel 3<\/h3>\n\n\n\n<a class=\"dafLink\" href=\"https:\/\/www.talmud.de\/tlmd\/talmud-uebersetzung\/sukka\/sukka-kapitel-3\/#blatt-29b\">29b<\/a> \n<a class=\"dafLink\" href=\"https:\/\/www.talmud.de\/tlmd\/talmud-uebersetzung\/sukka\/sukka-kapitel-3\/#blatt-30a\">30a<\/a> \n<a class=\"dafLink\" href=\"https:\/\/www.talmud.de\/tlmd\/talmud-uebersetzung\/sukka\/sukka-kapitel-3\/#blatt-30b\">30b<\/a> \n<a class=\"dafLink\" href=\"https:\/\/www.talmud.de\/tlmd\/talmud-uebersetzung\/sukka\/sukka-kapitel-3\/#blatt-31a\">31a<\/a> \n<a class=\"dafLink\" href=\"https:\/\/www.talmud.de\/tlmd\/talmud-uebersetzung\/sukka\/sukka-kapitel-3\/#blatt-31b\">31b<\/a> \n<a class=\"dafLink\" href=\"https:\/\/www.talmud.de\/tlmd\/talmud-uebersetzung\/sukka\/sukka-kapitel-3\/#blatt-32a\">32a<\/a> \n<a class=\"dafLink\" href=\"https:\/\/www.talmud.de\/tlmd\/talmud-uebersetzung\/sukka\/sukka-kapitel-3\/#blatt-32b\">32b<\/a> \n<a class=\"dafLink\" href=\"https:\/\/www.talmud.de\/tlmd\/talmud-uebersetzung\/sukka\/sukka-kapitel-3\/#blatt-33a\">33a<\/a> \n<a class=\"dafLink\" href=\"https:\/\/www.talmud.de\/tlmd\/talmud-uebersetzung\/sukka\/sukka-kapitel-3\/#blatt-33b\">33b<\/a> \n<a class=\"dafLink\" href=\"https:\/\/www.talmud.de\/tlmd\/talmud-uebersetzung\/sukka\/sukka-kapitel-3\/#blatt-34a\">34a<\/a> \n<a class=\"dafLink\" href=\"https:\/\/www.talmud.de\/tlmd\/talmud-uebersetzung\/sukka\/sukka-kapitel-3\/#blatt-34b\">34b<\/a> \n<a class=\"dafLink\" href=\"https:\/\/www.talmud.de\/tlmd\/talmud-uebersetzung\/sukka\/sukka-kapitel-3\/#blatt-35a\">35a<\/a> \n<a class=\"dafLink\" href=\"https:\/\/www.talmud.de\/tlmd\/talmud-uebersetzung\/sukka\/sukka-kapitel-3\/#blatt-35b\">35b<\/a> \n<a class=\"dafLink\" href=\"https:\/\/www.talmud.de\/tlmd\/talmud-uebersetzung\/sukka\/sukka-kapitel-3\/#blatt-36a\">36a<\/a> \n<a class=\"dafLink\" href=\"https:\/\/www.talmud.de\/tlmd\/talmud-uebersetzung\/sukka\/sukka-kapitel-3\/#blatt-36b\">36b<\/a> \n<a class=\"dafLink\" href=\"https:\/\/www.talmud.de\/tlmd\/talmud-uebersetzung\/sukka\/sukka-kapitel-3\/#blatt-37a\">37a<\/a> \n<a class=\"dafLink\" href=\"https:\/\/www.talmud.de\/tlmd\/talmud-uebersetzung\/sukka\/sukka-kapitel-3\/#blatt-37b\">37b<\/a> \n<a class=\"dafLink\" href=\"https:\/\/www.talmud.de\/tlmd\/talmud-uebersetzung\/sukka\/sukka-kapitel-3\/#blatt-38a\">38a<\/a> \n<a class=\"dafLink\" href=\"https:\/\/www.talmud.de\/tlmd\/talmud-uebersetzung\/sukka\/sukka-kapitel-3\/#blatt-38b\">38b<\/a> \n<a class=\"dafLink\" href=\"https:\/\/www.talmud.de\/tlmd\/talmud-uebersetzung\/sukka\/sukka-kapitel-3\/#blatt-39a\">39a<\/a> \n<a class=\"dafLink\" href=\"https:\/\/www.talmud.de\/tlmd\/talmud-uebersetzung\/sukka\/sukka-kapitel-3\/#blatt-39b\">39b<\/a> \n<a class=\"dafLink\" href=\"https:\/\/www.talmud.de\/tlmd\/talmud-uebersetzung\/sukka\/sukka-kapitel-3\/#blatt-40a\">40a<\/a> \n<a class=\"dafLink\" href=\"https:\/\/www.talmud.de\/tlmd\/talmud-uebersetzung\/sukka\/sukka-kapitel-3\/#blatt-40b\">40b<\/a> \n<a class=\"dafLink\" href=\"https:\/\/www.talmud.de\/tlmd\/talmud-uebersetzung\/sukka\/sukka-kapitel-3\/#blatt-41a\">41a<\/a> \n<a class=\"dafLink\" href=\"https:\/\/www.talmud.de\/tlmd\/talmud-uebersetzung\/sukka\/sukka-kapitel-3\/#blatt-41b\">41b<\/a> \n<a class=\"dafLink\" href=\"https:\/\/www.talmud.de\/tlmd\/talmud-uebersetzung\/sukka\/sukka-kapitel-3\/#blatt-42a\">42a<\/a> \n<a class=\"dafLink\" href=\"https:\/\/www.talmud.de\/tlmd\/talmud-uebersetzung\/sukka\/sukka-kapitel-3\/#blatt-42b\">42b<\/a>\n\n\n\n<h3 class=\"wp-block-heading\">Kapitel 4<\/h3>\n\n\n\n<a class=\"dafLink\" href=\"https:\/\/www.talmud.de\/tlmd\/talmud-uebersetzung\/sukka\/sukka-kapitel-4\/#blatt-42b\">42b<\/a> \n<a class=\"dafLink\" href=\"https:\/\/www.talmud.de\/tlmd\/talmud-uebersetzung\/sukka\/sukka-kapitel-4\/#blatt-43a\">43a<\/a> \n<a class=\"dafLink\" href=\"https:\/\/www.talmud.de\/tlmd\/talmud-uebersetzung\/sukka\/sukka-kapitel-4\/#blatt-43b\">43b<\/a> \n<a class=\"dafLink\" href=\"https:\/\/www.talmud.de\/tlmd\/talmud-uebersetzung\/sukka\/sukka-kapitel-4\/#blatt-44a\">44a<\/a> \n<a class=\"dafLink\" href=\"https:\/\/www.talmud.de\/tlmd\/talmud-uebersetzung\/sukka\/sukka-kapitel-4\/#blatt-44b\">44b<\/a> \n<a class=\"dafLink\" href=\"https:\/\/www.talmud.de\/tlmd\/talmud-uebersetzung\/sukka\/sukka-kapitel-4\/#blatt-45a\">45a<\/a> \n<a class=\"dafLink\" href=\"https:\/\/www.talmud.de\/tlmd\/talmud-uebersetzung\/sukka\/sukka-kapitel-4\/#blatt-45b\">45b<\/a> \n<a class=\"dafLink\" href=\"https:\/\/www.talmud.de\/tlmd\/talmud-uebersetzung\/sukka\/sukka-kapitel-4\/#blatt-46a\">46a<\/a> \n<a class=\"dafLink\" href=\"https:\/\/www.talmud.de\/tlmd\/talmud-uebersetzung\/sukka\/sukka-kapitel-4\/#blatt-46b\">46b<\/a> \n<a class=\"dafLink\" href=\"https:\/\/www.talmud.de\/tlmd\/talmud-uebersetzung\/sukka\/sukka-kapitel-4\/#blatt-47a\">47a<\/a> \n<a class=\"dafLink\" href=\"https:\/\/www.talmud.de\/tlmd\/talmud-uebersetzung\/sukka\/sukka-kapitel-4\/#blatt-47b\">47b<\/a> \n<a class=\"dafLink\" href=\"https:\/\/www.talmud.de\/tlmd\/talmud-uebersetzung\/sukka\/sukka-kapitel-4\/#blatt-48a\">48a<\/a> \n<a class=\"dafLink\" href=\"https:\/\/www.talmud.de\/tlmd\/talmud-uebersetzung\/sukka\/sukka-kapitel-4\/#blatt-48b\">48b<\/a> \n<a class=\"dafLink\" href=\"https:\/\/www.talmud.de\/tlmd\/talmud-uebersetzung\/sukka\/sukka-kapitel-4\/#blatt-49a\">49a<\/a> \n<a class=\"dafLink\" href=\"https:\/\/www.talmud.de\/tlmd\/talmud-uebersetzung\/sukka\/sukka-kapitel-4\/#blatt-49b\">49b<\/a> \n<a class=\"dafLink\" href=\"https:\/\/www.talmud.de\/tlmd\/talmud-uebersetzung\/sukka\/sukka-kapitel-4\/#blatt-50a\">50a<\/a>\n\n\n\n<h3 class=\"wp-block-heading\">Kapitel 5<\/h3>\n\n\n\n<a class=\"dafLink\" href=\"https:\/\/www.talmud.de\/tlmd\/talmud-uebersetzung\/sukka\/sukka-kapitel-5\/#blatt-50a\">50a<\/a> \n<a class=\"dafLink\" href=\"https:\/\/www.talmud.de\/tlmd\/talmud-uebersetzung\/sukka\/sukka-kapitel-5\/#blatt-50b\">50b<\/a> \n<a class=\"dafLink\" href=\"https:\/\/www.talmud.de\/tlmd\/talmud-uebersetzung\/sukka\/sukka-kapitel-5\/#blatt-51a\">51a<\/a> \n<a class=\"dafLink\" href=\"https:\/\/www.talmud.de\/tlmd\/talmud-uebersetzung\/sukka\/sukka-kapitel-5\/#blatt-51b\">51b<\/a> \n<a class=\"dafLink\" href=\"https:\/\/www.talmud.de\/tlmd\/talmud-uebersetzung\/sukka\/sukka-kapitel-5\/#blatt-52a\">52a<\/a> \n<a class=\"dafLink\" href=\"https:\/\/www.talmud.de\/tlmd\/talmud-uebersetzung\/sukka\/sukka-kapitel-5\/#blatt-52b\">52b<\/a> \n<a class=\"dafLink\" href=\"https:\/\/www.talmud.de\/tlmd\/talmud-uebersetzung\/sukka\/sukka-kapitel-5\/#blatt-53a\">53a<\/a> \n<a class=\"dafLink\" href=\"https:\/\/www.talmud.de\/tlmd\/talmud-uebersetzung\/sukka\/sukka-kapitel-5\/#blatt-53b\">53b<\/a> \n<a class=\"dafLink\" href=\"https:\/\/www.talmud.de\/tlmd\/talmud-uebersetzung\/sukka\/sukka-kapitel-5\/#blatt-54a\">54a<\/a> \n<a class=\"dafLink\" href=\"https:\/\/www.talmud.de\/tlmd\/talmud-uebersetzung\/sukka\/sukka-kapitel-5\/#blatt-54b\">54b<\/a> \n<a class=\"dafLink\" href=\"https:\/\/www.talmud.de\/tlmd\/talmud-uebersetzung\/sukka\/sukka-kapitel-5\/#blatt-55a\">55a<\/a> \n<a class=\"dafLink\" href=\"https:\/\/www.talmud.de\/tlmd\/talmud-uebersetzung\/sukka\/sukka-kapitel-5\/#blatt-55b\">55b<\/a> \n<a class=\"dafLink\" href=\"https:\/\/www.talmud.de\/tlmd\/talmud-uebersetzung\/sukka\/sukka-kapitel-5\/#blatt-56a\">56a<\/a> \n<a class=\"dafLink\" href=\"https:\/\/www.talmud.de\/tlmd\/talmud-uebersetzung\/sukka\/sukka-kapitel-5\/#blatt-56b\">56b<\/a>\n","protected":false},"excerpt":{"rendered":"<p>Sukkah (\u05de\u05b7\u05e1\u05b6\u05bc\u05db\u05b6\u05ea \u05e1\u05bb\u05db\u05b8\u05bc\u05d4) (Laubh\u00fctte &#8211; Plural: Sukkot) behandelt das Fest Sukkot (das sog. \u00bbLaubh\u00fcttenfest\u00ab) und die Sukkah an sich.Es befasst sich auch mit den vier Arten (Lulaw, Etrog, Hadass, Arawah &#8211; Palmzweig, Zitrone, Myrte, Weide), die an Sukkot gesch\u00fcttelt werden. In den Kapiteln 4 und 5 werden die Br\u00e4uche von Sukkot zur Zeit des Zweiten Tempels beschrieben. Sukkah hat f\u00fcnf Kapitel. Hier in der deutschen \u00dcbersetzung von Lazarus Goldschmidt. \u00dcbersetzung Kapitel 1 2a 2b 3a 3b 4a 4b 5a 5b 6a 6b 7a 7b 8a 8b 9a 9b 10a 10b 11a 11b 12a 12b 13a 13b 14a 14b 15a 15b 16a 16b 17a 17b 18a 18b 19a 19b 20a 20b Kapitel 2 20b 21a 21b 22a 22b 23a 23b 24a 24b 25a 25b 26a 26b 27a 27b 28a 28b 29a 29b Kapitel 3 29b 30a 30b 31a 31b 32a 32b 33a 33b 34a 34b 35a 35b 36a 36b 37a 37b 38a 38b 39a 39b 40a 40b 41a 41b 42a 42b Kapitel 4 42b 43a 43b 44a 44b 45a 45b 46a 46b 47a 47b 48a 48b &hellip;<\/p>\n","protected":false},"author":1,"featured_media":0,"parent":4213,"menu_order":0,"comment_status":"closed","ping_status":"closed","template":"","meta":{"_themeisle_gutenberg_block_has_review":false,"footnotes":""},"class_list":["post-7334","page","type-page","status-publish","hentry"],"jetpack_sharing_enabled":true,"_links":{"self":[{"href":"https:\/\/www.talmud.de\/tlmd\/wp-json\/wp\/v2\/pages\/7334","targetHints":{"allow":["GET"]}}],"collection":[{"href":"https:\/\/www.talmud.de\/tlmd\/wp-json\/wp\/v2\/pages"}],"about":[{"href":"https:\/\/www.talmud.de\/tlmd\/wp-json\/wp\/v2\/types\/page"}],"author":[{"embeddable":true,"href":"https:\/\/www.talmud.de\/tlmd\/wp-json\/wp\/v2\/users\/1"}],"replies":[{"embeddable":true,"href":"https:\/\/www.talmud.de\/tlmd\/wp-json\/wp\/v2\/comments?post=7334"}],"version-history":[{"count":2,"href":"https:\/\/www.talmud.de\/tlmd\/wp-json\/wp\/v2\/pages\/7334\/revisions"}],"predecessor-version":[{"id":7363,"href":"https:\/\/www.talmud.de\/tlmd\/wp-json\/wp\/v2\/pages\/7334\/revisions\/7363"}],"up":[{"embeddable":true,"href":"https:\/\/www.talmud.de\/tlmd\/wp-json\/wp\/v2\/pages\/4213"}],"wp:attachment":[{"href":"https:\/\/www.talmud.de\/tlmd\/wp-json\/wp\/v2\/media?parent=7334"}],"curies":[{"name":"wp","href":"https:\/\/api.w.org\/{rel}","templated":true}]}}