{"id":7364,"date":"2021-04-19T08:44:54","date_gmt":"2021-04-19T06:44:54","guid":{"rendered":"https:\/\/www.talmud.de\/tlmd\/?page_id=7364"},"modified":"2021-04-19T11:51:22","modified_gmt":"2021-04-19T09:51:22","slug":"beitzah","status":"publish","type":"page","link":"https:\/\/www.talmud.de\/tlmd\/talmud-uebersetzung\/beitzah\/","title":{"rendered":"Traktat Beitzah \u2013 Massechet Beitzah"},"content":{"rendered":"\n<figure class=\"wp-block-image size-large is-style-default\"><a href=\"https:\/\/i0.wp.com\/www.talmud.de\/tlmd\/wp-content\/uploads\/2021\/04\/Beitzah_titel.jpg?ssl=1\"><img data-recalc-dims=\"1\" loading=\"lazy\" decoding=\"async\" width=\"840\" height=\"453\" src=\"https:\/\/i0.wp.com\/www.talmud.de\/tlmd\/wp-content\/uploads\/2021\/04\/Beitzah_titel.jpg?resize=840%2C453&#038;ssl=1\" alt=\"\" class=\"wp-image-7366\" srcset=\"https:\/\/i0.wp.com\/www.talmud.de\/tlmd\/wp-content\/uploads\/2021\/04\/Beitzah_titel.jpg?resize=1024%2C552&amp;ssl=1 1024w, https:\/\/i0.wp.com\/www.talmud.de\/tlmd\/wp-content\/uploads\/2021\/04\/Beitzah_titel.jpg?resize=300%2C162&amp;ssl=1 300w, https:\/\/i0.wp.com\/www.talmud.de\/tlmd\/wp-content\/uploads\/2021\/04\/Beitzah_titel.jpg?resize=768%2C414&amp;ssl=1 768w, https:\/\/i0.wp.com\/www.talmud.de\/tlmd\/wp-content\/uploads\/2021\/04\/Beitzah_titel.jpg?w=1100&amp;ssl=1 1100w\" sizes=\"auto, (max-width: 840px) 100vw, 840px\" \/><\/a><\/figure>\n\n\n\n<p class=\"has-drop-cap\">Beitzah (\u05de\u05b7\u05e1\u05b6\u05bc\u05db\u05b6\u05ea \u05d1\u05b5\u05bc\u05d9\u05e6\u05b8\u05d4 \u00fcbersetzt \u00bbEier\u00ab) behandelt die Regeln, die an Festen zu beachten sind: Von der Arbeit am Schabbat und an Festen, \u00fcber die Zubereitung von Speisen am Schabbat; den Kauf von Lebensmitteln an Festtagen, die Bef\u00f6rderung von Nahrungsmitteln, das Verbot Feuer zu entz\u00fcnden etc. Es besteht aus f\u00fcnf Kapiteln. Hier in der deutschen <a href=\"https:\/\/www.talmud.de\/tlmd\/talmud-uebersetzung\/\"><strong>\u00dcbersetzung von Lazarus Goldschmidt<\/strong><\/a>.<\/p>\n\n\n\n<h2 class=\"wp-block-heading\">Bl\u00e4tter<\/h2>\n\n\n\n<h3 class=\"wp-block-heading\">Kapitel 1<\/h3>\n\n\n\n<a class=\"dafLink\" href=\"https:\/\/www.talmud.de\/tlmd\/talmud-uebersetzung\/beitzah\/beitzah-kapitel-1\/#blatt-2a\">2a<\/a> \n<a class=\"dafLink\" href=\"https:\/\/www.talmud.de\/tlmd\/talmud-uebersetzung\/beitzah\/beitzah-kapitel-1\/#blatt-2b\">2b<\/a> \n<a class=\"dafLink\" href=\"https:\/\/www.talmud.de\/tlmd\/talmud-uebersetzung\/beitzah\/beitzah-kapitel-1\/#blatt-3a\">3a<\/a> \n<a class=\"dafLink\" href=\"https:\/\/www.talmud.de\/tlmd\/talmud-uebersetzung\/beitzah\/beitzah-kapitel-1\/#blatt-3b\">3b<\/a> \n<a class=\"dafLink\" href=\"https:\/\/www.talmud.de\/tlmd\/talmud-uebersetzung\/beitzah\/beitzah-kapitel-1\/#blatt-4a\">4a<\/a> \n<a class=\"dafLink\" href=\"https:\/\/www.talmud.de\/tlmd\/talmud-uebersetzung\/beitzah\/beitzah-kapitel-1\/#blatt-4b\">4b<\/a> \n<a class=\"dafLink\" href=\"https:\/\/www.talmud.de\/tlmd\/talmud-uebersetzung\/beitzah\/beitzah-kapitel-1\/#blatt-5a\">5a<\/a> \n<a class=\"dafLink\" href=\"https:\/\/www.talmud.de\/tlmd\/talmud-uebersetzung\/beitzah\/beitzah-kapitel-1\/#blatt-5b\">5b<\/a> \n<a class=\"dafLink\" href=\"https:\/\/www.talmud.de\/tlmd\/talmud-uebersetzung\/beitzah\/beitzah-kapitel-1\/#blatt-6a\">6a<\/a> \n<a class=\"dafLink\" href=\"https:\/\/www.talmud.de\/tlmd\/talmud-uebersetzung\/beitzah\/beitzah-kapitel-1\/#blatt-6b\">6b<\/a> \n<a class=\"dafLink\" href=\"https:\/\/www.talmud.de\/tlmd\/talmud-uebersetzung\/beitzah\/beitzah-kapitel-1\/#blatt-7a\">7a<\/a> \n<a class=\"dafLink\" href=\"https:\/\/www.talmud.de\/tlmd\/talmud-uebersetzung\/beitzah\/beitzah-kapitel-1\/#blatt-7b\">7b<\/a> \n<a class=\"dafLink\" href=\"https:\/\/www.talmud.de\/tlmd\/talmud-uebersetzung\/beitzah\/beitzah-kapitel-1\/#blatt-8a\">8a<\/a> \n<a class=\"dafLink\" href=\"https:\/\/www.talmud.de\/tlmd\/talmud-uebersetzung\/beitzah\/beitzah-kapitel-1\/#blatt-8b\">8b<\/a> \n<a class=\"dafLink\" href=\"https:\/\/www.talmud.de\/tlmd\/talmud-uebersetzung\/beitzah\/beitzah-kapitel-1\/#blatt-9a\">9a<\/a> \n<a class=\"dafLink\" href=\"https:\/\/www.talmud.de\/tlmd\/talmud-uebersetzung\/beitzah\/beitzah-kapitel-1\/#blatt-9b\">9b<\/a> \n<a class=\"dafLink\" href=\"https:\/\/www.talmud.de\/tlmd\/talmud-uebersetzung\/beitzah\/beitzah-kapitel-1\/#blatt-10a\">10a<\/a> \n<a class=\"dafLink\" href=\"https:\/\/www.talmud.de\/tlmd\/talmud-uebersetzung\/beitzah\/beitzah-kapitel-1\/#blatt-10b\">10b<\/a> \n<a class=\"dafLink\" href=\"https:\/\/www.talmud.de\/tlmd\/talmud-uebersetzung\/beitzah\/beitzah-kapitel-1\/#blatt-11a\">11a<\/a> \n<a class=\"dafLink\" href=\"https:\/\/www.talmud.de\/tlmd\/talmud-uebersetzung\/beitzah\/beitzah-kapitel-1\/#blatt-11b\">11b<\/a> \n<a class=\"dafLink\" href=\"https:\/\/www.talmud.de\/tlmd\/talmud-uebersetzung\/beitzah\/beitzah-kapitel-1\/#blatt-12a\">12a<\/a> \n<a class=\"dafLink\" href=\"https:\/\/www.talmud.de\/tlmd\/talmud-uebersetzung\/beitzah\/beitzah-kapitel-1\/#blatt-12b\">12b<\/a> \n<a class=\"dafLink\" href=\"https:\/\/www.talmud.de\/tlmd\/talmud-uebersetzung\/beitzah\/beitzah-kapitel-1\/#blatt-13a\">13a<\/a> \n<a class=\"dafLink\" href=\"https:\/\/www.talmud.de\/tlmd\/talmud-uebersetzung\/beitzah\/beitzah-kapitel-1\/#blatt-13b\">13b<\/a> \n<a class=\"dafLink\" href=\"https:\/\/www.talmud.de\/tlmd\/talmud-uebersetzung\/beitzah\/beitzah-kapitel-1\/#blatt-14a\">14a<\/a> \n<a class=\"dafLink\" href=\"https:\/\/www.talmud.de\/tlmd\/talmud-uebersetzung\/beitzah\/beitzah-kapitel-1\/#blatt-14b\">14b<\/a> \n<a class=\"dafLink\" href=\"https:\/\/www.talmud.de\/tlmd\/talmud-uebersetzung\/beitzah\/beitzah-kapitel-1\/#blatt-15a\">15a<\/a>\n\n\n\n<h3 class=\"wp-block-heading\">Kapitel 2<\/h3>\n\n\n\n<a class=\"dafLink\" href=\"https:\/\/www.talmud.de\/tlmd\/talmud-uebersetzung\/beitzah\/beitzah-kapitel-2\/#blatt-15b\">15b<\/a> \n<a class=\"dafLink\" href=\"https:\/\/www.talmud.de\/tlmd\/talmud-uebersetzung\/beitzah\/beitzah-kapitel-2\/#blatt-16a\">16a<\/a> \n<a class=\"dafLink\" href=\"https:\/\/www.talmud.de\/tlmd\/talmud-uebersetzung\/beitzah\/beitzah-kapitel-2\/#blatt-16b\">16b<\/a> \n<a class=\"dafLink\" href=\"https:\/\/www.talmud.de\/tlmd\/talmud-uebersetzung\/beitzah\/beitzah-kapitel-2\/#blatt-17a\">17a<\/a> \n<a class=\"dafLink\" href=\"https:\/\/www.talmud.de\/tlmd\/talmud-uebersetzung\/beitzah\/beitzah-kapitel-2\/#blatt-17b\">17b<\/a> \n<a class=\"dafLink\" href=\"https:\/\/www.talmud.de\/tlmd\/talmud-uebersetzung\/beitzah\/beitzah-kapitel-2\/#blatt-18a\">18a<\/a> \n<a class=\"dafLink\" href=\"https:\/\/www.talmud.de\/tlmd\/talmud-uebersetzung\/beitzah\/beitzah-kapitel-2\/#blatt-18b\">18b<\/a> \n<a class=\"dafLink\" href=\"https:\/\/www.talmud.de\/tlmd\/talmud-uebersetzung\/beitzah\/beitzah-kapitel-2\/#blatt-19a\">19a<\/a> \n<a class=\"dafLink\" href=\"https:\/\/www.talmud.de\/tlmd\/talmud-uebersetzung\/beitzah\/beitzah-kapitel-2\/#blatt-19b\">19b<\/a> \n<a class=\"dafLink\" href=\"https:\/\/www.talmud.de\/tlmd\/talmud-uebersetzung\/beitzah\/beitzah-kapitel-2\/#blatt-20a\">20a<\/a> \n<a class=\"dafLink\" href=\"https:\/\/www.talmud.de\/tlmd\/talmud-uebersetzung\/beitzah\/beitzah-kapitel-2\/#blatt-20b\">20b<\/a> \n<a class=\"dafLink\" href=\"https:\/\/www.talmud.de\/tlmd\/talmud-uebersetzung\/beitzah\/beitzah-kapitel-2\/#blatt-21a\">21a<\/a> \n<a class=\"dafLink\" href=\"https:\/\/www.talmud.de\/tlmd\/talmud-uebersetzung\/beitzah\/beitzah-kapitel-2\/#blatt-21b\">21b<\/a> \n<a class=\"dafLink\" href=\"https:\/\/www.talmud.de\/tlmd\/talmud-uebersetzung\/beitzah\/beitzah-kapitel-2\/#blatt-22a\">22a<\/a> \n<a class=\"dafLink\" href=\"https:\/\/www.talmud.de\/tlmd\/talmud-uebersetzung\/beitzah\/beitzah-kapitel-2\/#blatt-22b\">22b<\/a> \n<a class=\"dafLink\" href=\"https:\/\/www.talmud.de\/tlmd\/talmud-uebersetzung\/beitzah\/beitzah-kapitel-2\/#blatt-23a\">23a<\/a> \n<a class=\"dafLink\" href=\"https:\/\/www.talmud.de\/tlmd\/talmud-uebersetzung\/beitzah\/beitzah-kapitel-2\/#blatt-23b\">23b<\/a>\n\n\n\n<h3 class=\"wp-block-heading\">Kapitel 3<\/h3>\n\n\n\n<a class=\"dafLink\" href=\"https:\/\/www.talmud.de\/tlmd\/talmud-uebersetzung\/beitzah\/beitzah-kapitel-3\/#blatt-23b\">23b<\/a> \n<a class=\"dafLink\" href=\"https:\/\/www.talmud.de\/tlmd\/talmud-uebersetzung\/beitzah\/beitzah-kapitel-3\/#blatt-24a\">24a<\/a> \n<a class=\"dafLink\" href=\"https:\/\/www.talmud.de\/tlmd\/talmud-uebersetzung\/beitzah\/beitzah-kapitel-3\/#blatt-24b\">24b<\/a> \n<a class=\"dafLink\" href=\"https:\/\/www.talmud.de\/tlmd\/talmud-uebersetzung\/beitzah\/beitzah-kapitel-3\/#blatt-25a\">25a<\/a> \n<a class=\"dafLink\" href=\"https:\/\/www.talmud.de\/tlmd\/talmud-uebersetzung\/beitzah\/beitzah-kapitel-3\/#blatt-25b\">25b<\/a> \n<a class=\"dafLink\" href=\"https:\/\/www.talmud.de\/tlmd\/talmud-uebersetzung\/beitzah\/beitzah-kapitel-3\/#blatt-26a\">26a<\/a> \n<a class=\"dafLink\" href=\"https:\/\/www.talmud.de\/tlmd\/talmud-uebersetzung\/beitzah\/beitzah-kapitel-3\/#blatt-26b\">26b<\/a> \n<a class=\"dafLink\" href=\"https:\/\/www.talmud.de\/tlmd\/talmud-uebersetzung\/beitzah\/beitzah-kapitel-3\/#blatt-27a\">27a<\/a> \n<a class=\"dafLink\" href=\"https:\/\/www.talmud.de\/tlmd\/talmud-uebersetzung\/beitzah\/beitzah-kapitel-3\/#blatt-27b\">27b<\/a> \n<a class=\"dafLink\" href=\"https:\/\/www.talmud.de\/tlmd\/talmud-uebersetzung\/beitzah\/beitzah-kapitel-3\/#blatt-28a\">28a<\/a> \n<a class=\"dafLink\" href=\"https:\/\/www.talmud.de\/tlmd\/talmud-uebersetzung\/beitzah\/beitzah-kapitel-3\/#blatt-28b\">28b<\/a> \n<a class=\"dafLink\" href=\"https:\/\/www.talmud.de\/tlmd\/talmud-uebersetzung\/beitzah\/beitzah-kapitel-3\/#blatt-29a\">29a<\/a> \n<a class=\"dafLink\" href=\"https:\/\/www.talmud.de\/tlmd\/talmud-uebersetzung\/beitzah\/beitzah-kapitel-3\/#blatt-29b\">29b<\/a>\n\n\n\n<h3 class=\"wp-block-heading\">Kapitel 4<\/h3>\n\n\n\n<a class=\"dafLink\" href=\"https:\/\/www.talmud.de\/tlmd\/talmud-uebersetzung\/beitzah\/beitzah-kapitel-4\/#blatt-29b\">29b<\/a> \n<a class=\"dafLink\" href=\"https:\/\/www.talmud.de\/tlmd\/talmud-uebersetzung\/beitzah\/beitzah-kapitel-4\/#blatt-30a\">30a<\/a> \n<a class=\"dafLink\" href=\"https:\/\/www.talmud.de\/tlmd\/talmud-uebersetzung\/beitzah\/beitzah-kapitel-4\/#blatt-30b\">30b<\/a> \n<a class=\"dafLink\" href=\"https:\/\/www.talmud.de\/tlmd\/talmud-uebersetzung\/beitzah\/beitzah-kapitel-4\/#blatt-31a\">31a<\/a> \n<a class=\"dafLink\" href=\"https:\/\/www.talmud.de\/tlmd\/talmud-uebersetzung\/beitzah\/beitzah-kapitel-4\/#blatt-31b\">31b<\/a> \n<a class=\"dafLink\" href=\"https:\/\/www.talmud.de\/tlmd\/talmud-uebersetzung\/beitzah\/beitzah-kapitel-4\/#blatt-32a\">32a<\/a> \n<a class=\"dafLink\" href=\"https:\/\/www.talmud.de\/tlmd\/talmud-uebersetzung\/beitzah\/beitzah-kapitel-4\/#blatt-32b\">32b<\/a> \n<a class=\"dafLink\" href=\"https:\/\/www.talmud.de\/tlmd\/talmud-uebersetzung\/beitzah\/beitzah-kapitel-4\/#blatt-33a\">33a<\/a> \n<a class=\"dafLink\" href=\"https:\/\/www.talmud.de\/tlmd\/talmud-uebersetzung\/beitzah\/beitzah-kapitel-4\/#blatt-33b\">33b<\/a> \n<a class=\"dafLink\" href=\"https:\/\/www.talmud.de\/tlmd\/talmud-uebersetzung\/beitzah\/beitzah-kapitel-4\/#blatt-34a\">34a<\/a> \n<a class=\"dafLink\" href=\"https:\/\/www.talmud.de\/tlmd\/talmud-uebersetzung\/beitzah\/beitzah-kapitel-4\/#blatt-34b\">34b<\/a> \n<a class=\"dafLink\" href=\"https:\/\/www.talmud.de\/tlmd\/talmud-uebersetzung\/beitzah\/beitzah-kapitel-4\/#blatt-35a\">35a<\/a> \n<a class=\"dafLink\" href=\"https:\/\/www.talmud.de\/tlmd\/talmud-uebersetzung\/beitzah\/beitzah-kapitel-4\/#blatt-35b\">35b<\/a>\n\n\n\n<h3 class=\"wp-block-heading\">Kapitel 5<\/h3>\n\n\n\n<a class=\"dafLink\" href=\"https:\/\/www.talmud.de\/tlmd\/talmud-uebersetzung\/beitzah\/beitzah-kapitel-5\/#blatt-35b\">35b<\/a> \n<a class=\"dafLink\" href=\"https:\/\/www.talmud.de\/tlmd\/talmud-uebersetzung\/beitzah\/beitzah-kapitel-5\/#blatt-36a\">36a<\/a> \n<a class=\"dafLink\" href=\"https:\/\/www.talmud.de\/tlmd\/talmud-uebersetzung\/beitzah\/beitzah-kapitel-5\/#blatt-36b\">36b<\/a> \n<a class=\"dafLink\" href=\"https:\/\/www.talmud.de\/tlmd\/talmud-uebersetzung\/beitzah\/beitzah-kapitel-5\/#blatt-37a\">37a<\/a> \n<a class=\"dafLink\" href=\"https:\/\/www.talmud.de\/tlmd\/talmud-uebersetzung\/beitzah\/beitzah-kapitel-5\/#blatt-37b\">37b<\/a> \n<a class=\"dafLink\" href=\"https:\/\/www.talmud.de\/tlmd\/talmud-uebersetzung\/beitzah\/beitzah-kapitel-5\/#blatt-38a\">38a<\/a> \n<a class=\"dafLink\" href=\"https:\/\/www.talmud.de\/tlmd\/talmud-uebersetzung\/beitzah\/beitzah-kapitel-5\/#blatt-38b\">38b<\/a> \n<a class=\"dafLink\" href=\"https:\/\/www.talmud.de\/tlmd\/talmud-uebersetzung\/beitzah\/beitzah-kapitel-5\/#blatt-39a\">39a<\/a> \n<a class=\"dafLink\" href=\"https:\/\/www.talmud.de\/tlmd\/talmud-uebersetzung\/beitzah\/beitzah-kapitel-5\/#blatt-39b\">39b<\/a> \n<a class=\"dafLink\" href=\"https:\/\/www.talmud.de\/tlmd\/talmud-uebersetzung\/beitzah\/beitzah-kapitel-5\/#blatt-40a\">40a<\/a> \n<a class=\"dafLink\" href=\"https:\/\/www.talmud.de\/tlmd\/talmud-uebersetzung\/beitzah\/beitzah-kapitel-5\/#blatt-40b\">40b<\/a> \n\n\n\n<h2 class=\"wp-block-heading\">Inhalt im Detail<\/h2>\n\n\n\n<h3 class=\"wp-block-heading\" id=\"abschnitt.\"><a href=\"https:\/\/www.talmud.de\/tlmd\/talmud-uebersetzung\/beitzah\/beitzah-kapitel-1\/\" data-type=\"page\" data-id=\"7370\">Kapitel 1 [2a \u2013 15a]<\/a><\/h3>\n\n\n\n<ul class=\"wp-block-list\"><li><strong>I\u2014II<\/strong>. Das am Fest gelegte Ei.<\/li><li>Das Schlachten am Festtag<\/li><li>Das Ber\u00fchren und Fort- Abgesonderten am Festtag<\/li><li>Vom Auspressen von Fr\u00fcchten am Festtag.<\/li><li>Vermischung von erlaubten mit verbotenen Fr\u00fcchten.<\/li><li>Das am Schabbat gelegte Ei am Festtag bezw. umgekehrt.<\/li><li>Die beiden Festtage der Diaspora.<\/li><li>Das Zeugenverh\u00f6r zur Festsetzung des Neumonds.<\/li><li>Die Vierjahrsfrucht.<\/li><li>Der Leichnam am Festtag<\/li><li>Der Speise-Eruw.<\/li><li>Das am Fest ausgebr\u00fctete Ei<\/li><li>Die in einer Henne vorgefundenen Eier am Festtag.<\/li><li>Begattung und Geburt verschiedener Tiere.<\/li><li>Das am Festtag aufgefundene Ei.<\/li><li>Das Ges\u00e4uerte am Pessachfest.<\/li><li>Das Zudecken des Bluts beim Schlachten.<\/li><li>Das Gebot verdr\u00e4ngt das Verbot.<\/li><li>Die Teighebe.<\/li><li><strong>III,1<\/strong>. Das Tragen einer Leiter am Festtag.<\/li><li><strong>III,2<\/strong>. Das Holen von Tauben am Festtag<\/li><li>Die Verunreinigung durch einen Leichnam.<\/li><li><strong>IV<\/strong>. Verwechselung der f\u00fcr das Festtag bestimmten Tauben.<\/li><li>Verwechselung von profanem und heiligem Geld.<\/li><li><strong>V,2<\/strong>. Am Festtag verbotene Ger\u00e4te.<\/li><li>Das Fleischsalzen am Festtag.<\/li><li>Das Aufschlagen eines Schalters am Festtag<\/li><li>Das Auflegen eines Pflasters am Festtag.<\/li><li><strong>V,3.<\/strong> Was man am Festtag nicht tragen darFesttag<\/li><li>Das Feueranz\u00fcnden und Kochen am Festtag<\/li><li><strong>VI.<\/strong> Die Entrichtung der priester- liehen Abgaben am Festtag.<\/li><li>Das Lesen und Sieben am Festtag.<\/li><li>Die vorzeitige Verzehntung von Fr\u00fcchten.<\/li><li>Das Sch\u00e4len von Getreidek\u00f6rnern bez\u00fcgl. des Zehnts und des Schabbats.<\/li><li>Stadium der Zehntpflicht verschiedener Fr\u00fcchte.<\/li><li><strong>VII.<\/strong> Das Stossen von Gew\u00fcrzen und Salz am Festtag.<\/li><li>Die Bereitung von Graupen am Festtag.<\/li><li><strong>VIII<\/strong>. Erbsenlesen am Festtag<\/li><li><strong>IX.<\/strong> Welche Speisen man am Festtag verschicken darFesttag<\/li><li><strong>X.<\/strong> Welche Kleidungst\u00fccke man am Festtag verschicken darf \u2014 Das Mischgewebe.<\/li><li>Die genagelte Sandale am Festtag<\/li><li>Die Tefillin am Vorabend des Festtags.<\/li><li>Am Schabbat gefundene Tefillin.<\/li><\/ul>\n\n\n\n<h3 class=\"wp-block-heading\" id=\"abschnitt.-1\"><a href=\"https:\/\/www.talmud.de\/tlmd\/talmud-uebersetzung\/beitzah\/beitzah-kapitel-2\/\" data-type=\"page\" data-id=\"7375\">Kapitel 2 [15b \u2013 23b]<\/a><\/h3>\n\n\n\n<ul class=\"wp-block-list\"><li><strong>I.<\/strong> Das Festtag am Vorabend des Schabbats.<\/li><li>Der Vortrag im Lehrhaus am Vorabend des Festtags.<\/li><li>Die Pflege von Leib und Seele am Festtag.<\/li><li>Der Lebensbedarf des Menschen wird ihm am Neujahr festgesetzt.<\/li><li>Ehrung des Schabbats durch gute Speisen.<\/li><li>Verleihung des Schabbats an Jisrael.<\/li><li>Was als Speise-Eruw zul\u00e4ssig ist<\/li><li>Das Festtag am Vorabend des Schabbats bez\u00fcgl. des Eruws.<\/li><li>Das Gebet am Fest-Schabbat und am Neumond- Schabbat.<\/li><li>Das Backen am Festtag<\/li><li>Wenn man vergessen hat, einen Eruw zu bereiten.<\/li><li><strong>II\u2014III<\/strong>. Das rituelle Untertauchen am Festtag.<\/li><li><strong>IV<\/strong>. Das St\u00fctzen auf die Opfertiere am Festtag<\/li><li>Die Darbringung von Opfern am Festtag.<\/li><li>Gel\u00fcbde und freiwillige Opfer am Festtag.<\/li><li>Das nur zur H\u00e4lfte einem Juden geh\u00f6rige Tier am Festtag.<\/li><li>Das Schlachten f\u00fcr Nichtjuden am Festtag<\/li><li>Futter vor die Tiere werfen am Festtag.<\/li><li>Die Einladung eines Nichtjuden am Festtag und am Schabbat.<\/li><li><strong>V<\/strong>. Das Aufw\u00e4rmen von Wasser am Festtag<\/li><li><strong>VI<\/strong>. Das Warmstellen am Festtag.<\/li><li>Das Aufstellen einer Leuchte am Festtag.<\/li><li>Das Ausl\u00f6schen eines Lichtes und das L\u00f6schen eines Schadenfeuers am Festtag<\/li><li>Das Schmieren der Augen am Festtag.<\/li><li>Der Leichnam am Festtag<\/li><li>Das Backen am Pessachfest.<\/li><li><strong>VII<\/strong>. Fegen und R\u00e4uchern am Festtag.<\/li><li><strong>VIII<\/strong>. Die k\u00f6rperliche Pflege eines Tiers am Festtag.<\/li><li><strong>IX\u2014X<\/strong>. Verschiedene Ger\u00e4te bez\u00fcgl. der Unreinheit.<\/li><\/ul>\n\n\n\n<h3 class=\"wp-block-heading\" id=\"abschnitt.-2\">Kapitel 3 [23b \u2013 29b]<\/h3>\n\n\n\n<ul class=\"wp-block-list\"><li><strong>I<\/strong>. Das Einfangen von Fischen und Tieren am Festtag.<\/li><li><strong>II<\/strong>. Am Festtag gefangene Tiere.<\/li><li>Am Festtag vorgefundene Fische.<\/li><li><strong>III<\/strong> Das Schlachten eines in Gefahr schwebenden Tiers am Vorabend des Festtags.<\/li><li>Anstandsregeln beim Trinken.<\/li><li>Z\u00e4higkeit und Ausdauer der Jisraeliten.<\/li><li>Durch Z\u00e4higkeit ausgezeichnete Tiere.<\/li><li>Die Benutzung einer S\u00e4nfte am Festtag.<\/li><li><strong>IV<\/strong>. Wenn ein erstgeborenes Tier am Festtag in eine Grube f\u00e4llt.<\/li><li>Die Untersuchung eines Gebrechens am Festtag.<\/li><li>Das Abgesonderte\u201c am Schabbat.<\/li><li><strong>V<\/strong>. Die Fortschaffung eines am Festtag verendeten Tiers.<\/li><li><strong>VI,1<\/strong>. Das Verhandeln \u00fcber ein Tier am Festtag<\/li><li><strong>VI,2.<\/strong> Das Wiegen von Fleisch am Festtag<\/li><li>Das Einzeichnen von Fleisch am Festtag.<\/li><li><strong>VII,1<\/strong>. Das Schleifen eines Messers am Festtag.<\/li><li>Die Zubereitung von Speisen am Festtag.<\/li><li><strong>VII,2<\/strong>. Das Kaufen von Fleisch am Festtag.<\/li><li><strong>VIII,l<\/strong>. Das Messen am Festtag.<\/li><li>Der Manko der Masse.<\/li><li><strong>VIII,2<\/strong>. Der indirekte Kauf am Festtag.<\/li><\/ul>\n\n\n\n<h3 class=\"wp-block-heading\" id=\"abschnitt.-3\">Kapitel 4 [29b \u2013 35b]<\/h3>\n\n\n\n<ul class=\"wp-block-list\"><li><strong>I<\/strong>. Art und Weise des Tragens am Festtag.<\/li><li>Die zwecklose Warnung bei der Aus\u00fcbung eines Verbots.<\/li><li><strong>II,l<\/strong>. Verbot der Nutzniessung des Holzes der Festh\u00fctte und deren Schmuck am Festtag.<\/li><li><strong>II,2<\/strong>. Das Holzholen am Festtag.<\/li><li><strong>III,1<\/strong>. Das Holzspalten am Festtag.<\/li><li><strong>III,2<\/strong>. Das Holen von Fr\u00fcchten aus einem verschlossenen Raum am Festtag.<\/li><li><strong>IV<\/strong>. Die Bereitung von Kohlen am Festtag<\/li><li>Die Verunreinigungsf\u00e4higkeit von Ger\u00e4ten am Festtag.<\/li><li>Die Anfertigung von Lichtn\u00e4pfen am Festtag<\/li><li>Das Schn\u00e4uzen des Dochts am Festtag.<\/li><li>Armut und Wolt\u00e4tigkeit.<\/li><li><strong>V<\/strong>. Verbot verschiedener Arbeiten bei der Zubereitung von Speisen (264j.<\/li><li><strong>VI\u2014VII,1<\/strong>. Das Feueranmachen am Festtag.<\/li><li>Die Aus\u00fcbung eines Verbots durch mehrere Personen.<\/li><li><strong>VII,2<\/strong>. Die Bezeichnung der am Schabbat zu geniessenden Speisen im Brachjahr.<\/li><li>Unverzehntete Fr\u00fcchte am Schabbat.<\/li><\/ul>\n\n\n\n<h3 class=\"wp-block-heading\" id=\"abschnitt.-4\">Kapitel 5 [35b \u2013 40b]<\/h3>\n\n\n\n<ul class=\"wp-block-list\"><li><strong>I<\/strong>. Das Herabwerfen und Zudecken von Fr\u00fcchten am Festtag.<\/li><li>Die Besch\u00fctzung eines Bienenstocks am Schabbat.<\/li><li>Die unbeabsichtigte Arbeit am Schabbat.<\/li><li>Das Fortschaffen widerlicher Gegen- st\u00e4nde am Festtag<\/li><li><strong>II<\/strong>. Klettern, Reiten und Schwimmen am Festtag; weihen, geloben und Hebe absondern am Festtag.<\/li><li>Die listige Aus\u00fcbung einer verbotenen Handlung<\/li><li>Die ideelle Sonderung.<\/li><li>Die Verunreinigung durch einen Leichnam.<\/li><li>Der bedingungsweise bereitete Eruw.<\/li><li>Das geborgte Ger\u00e4t am Festtag.<\/li><li>Das Aufgehen einer Art in eine andere.<\/li><li><strong>V,l<\/strong>. Kohle und Flamme bez\u00fcgl. des Festtags und des Heiligtums.<\/li><li><strong>V,2.<\/strong> Das Wassersch\u00f6pfen am Festtag.<\/li><li><strong>VI<\/strong>. Das Holen von Fr\u00fcchten aus einer anderen Stadt.<\/li><li>Das Verbot, Speisen zu holen, auf die man am Vorabend nicht gerechnet hat.<\/li><li><strong>VII<\/strong>. Das Schlachten von Feld- und Haustieren.<\/li><li>N\u00e4here Bezeichnung derselben.<\/li><\/ul>\n","protected":false},"excerpt":{"rendered":"<p>Beitzah (\u05de\u05b7\u05e1\u05b6\u05bc\u05db\u05b6\u05ea \u05d1\u05b5\u05bc\u05d9\u05e6\u05b8\u05d4 \u00fcbersetzt \u00bbEier\u00ab) behandelt die Regeln, die an Festen zu beachten sind: Von der Arbeit am Schabbat und an Festen, \u00fcber die Zubereitung von Speisen am Schabbat; den Kauf von Lebensmitteln an Festtagen, die Bef\u00f6rderung von Nahrungsmitteln, das Verbot Feuer zu entz\u00fcnden etc. Es besteht aus f\u00fcnf Kapiteln. Hier in der deutschen \u00dcbersetzung von Lazarus Goldschmidt. Bl\u00e4tter Kapitel 1 2a 2b 3a 3b 4a 4b 5a 5b 6a 6b 7a 7b 8a 8b 9a 9b 10a 10b 11a 11b 12a 12b 13a 13b 14a 14b 15a Kapitel 2 15b 16a 16b 17a 17b 18a 18b 19a 19b 20a 20b 21a 21b 22a 22b 23a 23b Kapitel 3 23b 24a 24b 25a 25b 26a 26b 27a 27b 28a 28b 29a 29b Kapitel 4 29b 30a 30b 31a 31b 32a 32b 33a 33b 34a 34b 35a 35b Kapitel 5 35b 36a 36b 37a 37b 38a 38b 39a 39b 40a 40b Inhalt im Detail Kapitel 1 [2a \u2013 15a] I\u2014II. Das am Fest gelegte Ei. Das Schlachten am Festtag Das Ber\u00fchren und Fort- Abgesonderten am Festtag &hellip;<\/p>\n","protected":false},"author":1,"featured_media":0,"parent":4213,"menu_order":0,"comment_status":"closed","ping_status":"closed","template":"","meta":{"_themeisle_gutenberg_block_has_review":false,"footnotes":""},"class_list":["post-7364","page","type-page","status-publish","hentry"],"jetpack_sharing_enabled":true,"_links":{"self":[{"href":"https:\/\/www.talmud.de\/tlmd\/wp-json\/wp\/v2\/pages\/7364","targetHints":{"allow":["GET"]}}],"collection":[{"href":"https:\/\/www.talmud.de\/tlmd\/wp-json\/wp\/v2\/pages"}],"about":[{"href":"https:\/\/www.talmud.de\/tlmd\/wp-json\/wp\/v2\/types\/page"}],"author":[{"embeddable":true,"href":"https:\/\/www.talmud.de\/tlmd\/wp-json\/wp\/v2\/users\/1"}],"replies":[{"embeddable":true,"href":"https:\/\/www.talmud.de\/tlmd\/wp-json\/wp\/v2\/comments?post=7364"}],"version-history":[{"count":2,"href":"https:\/\/www.talmud.de\/tlmd\/wp-json\/wp\/v2\/pages\/7364\/revisions"}],"predecessor-version":[{"id":7394,"href":"https:\/\/www.talmud.de\/tlmd\/wp-json\/wp\/v2\/pages\/7364\/revisions\/7394"}],"up":[{"embeddable":true,"href":"https:\/\/www.talmud.de\/tlmd\/wp-json\/wp\/v2\/pages\/4213"}],"wp:attachment":[{"href":"https:\/\/www.talmud.de\/tlmd\/wp-json\/wp\/v2\/media?parent=7364"}],"curies":[{"name":"wp","href":"https:\/\/api.w.org\/{rel}","templated":true}]}}