{"id":8067,"date":"2021-12-09T11:16:24","date_gmt":"2021-12-09T09:16:24","guid":{"rendered":"https:\/\/www.talmud.de\/tlmd\/?page_id=8067"},"modified":"2025-12-22T09:58:52","modified_gmt":"2025-12-22T07:58:52","slug":"zum-wochenabschnitt-wajigasch","status":"publish","type":"page","link":"https:\/\/www.talmud.de\/tlmd\/zum-wochenabschnitt-wajigasch\/","title":{"rendered":"Zum Wochenabschnitt Wajigasch"},"content":{"rendered":"\n<div class=\"wp-block-image\"><figure class=\"aligncenter size-large\"><img data-recalc-dims=\"1\" loading=\"lazy\" decoding=\"async\" width=\"269\" height=\"245\" src=\"https:\/\/i0.wp.com\/www.talmud.de\/tlmd\/wp-content\/uploads\/2021\/03\/torah_rolle.png?resize=269%2C245&#038;ssl=1\" alt=\"\" class=\"wp-image-7257\"\/><\/figure><\/div>\n\n\n\n\n\n\n<h2 class=\"wp-block-heading\">Zusammenfassung<\/h2>\n\n\n\n<p><em>Bereschit<\/em> 44,18\u201347,27<br>Der Wochenabschnitt Wajigasch erz\u00e4hlt zun\u00e4chst davon, wie Jehudah darum bittet, statt seines Bruders Benjamins in die Knechtschaft zu gehen. Im Anschluss daran gibt sich Josef seinen Br\u00fcdern zu erkennen und vers\u00f6hnt sich mit ihnen. Pharao l\u00e4dt Josefs Familie ein nach \u00c4gypten zu kommen um \u201evom Fett des Landes zu zehren\u201c. Jaakow erf\u00e4hrt, dass sein Sohn noch lebt und geht nach \u00c4gypten. Der Pharao trifft Jaakow und gestattet Josefs Familie sich in Goschen nieder zu lassen. Zum Abschluss erz\u00e4hlt die Torah, wie Josef die Macht des Pharao durch die Versorgung der Bev\u00f6lkerung mit Korn vergr\u00f6\u00dferte.<\/p>\n\n\n\n<h2 class=\"wp-block-heading\">Torahabschnitt<\/h2>\n\n\n\n<ul id=\"block-0130cbc3-0e49-4fce-808e-1a88b81f201d\" class=\"wp-block-list\">\n<li><strong><a href=\"https:\/\/www.talmud.de\/tlmd\/die-torah-eine-deutsche-uebersetzung\/die-torah-wajigasch\/\">Text des Abschnitts Wajigasch<\/a><\/strong> (Deutsch)<\/li>\n\n\n\n<li><strong><a href=\"https:\/\/talmud.de\/torah\/bereschit\/bereschit_44_18\/\" target=\"_blank\" rel=\"noreferrer noopener\">Text des Abschnitts Wajigasch<\/a><\/strong> (Deutsch-Hebr\u00e4isch), zeilenweise \u00dcbersetzung mit Kommentar<\/li>\n\n\n\n<li><strong><a href=\"https:\/\/www.sefaria.org\/Genesis.44.18?ven=Der_Pentateuch,_%C3%BCbersetzt_und_erl%C3%A4utert_von_Samson_Raphael_Hirsch._Frankfurt_am_Main,_1867-1878_[de]&amp;lang=bi&amp;with=all&amp;lang2=en\" target=\"_blank\" rel=\"noreferrer noopener\">Text des Abschnitts Wajigasch\u00a0<\/a><\/strong>(Deutsch-Hebr\u00e4isch), talmud.de \u00dcbersetzung auf\u00a0<em>Sefaria<\/em>\u00a0<figure><img loading=\"lazy\" decoding=\"async\" width=\"20\" height=\"24\" src=\"https:\/\/i2.wp.com\/www.talmud.de\/tlmd\/wp-content\/uploads\/2021\/08\/sefaria_klein.png?resize=20%2C24&amp;ssl=1\" alt=\"Sefaria Logo\"><\/figure><\/li>\n\n\n\n<li><a href=\"https:\/\/tikkun.io\/#\/p\/vayigash\" target=\"_blank\" rel=\"noreferrer noopener\"><strong>Abschnitt im Tikkun<\/strong>\u00a0<\/a><figure><img loading=\"lazy\" decoding=\"async\" width=\"41\" height=\"28\" src=\"https:\/\/i1.wp.com\/www.talmud.de\/tlmd\/wp-content\/uploads\/2020\/06\/tikkun_online_schriftwechsel.png?resize=41%2C28&amp;ssl=1\" alt=\"\"><\/figure><\/li>\n<\/ul>\n\n\n\n<h2 class=\"wp-block-heading\">Zum Wochenabschnitt<\/h2>\n\n\n\n<ul class=\"wp-block-list\">\n<li><strong><a href=\"https:\/\/www.juedische-allgemeine.de\/religion\/vergeben-und-neu-anfangen\/\" target=\"_blank\" rel=\"noreferrer noopener\">Vergeben und neu anfangen<\/a><\/strong> Weil Jehuda umkehrt, kann Josef seine Br\u00fcder wieder annehmen Von Rabbiner Jehoschua Ahrens <em>J\u00fcdische Allgemeine<\/em><\/li>\n\n\n\n<li><strong><a href=\"https:\/\/www.juedische-allgemeine.de\/allgemein\/die-gnade-der-zweiten-chance\/\" target=\"_blank\" rel=\"noreferrer noopener\">Die Gnade der zweiten Chance<\/a><\/strong> Warum die Umkehr ein Geschenk an die Menschen ist Von Marcus Schroll (sel. Angedenkens) <em>J\u00fcdische Allgemeine<\/em><\/li>\n\n\n\n<li><strong><a href=\"https:\/\/www.juedische-allgemeine.de\/religion\/innere-umkehr\/\" target=\"_blank\" rel=\"noreferrer noopener\">Innere Umkehr<\/a><\/strong> Weil Jehuda seine Schuld eingestand, wurde er zur Identifikationsfigur f\u00fcr die Kinder Israels Von Rabbiner Salomon Almekias-Siegl <em>J\u00fcdische Allgemeine<\/em><\/li>\n\n\n\n<li><strong><a href=\"https:\/\/www.juedische-allgemeine.de\/religion\/raff-dich-auf\/\" target=\"_blank\" rel=\"noreferrer noopener\">Raff dich auf!<\/a><\/strong> Jakow lehrt uns, dass wir Schicksalsschl\u00e4ge \u00fcberwinden und auf G-tt vertrauen sollen Von Rabbiner Jaron Engelmayer <em>J\u00fcdische Allgemeine<\/em><\/li>\n\n\n\n<li><strong><a href=\"https:\/\/de.chabad.org\/parshah\/article_cdo\/aid\/715354\/jewish\/Chinuch-richtige-Erziehung.htm\" target=\"_blank\" rel=\"noreferrer noopener\">Chinuch \u2013 richtige Erziehung<\/a><\/strong> Von Dr. William Stern <em>Chabad<\/em><\/li>\n\n\n\n<li><strong><a href=\"https:\/\/de.chabad.org\/parshah\/article_cdo\/aid\/529087\/jewish\/Schlssel-zum-Geheimnis.htm\" target=\"_blank\" rel=\"noreferrer noopener\">Schl\u00fcssel zum Geheimnis<\/a><\/strong> Von Dr. William Stern <em>Chabad<\/em><\/li>\n\n\n\n<li><strong><a href=\"https:\/\/de.chabad.org\/parshah\/article_cdo\/aid\/715355\/jewish\/Ein-einziges-jdisches-Kind.htm\" target=\"_blank\" rel=\"noreferrer noopener\">Ein einziges j\u00fcdisches Kind<\/a><\/strong> Von Dr. William Stern <em>Chabad<\/em><\/li>\n\n\n\n<li><strong><a href=\"https:\/\/www.hagalil.com\/judentum\/torah\/leibowitz\/wajigasch.htm\" target=\"_blank\" rel=\"noreferrer noopener\">Das Seil folgte dem Eimer<\/a><\/strong> Von Nechama Leibowitz\u00a0<em>Hagalil.com<\/em><\/li>\n\n\n\n<li><strong><a href=\"https:\/\/rabbisacks.org\/wp-content\/uploads\/2021\/12\/GERMAN-Vayigash.pdf\" target=\"_blank\" rel=\"noreferrer noopener\">Die Geburt der Vergebung<\/a><\/strong> Von Rabbiner Lord Jonathan Sacks\u00a0<em>rabbisacks.org<\/em><\/li>\n<\/ul>\n\n\n\n<h2 class=\"wp-block-heading\">Haftarah<\/h2>\n\n\n\n<p><em>Nahezu alle Minhagim<\/em>: Jechezkiel 37, 15\u201328<\/p>\n\n\n\n<div class=\"wp-block-group\"><div class=\"wp-block-group__inner-container is-layout-flow wp-block-group-is-layout-flow\">\n<div class=\"wp-block-columns is-layout-flex wp-container-core-columns-is-layout-1 wp-block-columns-is-layout-flex\">\n<div class=\"wp-block-column is-layout-flow wp-block-column-is-layout-flow\" style=\"flex-basis:33.33%\">\n<figure class=\"wp-block-image size-large\"><a href=\"https:\/\/www.talmud.de\/tlmd\/zum-wochenabschnitt\/\"><img data-recalc-dims=\"1\" loading=\"lazy\" decoding=\"async\" width=\"89\" height=\"81\" src=\"https:\/\/i0.wp.com\/www.talmud.de\/tlmd\/wp-content\/uploads\/2021\/03\/torah_rolle_80.png?resize=89%2C81&#038;ssl=1\" alt=\"\" class=\"wp-image-7253\"\/><\/a><\/figure>\n<\/div>\n\n\n\n<div class=\"wp-block-column is-layout-flow wp-block-column-is-layout-flow\" style=\"flex-basis:66.66%\">\n<p><a href=\"https:\/\/www.talmud.de\/tlmd\/zum-wochenabschnitt\/\"><img data-recalc-dims=\"1\" loading=\"lazy\" decoding=\"async\" width=\"33\" height=\"20\" class=\"wp-image-1962\" style=\"width: 33px;\" src=\"https:\/\/i0.wp.com\/www.talmud.de\/tlmd\/wp-content\/uploads\/2016\/02\/hand_talmudde.png?resize=33%2C20&#038;ssl=1\" alt=\"\"> <strong>Zur \u00dcbersicht \u00fcber die Wochenabschnitte<\/strong><\/a><\/p>\n<\/div>\n<\/div>\n\n\n\n<p><\/p>\n<\/div><\/div>\n","protected":false},"excerpt":{"rendered":"<p>Zusammenfassung Bereschit 44,18\u201347,27Der Wochenabschnitt Wajigasch erz\u00e4hlt zun\u00e4chst davon, wie Jehudah darum bittet, statt seines Bruders Benjamins in die Knechtschaft zu gehen. Im Anschluss daran gibt sich Josef seinen Br\u00fcdern zu erkennen und vers\u00f6hnt sich mit ihnen. Pharao l\u00e4dt Josefs Familie ein nach \u00c4gypten zu kommen um \u201evom Fett des Landes zu zehren\u201c. Jaakow erf\u00e4hrt, dass sein Sohn noch lebt und geht nach \u00c4gypten. Der Pharao trifft Jaakow und gestattet Josefs Familie sich in Goschen nieder zu lassen. Zum Abschluss erz\u00e4hlt die Torah, wie Josef die Macht des Pharao durch die Versorgung der Bev\u00f6lkerung mit Korn vergr\u00f6\u00dferte. Torahabschnitt Zum Wochenabschnitt Haftarah Nahezu alle Minhagim: Jechezkiel 37, 15\u201328<\/p>\n","protected":false},"author":1,"featured_media":7257,"parent":0,"menu_order":0,"comment_status":"closed","ping_status":"closed","template":"","meta":{"_themeisle_gutenberg_block_has_review":false,"footnotes":""},"class_list":["post-8067","page","type-page","status-publish","has-post-thumbnail","hentry"],"jetpack_sharing_enabled":true,"_links":{"self":[{"href":"https:\/\/www.talmud.de\/tlmd\/wp-json\/wp\/v2\/pages\/8067","targetHints":{"allow":["GET"]}}],"collection":[{"href":"https:\/\/www.talmud.de\/tlmd\/wp-json\/wp\/v2\/pages"}],"about":[{"href":"https:\/\/www.talmud.de\/tlmd\/wp-json\/wp\/v2\/types\/page"}],"author":[{"embeddable":true,"href":"https:\/\/www.talmud.de\/tlmd\/wp-json\/wp\/v2\/users\/1"}],"replies":[{"embeddable":true,"href":"https:\/\/www.talmud.de\/tlmd\/wp-json\/wp\/v2\/comments?post=8067"}],"version-history":[{"count":2,"href":"https:\/\/www.talmud.de\/tlmd\/wp-json\/wp\/v2\/pages\/8067\/revisions"}],"predecessor-version":[{"id":10429,"href":"https:\/\/www.talmud.de\/tlmd\/wp-json\/wp\/v2\/pages\/8067\/revisions\/10429"}],"wp:featuredmedia":[{"embeddable":true,"href":"https:\/\/www.talmud.de\/tlmd\/wp-json\/wp\/v2\/media\/7257"}],"wp:attachment":[{"href":"https:\/\/www.talmud.de\/tlmd\/wp-json\/wp\/v2\/media?parent=8067"}],"curies":[{"name":"wp","href":"https:\/\/api.w.org\/{rel}","templated":true}]}}