{"id":8073,"date":"2021-12-13T12:03:27","date_gmt":"2021-12-13T10:03:27","guid":{"rendered":"https:\/\/www.talmud.de\/tlmd\/?page_id=8073"},"modified":"2021-12-16T00:44:46","modified_gmt":"2021-12-15T22:44:46","slug":"zum-wochenabschnitt-wajechi","status":"publish","type":"page","link":"https:\/\/www.talmud.de\/tlmd\/zum-wochenabschnitt-wajechi\/","title":{"rendered":"Zum Wochenabschnitt Wajechi"},"content":{"rendered":"\n<div class=\"wp-block-image\"><figure class=\"aligncenter size-large\"><img data-recalc-dims=\"1\" loading=\"lazy\" decoding=\"async\" width=\"269\" height=\"245\" src=\"https:\/\/i0.wp.com\/www.talmud.de\/tlmd\/wp-content\/uploads\/2021\/03\/torah_rolle.png?resize=269%2C245&#038;ssl=1\" alt=\"\" class=\"wp-image-7257\"\/><\/figure><\/div>\n\n\n\n\n\n\n<h2 class=\"wp-block-heading\">Zusammenfassung<\/h2>\n\n\n\n<p><em>Bereschit <\/em>47,28\u201350,26<br>Zu Beginn des Wochenabschnitts Wajechi segnet Jaakow seine Enkel Efrajim und Menasche. Seine S\u00f6hne versammeln sich um sein Sterbebett und an jeden von ihnen wendet er sich mit letzten Segensworten, jeweils ihrem Charakter entsprechend.<br>Jaakow stirbt und wird einbalsamiert.<br>Seinem Wunsch entsprechend wird er in der H\u00f6hle Machpelah in Hebron beigesetzt.<br>Josef verspricht seinen Br\u00fcdern, nun f\u00fcr sie zu sorgen.<br>Bevor Josef stirbt, erinnert er seine Br\u00fcder daran, dass Gott sie in das versprochene Land zur\u00fcckf\u00fchren wird.<br>Wenn sie zur\u00fcckkehren, sollen sie seine Gebeine mit sich nehmen.<br>Am Ende der Paraschah und des Buchs Bereschit stirbt Josef im Alter von 110 Jahren.<\/p>\n\n\n\n<h2 class=\"wp-block-heading\">Torahabschnitt<\/h2>\n\n\n\n<ul class=\"wp-block-list\" id=\"block-0130cbc3-0e49-4fce-808e-1a88b81f201d\"><li><strong><a href=\"https:\/\/www.talmud.de\/tlmd\/die-torah-eine-deutsche-uebersetzung\/die-torah-wajechi\/\">Text des Abschnitts Wajechi<\/a><\/strong>&nbsp;(Deutsch)<\/li><li><strong><a rel=\"noreferrer noopener\" href=\"https:\/\/www.sefaria.org\/Genesis.47.28?ven=Der_Pentateuch,_%C3%BCbersetzt_und_erl%C3%A4utert_von_Samson_Raphael_Hirsch._Frankfurt_am_Main,_1867-1878_[de]&amp;lang=bi&amp;with=all&amp;lang2=en\" target=\"_blank\">Text des Abschnitts Wajechi&nbsp;<\/a><\/strong>(Deutsch-Hebr\u00e4isch), talmud.de \u00dcbersetzung auf&nbsp;<em>Sefaria<\/em>&nbsp;<img loading=\"lazy\" decoding=\"async\" width=\"20\" height=\"24\" src=\"https:\/\/i2.wp.com\/www.talmud.de\/tlmd\/wp-content\/uploads\/2021\/08\/sefaria_klein.png?resize=20%2C24&amp;ssl=1\" alt=\"Sefaria Logo\"><\/li><li><a rel=\"noreferrer noopener\" href=\"https:\/\/tikkun.io\/#\/p\/vayechi\" target=\"_blank\"><strong>Abschnitt im Tikkun<\/strong>&nbsp;<\/a><img loading=\"lazy\" decoding=\"async\" width=\"41\" height=\"28\" src=\"https:\/\/i1.wp.com\/www.talmud.de\/tlmd\/wp-content\/uploads\/2020\/06\/tikkun_online_schriftwechsel.png?resize=41%2C28&amp;ssl=1\" alt=\"\"><\/li><\/ul>\n\n\n\n<h2 class=\"wp-block-heading\">Zum Wochenabschnitt<\/h2>\n\n\n\n<ul class=\"wp-block-list\"><li><strong><a rel=\"noreferrer noopener\" href=\"https:\/\/www.talmud.de\/tlmd\/angebliche-christologische-hinweise-in-der-heiligen-schrift\/\" target=\"_blank\">Angebliche christologische Hinweise in der Heiligen Schrift<\/a><\/strong> Ein Kommentar von Rabbiner Joseph Herman Hertz zu Bereschit 49,10 <em>talmud.de<\/em><\/li><li><strong><a rel=\"noreferrer noopener\" href=\"https:\/\/www.juedische-allgemeine.de\/religion\/im-gedaechtnis-bleiben\/\" target=\"_blank\">Im Ged\u00e4chtnis bleiben<\/a><\/strong> Jakows Segensspr\u00fcche f\u00fcr seine S\u00f6hne sollen den Nachfahren zur Erinnerung dienen Von Rabbiner Joel Berger\u00a0<em>J\u00fcdische Allgemeine<\/em><\/li><li><strong><a rel=\"noreferrer noopener\" href=\"https:\/\/www.juedische-allgemeine.de\/religion\/das-testament-des-patriarchen\/\" target=\"_blank\">Das Testament des Patriarchen<\/a><\/strong> Jakows Segen spielt eine gro\u00dfe Rolle bei der Legitimierung sp\u00e4terer Machtverh\u00e4ltnisse Von Rabbiner Joel Berger\u00a0<em>J\u00fcdische Allgemeine<\/em><\/li><li><strong><a rel=\"noreferrer noopener\" href=\"https:\/\/www.juedische-allgemeine.de\/religion\/schau-was-in-dir-steckt\/\" target=\"_blank\">Schau, was in dir steckt!<\/a><\/strong> Ein Segen ist nichts Magisches \u2013 vielmehr soll er einem Menschen sein Potenzial bewusst machen Von Rabbiner Alexander Kahanovsky\u00a0<em>J\u00fcdische Allgemeine<\/em><\/li><li><strong><a rel=\"noreferrer noopener\" href=\"https:\/\/www.juedische-allgemeine.de\/religion\/kein-termin-fu%CC%88r-den-maschiach\/\" target=\"_blank\">Kein Termin f\u00fcr den Maschiach<\/a><\/strong> Warum es besser ist, das Ende der Tage nicht zu kennen Von Nosson Kaplan \u00a0<em>J\u00fcdische Allgemeine<\/em><\/li><li><strong><a rel=\"noreferrer noopener\" href=\"https:\/\/www.juedische-allgemeine.de\/allgemein\/reine-absichten\/\" target=\"_blank\">Reine Absichten<\/a><\/strong> Selbstlos \u2013 Warum Wohltaten gegen\u00fcber Verstorbenen als \u00bbwahre Barmherzigkeit\u00ab gelten Von Rabbiner Elias Dray\u00a0<em>J\u00fcdische Allgemeine<\/em><\/li><li><strong><a rel=\"noreferrer noopener\" href=\"https:\/\/www.juedische-allgemeine.de\/allgemein\/trotz-aller-unterschiede\/\" target=\"_blank\">Trotz aller Unterschiede<\/a><\/strong> Wie der Glaube an den Ewigen das Volk Israel vereint Von Rabbiner Avichai Apel\u00a0<em>J\u00fcdische Allgemeine<\/em><\/li><li><strong><a rel=\"noreferrer noopener\" href=\"https:\/\/de.chabad.org\/parshah\/article_cdo\/aid\/715377\/jewish\/Das-Ende-der-Tage.htm\" target=\"_blank\">Das Ende der Tage<\/a><\/strong> Von Dr. William Stern\u00a0<em>Chabad<\/em><\/li><li><strong><a rel=\"noreferrer noopener\" href=\"https:\/\/de.chabad.org\/parshah\/article_cdo\/aid\/715378\/jewish\/Der-Wert-des-Untersten.htm\" target=\"_blank\">Der Wert des \u00bbUntersten\u00ab<\/a><\/strong> Von Dr. William Stern\u00a0<em>Chabad<\/em><\/li><li><strong><a rel=\"noreferrer noopener\" href=\"https:\/\/de.chabad.org\/parshah\/article_cdo\/aid\/529089\/jewish\/Prfe-dich-selbst.htm\" target=\"_blank\">Pr\u00fcfe dich selbst<\/a><\/strong> Von Dr. William Stern\u00a0<em>Chabad<\/em><\/li><li><strong><a rel=\"noreferrer noopener\" href=\"https:\/\/www.hagalil.com\/judentum\/torah\/leibowitz\/wajechi.htm\" target=\"_blank\">Jakobs Testament<\/a><\/strong> Von Nechama Leibowitz <em>Hagalil.com<\/em><\/li><li><strong><a href=\"https:\/\/rabbisacks.org\/wp-content\/uploads\/2021\/12\/GERMAN-Vayechi.pdf\" target=\"_blank\" rel=\"noreferrer noopener\">Wann darf man l\u00fcgen?<\/a><\/strong> Von Rabbiner Lord Jonathan Sacks\u00a0<em>rabbisacks.org<\/em><\/li><\/ul>\n\n\n\n<h2 class=\"wp-block-heading\">Haftarah<\/h2>\n\n\n\n<p>Fast alle Minhagim: <a href=\"https:\/\/www.talmud.de\/tlmd\/tanach\/das-buch-der-koenige-melachim-1-alef\/#kapitel-2\">1. Melachim 2,1 \u2013 2,12<\/a><\/p>\n\n\n\n<div class=\"wp-block-group\"><div class=\"wp-block-group__inner-container is-layout-flow wp-block-group-is-layout-flow\">\n<div class=\"wp-block-columns is-layout-flex wp-container-core-columns-is-layout-1 wp-block-columns-is-layout-flex\">\n<div class=\"wp-block-column is-layout-flow wp-block-column-is-layout-flow\" style=\"flex-basis:33.33%\">\n<figure class=\"wp-block-image size-large\"><a href=\"https:\/\/www.talmud.de\/tlmd\/zum-wochenabschnitt\/\"><img data-recalc-dims=\"1\" loading=\"lazy\" decoding=\"async\" width=\"89\" height=\"81\" src=\"https:\/\/i0.wp.com\/www.talmud.de\/tlmd\/wp-content\/uploads\/2021\/03\/torah_rolle_80.png?resize=89%2C81&#038;ssl=1\" alt=\"\" class=\"wp-image-7253\"\/><\/a><\/figure>\n<\/div>\n\n\n\n<div class=\"wp-block-column is-layout-flow wp-block-column-is-layout-flow\" style=\"flex-basis:66.66%\">\n<p><a href=\"https:\/\/www.talmud.de\/tlmd\/zum-wochenabschnitt\/\"><img data-recalc-dims=\"1\" loading=\"lazy\" decoding=\"async\" width=\"33\" height=\"20\" class=\"wp-image-1962\" style=\"width: 33px;\" src=\"https:\/\/i0.wp.com\/www.talmud.de\/tlmd\/wp-content\/uploads\/2016\/02\/hand_talmudde.png?resize=33%2C20&#038;ssl=1\" alt=\"\"> <strong>Zur \u00dcbersicht \u00fcber die Wochenabschnitte<\/strong><\/a><\/p>\n<\/div>\n<\/div>\n\n\n\n<p><\/p>\n<\/div><\/div>\n","protected":false},"excerpt":{"rendered":"<p>Zusammenfassung Bereschit 47,28\u201350,26Zu Beginn des Wochenabschnitts Wajechi segnet Jaakow seine Enkel Efrajim und Menasche. Seine S\u00f6hne versammeln sich um sein Sterbebett und an jeden von ihnen wendet er sich mit letzten Segensworten, jeweils ihrem Charakter entsprechend.Jaakow stirbt und wird einbalsamiert.Seinem Wunsch entsprechend wird er in der H\u00f6hle Machpelah in Hebron beigesetzt.Josef verspricht seinen Br\u00fcdern, nun f\u00fcr sie zu sorgen.Bevor Josef stirbt, erinnert er seine Br\u00fcder daran, dass Gott sie in das versprochene Land zur\u00fcckf\u00fchren wird.Wenn sie zur\u00fcckkehren, sollen sie seine Gebeine mit sich nehmen.Am Ende der Paraschah und des Buchs Bereschit stirbt Josef im Alter von 110 Jahren. Torahabschnitt Text des Abschnitts Wajechi&nbsp;(Deutsch) Text des Abschnitts Wajechi&nbsp;(Deutsch-Hebr\u00e4isch), talmud.de \u00dcbersetzung auf&nbsp;Sefaria&nbsp; Abschnitt im Tikkun&nbsp; Zum Wochenabschnitt Angebliche christologische Hinweise in der Heiligen Schrift Ein Kommentar von Rabbiner Joseph Herman Hertz zu Bereschit 49,10 talmud.de Im Ged\u00e4chtnis bleiben Jakows Segensspr\u00fcche f\u00fcr seine S\u00f6hne sollen den Nachfahren zur Erinnerung dienen Von Rabbiner Joel Berger\u00a0J\u00fcdische Allgemeine Das Testament des Patriarchen Jakows Segen spielt eine gro\u00dfe Rolle bei der Legitimierung sp\u00e4terer Machtverh\u00e4ltnisse Von Rabbiner Joel Berger\u00a0J\u00fcdische Allgemeine Schau, was in &hellip;<\/p>\n","protected":false},"author":1,"featured_media":0,"parent":0,"menu_order":0,"comment_status":"closed","ping_status":"closed","template":"","meta":{"_themeisle_gutenberg_block_has_review":false,"footnotes":""},"class_list":["post-8073","page","type-page","status-publish","hentry"],"jetpack_sharing_enabled":true,"_links":{"self":[{"href":"https:\/\/www.talmud.de\/tlmd\/wp-json\/wp\/v2\/pages\/8073","targetHints":{"allow":["GET"]}}],"collection":[{"href":"https:\/\/www.talmud.de\/tlmd\/wp-json\/wp\/v2\/pages"}],"about":[{"href":"https:\/\/www.talmud.de\/tlmd\/wp-json\/wp\/v2\/types\/page"}],"author":[{"embeddable":true,"href":"https:\/\/www.talmud.de\/tlmd\/wp-json\/wp\/v2\/users\/1"}],"replies":[{"embeddable":true,"href":"https:\/\/www.talmud.de\/tlmd\/wp-json\/wp\/v2\/comments?post=8073"}],"version-history":[{"count":1,"href":"https:\/\/www.talmud.de\/tlmd\/wp-json\/wp\/v2\/pages\/8073\/revisions"}],"predecessor-version":[{"id":8092,"href":"https:\/\/www.talmud.de\/tlmd\/wp-json\/wp\/v2\/pages\/8073\/revisions\/8092"}],"wp:attachment":[{"href":"https:\/\/www.talmud.de\/tlmd\/wp-json\/wp\/v2\/media?parent=8073"}],"curies":[{"name":"wp","href":"https:\/\/api.w.org\/{rel}","templated":true}]}}

<div class="wp-block-image"><figure class="aligncenter size-large"><img data-recalc-dims="1" loading="lazy" decoding="async" width="269" height="245" src="https://i0.wp.com/www.talmud.de/tlmd/wp-content/uploads/2021/03/torah_rolle.png?resize=269%2C245&#038;ssl=1" alt="" class="wp-image-7257"/></figure></div>






<h2 class="wp-block-heading">Zusammenfassung</h2>



<p><em>Bereschit </em>47,28–50,26<br>Zu Beginn des Wochenabschnitts Wajechi segnet Jaakow seine Enkel Efrajim und Menasche. Seine Söhne versammeln sich um sein Sterbebett und an jeden von ihnen wendet er sich mit letzten Segensworten, jeweils ihrem Charakter entsprechend.<br>Jaakow stirbt und wird einbalsamiert.<br>Seinem Wunsch entsprechend wird er in der Höhle Machpelah in Hebron beigesetzt.<br>Josef verspricht seinen Brüdern, nun für sie zu sorgen.<br>Bevor Josef stirbt, erinnert er seine Brüder daran, dass Gott sie in das versprochene Land zurückführen wird.<br>Wenn sie zurückkehren, sollen sie seine Gebeine mit sich nehmen.<br>Am Ende der Paraschah und des Buchs Bereschit stirbt Josef im Alter von 110 Jahren.</p>



<h2 class="wp-block-heading">Torahabschnitt</h2>



<ul class="wp-block-list" id="block-0130cbc3-0e49-4fce-808e-1a88b81f201d"><li><strong><a href="https://www.talmud.de/tlmd/die-torah-eine-deutsche-uebersetzung/die-torah-wajechi/">Text des Abschnitts Wajechi</a></strong>&nbsp;(Deutsch)</li><li><strong><a rel="noreferrer noopener" href="https://www.sefaria.org/Genesis.47.28?ven=Der_Pentateuch,_%C3%BCbersetzt_und_erl%C3%A4utert_von_Samson_Raphael_Hirsch._Frankfurt_am_Main,_1867-1878_[de]&amp;lang=bi&amp;with=all&amp;lang2=en" target="_blank">Text des Abschnitts Wajechi&nbsp;</a></strong>(Deutsch-Hebräisch), talmud.de Übersetzung auf&nbsp;<em>Sefaria</em>&nbsp;<img loading="lazy" decoding="async" width="20" height="24" src="https://i2.wp.com/www.talmud.de/tlmd/wp-content/uploads/2021/08/sefaria_klein.png?resize=20%2C24&amp;ssl=1" alt="Sefaria Logo"></li><li><a rel="noreferrer noopener" href="https://tikkun.io/#/p/vayechi" target="_blank"><strong>Abschnitt im Tikkun</strong>&nbsp;</a><img loading="lazy" decoding="async" width="41" height="28" src="https://i1.wp.com/www.talmud.de/tlmd/wp-content/uploads/2020/06/tikkun_online_schriftwechsel.png?resize=41%2C28&amp;ssl=1" alt=""></li></ul>



<h2 class="wp-block-heading">Zum Wochenabschnitt</h2>



<ul class="wp-block-list"><li><strong><a rel="noreferrer noopener" href="https://www.talmud.de/tlmd/angebliche-christologische-hinweise-in-der-heiligen-schrift/" target="_blank">Angebliche christologische Hinweise in der Heiligen Schrift</a></strong> Ein Kommentar von Rabbiner Joseph Herman Hertz zu Bereschit 49,10 <em>talmud.de</em></li><li><strong><a rel="noreferrer noopener" href="https://www.juedische-allgemeine.de/religion/im-gedaechtnis-bleiben/" target="_blank">Im Gedächtnis bleiben</a></strong> Jakows Segenssprüche für seine Söhne sollen den Nachfahren zur Erinnerung dienen Von Rabbiner Joel Berger <em>Jüdische Allgemeine</em></li><li><strong><a rel="noreferrer noopener" href="https://www.juedische-allgemeine.de/religion/das-testament-des-patriarchen/" target="_blank">Das Testament des Patriarchen</a></strong> Jakows Segen spielt eine große Rolle bei der Legitimierung späterer Machtverhältnisse Von Rabbiner Joel Berger <em>Jüdische Allgemeine</em></li><li><strong><a rel="noreferrer noopener" href="https://www.juedische-allgemeine.de/religion/schau-was-in-dir-steckt/" target="_blank">Schau, was in dir steckt!</a></strong> Ein Segen ist nichts Magisches – vielmehr soll er einem Menschen sein Potenzial bewusst machen Von Rabbiner Alexander Kahanovsky <em>Jüdische Allgemeine</em></li><li><strong><a rel="noreferrer noopener" href="https://www.juedische-allgemeine.de/religion/kein-termin-fu%CC%88r-den-maschiach/" target="_blank">Kein Termin für den Maschiach</a></strong> Warum es besser ist, das Ende der Tage nicht zu kennen Von Nosson Kaplan  <em>Jüdische Allgemeine</em></li><li><strong><a rel="noreferrer noopener" href="https://www.juedische-allgemeine.de/allgemein/reine-absichten/" target="_blank">Reine Absichten</a></strong> Selbstlos – Warum Wohltaten gegenüber Verstorbenen als »wahre Barmherzigkeit« gelten Von Rabbiner Elias Dray <em>Jüdische Allgemeine</em></li><li><strong><a rel="noreferrer noopener" href="https://www.juedische-allgemeine.de/allgemein/trotz-aller-unterschiede/" target="_blank">Trotz aller Unterschiede</a></strong> Wie der Glaube an den Ewigen das Volk Israel vereint Von Rabbiner Avichai Apel <em>Jüdische Allgemeine</em></li><li><strong><a rel="noreferrer noopener" href="https://de.chabad.org/parshah/article_cdo/aid/715377/jewish/Das-Ende-der-Tage.htm" target="_blank">Das Ende der Tage</a></strong> Von Dr. William Stern <em>Chabad</em></li><li><strong><a rel="noreferrer noopener" href="https://de.chabad.org/parshah/article_cdo/aid/715378/jewish/Der-Wert-des-Untersten.htm" target="_blank">Der Wert des »Untersten«</a></strong> Von Dr. William Stern <em>Chabad</em></li><li><strong><a rel="noreferrer noopener" href="https://de.chabad.org/parshah/article_cdo/aid/529089/jewish/Prfe-dich-selbst.htm" target="_blank">Prüfe dich selbst</a></strong> Von Dr. William Stern <em>Chabad</em></li><li><strong><a rel="noreferrer noopener" href="https://www.hagalil.com/judentum/torah/leibowitz/wajechi.htm" target="_blank">Jakobs Testament</a></strong> Von Nechama Leibowitz <em>Hagalil.com</em></li><li><strong><a href="https://rabbisacks.org/wp-content/uploads/2021/12/GERMAN-Vayechi.pdf" target="_blank" rel="noreferrer noopener">Wann darf man lügen?</a></strong> Von Rabbiner Lord Jonathan Sacks <em>rabbisacks.org</em></li></ul>



<h2 class="wp-block-heading">Haftarah</h2>



<p>Fast alle Minhagim: <a href="https://www.talmud.de/tlmd/tanach/das-buch-der-koenige-melachim-1-alef/#kapitel-2">1. Melachim 2,1 – 2,12</a></p>



<div class="wp-block-group"><div class="wp-block-group__inner-container is-layout-flow wp-block-group-is-layout-flow">
<div class="wp-block-columns is-layout-flex wp-container-core-columns-is-layout-1 wp-block-columns-is-layout-flex">
<div class="wp-block-column is-layout-flow wp-block-column-is-layout-flow" style="flex-basis:33.33%">
<figure class="wp-block-image size-large"><a href="https://www.talmud.de/tlmd/zum-wochenabschnitt/"><img data-recalc-dims="1" loading="lazy" decoding="async" width="89" height="81" src="https://i0.wp.com/www.talmud.de/tlmd/wp-content/uploads/2021/03/torah_rolle_80.png?resize=89%2C81&#038;ssl=1" alt="" class="wp-image-7253"/></a></figure>
</div>



<div class="wp-block-column is-layout-flow wp-block-column-is-layout-flow" style="flex-basis:66.66%">
<p><a href="https://www.talmud.de/tlmd/zum-wochenabschnitt/"><img data-recalc-dims="1" loading="lazy" decoding="async" width="33" height="20" class="wp-image-1962" style="width: 33px;" src="https://i0.wp.com/www.talmud.de/tlmd/wp-content/uploads/2016/02/hand_talmudde.png?resize=33%2C20&#038;ssl=1" alt=""> <strong>Zur Übersicht über die Wochenabschnitte</strong></a></p>
</div>
</div>



<p></p>
</div></div>

<p>Zusammenfassung Bereschit 47,28–50,26Zu Beginn des Wochenabschnitts Wajechi segnet Jaakow seine Enkel Efrajim und Menasche. Seine Söhne versammeln sich um sein Sterbebett und an jeden von ihnen wendet er sich mit letzten Segensworten, jeweils ihrem Charakter entsprechend.Jaakow stirbt und wird einbalsamiert.Seinem Wunsch entsprechend wird er in der Höhle Machpelah in Hebron beigesetzt.Josef verspricht seinen Brüdern, nun für sie zu sorgen.Bevor Josef stirbt, erinnert er seine Brüder daran, dass Gott sie in das versprochene Land zurückführen wird.Wenn sie zurückkehren, sollen sie seine Gebeine mit sich nehmen.Am Ende der Paraschah und des Buchs Bereschit stirbt Josef im Alter von 110 Jahren. Torahabschnitt Text des Abschnitts Wajechi&nbsp;(Deutsch) Text des Abschnitts Wajechi&nbsp;(Deutsch-Hebräisch), talmud.de Übersetzung auf&nbsp;Sefaria&nbsp; Abschnitt im Tikkun&nbsp; Zum Wochenabschnitt Angebliche christologische Hinweise in der Heiligen Schrift Ein Kommentar von Rabbiner Joseph Herman Hertz zu Bereschit 49,10 talmud.de Im Gedächtnis bleiben Jakows Segenssprüche für seine Söhne sollen den Nachfahren zur Erinnerung dienen Von Rabbiner Joel Berger Jüdische Allgemeine Das Testament des Patriarchen Jakows Segen spielt eine große Rolle bei der Legitimierung späterer Machtverhältnisse Von Rabbiner Joel Berger Jüdische Allgemeine Schau, was in &hellip;</p>
