{"id":8109,"date":"2021-12-30T19:12:41","date_gmt":"2021-12-30T17:12:41","guid":{"rendered":"https:\/\/www.talmud.de\/tlmd\/?page_id=8109"},"modified":"2023-01-10T13:43:06","modified_gmt":"2023-01-10T11:43:06","slug":"zum-wochenabschnitt-waera","status":"publish","type":"page","link":"https:\/\/www.talmud.de\/tlmd\/zum-wochenabschnitt-waera\/","title":{"rendered":"Zum Wochenabschnitt Wa&#8217;era"},"content":{"rendered":"\n\n\n\n<h2 class=\"wp-block-heading\">Zusammenfassung<\/h2>\n\n\n\n<p><em>Schemot <\/em>6,2\u20139,35 <br>Der Wochenabschnitt Wa&#8217;era beschreibt zu Beginn, dass die Kinder Israels Moses und Aaron kein Geh\u00f6r schenkten, obwohl Gottes Name ihnen durch Moses offenbart wurde. Dann werden die Stammb\u00e4ume von Aaron und Moses beschrieben. Moses verwandelt vor den Augen des Pharao seinen Stab in ein Krokodil und fordert ihn auf, die Kinder Israels ziehen zu lassen. Der Pharao bleibt hart und so kommen die ersten sieben Plagen \u00fcber \u00c4gypten: Blut, Fr\u00f6sche, Ungeziefer, wilde Tiere, Viehseuche, Aussatz und Hagelschlag. Auch danach bleibt der Pharao hart und l\u00e4sst sie nicht gehen.<\/p>\n\n\n\n<h2 class=\"wp-block-heading\">Torahabschnitt<\/h2>\n\n\n\n<ul class=\"wp-block-list\" id=\"block-83dc6bc4-12a7-4b0e-9810-d9943690ad21\"><li><strong><a href=\"https:\/\/www.talmud.de\/tlmd\/die-torah-eine-deutsche-uebersetzung\/die-torah-waera\/\" target=\"_blank\" rel=\"noreferrer noopener\">Text des Abschnitts Wa&#8217;era (Deutsch)<\/a><\/strong><\/li><li><strong><a href=\"https:\/\/www.sefaria.org\/Exodus.6.2?ven=Der_Pentateuch,_%C3%BCbersetzt_und_erl%C3%A4utert_von_Samson_Raphael_Hirsch._Frankfurt_am_Main,_1867-1878_[de]&amp;lang=bi&amp;aliyot=0\" target=\"_blank\" rel=\"noreferrer noopener\">Text des Abschnitts Wa&#8217;era (Hebr\u00e4isch-Deutsch)<\/a><\/strong>, \u00dcbersetzung auf Sefaria <img data-recalc-dims=\"1\" decoding=\"async\" src=\"https:\/\/i0.wp.com\/www.talmud.de\/tlmd\/wp-content\/uploads\/2021\/08\/sefaria_klein.png?w=840&#038;ssl=1\" alt=\"Sefaria Logo\"><\/li><li><a href=\"https:\/\/tikkun.io\/#\/p\/vaera\" target=\"_blank\" rel=\"noreferrer noopener\"><strong>Abschnitt im Tikkun<\/strong><\/a><\/li><\/ul>\n\n\n\n<h2 class=\"wp-block-heading\">Zum Wochenabschnitt<\/h2>\n\n\n\n<ul class=\"wp-block-list\"><li><strong><a rel=\"noreferrer noopener\" href=\"https:\/\/www.juedische-allgemeine.de\/religion\/solidaritaet-im-leiden\/\" target=\"_blank\">Solidarit\u00e4t im Leiden<\/a><\/strong> Die Geschichte vom Auszug aus \u00c4gypten pr\u00e4gt das j\u00fcdische Volk bis heute Von Rabbiner Joel Berger <img data-recalc-dims=\"1\" loading=\"lazy\" decoding=\"async\" width=\"150\" height=\"18\" class=\"wp-image-8100\" style=\"width: 150px;\" src=\"https:\/\/i0.wp.com\/www.talmud.de\/tlmd\/wp-content\/uploads\/2021\/12\/JA_online.png?resize=150%2C18&#038;ssl=1\" alt=\"J\u00fcdische Allgemeine Online\"><\/li><li><strong><a rel=\"noreferrer noopener\" href=\"https:\/\/www.juedische-allgemeine.de\/religion\/alles-im-fluss-4\/\" target=\"_blank\">Alles im Fluss<\/a><\/strong> Was wir aus Mosches Verhalten am Nil f\u00fcr den Umgang mit anderen Menschen lernen k\u00f6nnen Von Rabbiner Yehuda Teichtal <img data-recalc-dims=\"1\" loading=\"lazy\" decoding=\"async\" width=\"150\" height=\"18\" class=\"wp-image-8100\" style=\"width: 150px;\" src=\"https:\/\/i0.wp.com\/www.talmud.de\/tlmd\/wp-content\/uploads\/2021\/12\/JA_online.png?resize=150%2C18&#038;ssl=1\" alt=\"J\u00fcdische Allgemeine Online\"><\/li><li><strong><a rel=\"noreferrer noopener\" href=\"https:\/\/www.juedische-allgemeine.de\/religion\/sei-kein-frosch\/\" target=\"_blank\">Sei kein Frosch<\/a><\/strong> Was die zweite Plage Pharao zeigte und uns heute lehrt Von Chajm Guski <img data-recalc-dims=\"1\" loading=\"lazy\" decoding=\"async\" width=\"150\" height=\"18\" class=\"wp-image-8100\" style=\"width: 150px;\" src=\"https:\/\/i0.wp.com\/www.talmud.de\/tlmd\/wp-content\/uploads\/2021\/12\/JA_online.png?resize=150%2C18&#038;ssl=1\" alt=\"J\u00fcdische Allgemeine Online\"><\/li><li><strong><a rel=\"noreferrer noopener\" href=\"https:\/\/www.juedische-allgemeine.de\/religion\/ich-bin-euer-gott\/\" target=\"_blank\">\u00bbIch bin euer G-tt\u00ab<\/a><\/strong> Erst wenn das Volk Israel anerkennt, dass der Ewige der Herr ist, darf es das verhei\u00dfene Land betreten Von Salomon Almekias-Siegl <img data-recalc-dims=\"1\" loading=\"lazy\" decoding=\"async\" width=\"150\" height=\"18\" class=\"wp-image-8100\" style=\"width: 150px;\" src=\"https:\/\/i0.wp.com\/www.talmud.de\/tlmd\/wp-content\/uploads\/2021\/12\/JA_online.png?resize=150%2C18&#038;ssl=1\" alt=\"J\u00fcdische Allgemeine Online\"><\/li><li><strong><a rel=\"noreferrer noopener\" href=\"https:\/\/www.juedische-allgemeine.de\/religion\/am-steuer\/\" target=\"_blank\">Am Steuer<\/a><\/strong> G\u2019tt lenkt die Welt \u2013 und \u00fcberl\u00e4sst es dem Menschen, Ihn darin zu entdecken Von Rabbiner Avichai Apel <img data-recalc-dims=\"1\" loading=\"lazy\" decoding=\"async\" width=\"150\" height=\"18\" class=\"wp-image-8100\" style=\"width: 150px;\" src=\"https:\/\/i0.wp.com\/www.talmud.de\/tlmd\/wp-content\/uploads\/2021\/12\/JA_online.png?resize=150%2C18&#038;ssl=1\" alt=\"J\u00fcdische Allgemeine Online\"><\/li><li><strong><a rel=\"noreferrer noopener\" href=\"https:\/\/www.hagalil.com\/judentum\/torah\/leibowitz\/waera.htm\" target=\"_blank\">Sidra Wa&#8217;era <strong>Kann ein Wunder \u00fcberzeugen?<\/strong><\/a><\/strong>\u00a0Von Nechama Leibowitz\u00a0<em>Hagalil.com<\/em><\/li><li><strong><a rel=\"noreferrer noopener\" href=\"https:\/\/de.chabad.org\/parshah\/article_cdo\/aid\/717063\/jewish\/Auszug-aus-gypten.htm\" target=\"_blank\">Auszug aus \u00c4gypten<\/a><\/strong> Von Dr. William Stern.\u00a0<em>Chabad<\/em><\/li><li><strong><a rel=\"noreferrer noopener\" href=\"https:\/\/de.chabad.org\/parshah\/article_cdo\/aid\/717065\/jewish\/Dies-ist-der-Zeitpunkt-verpasst-ihn-nicht.htm\" target=\"_blank\">Dies ist der Zeitpunkt \u2013 verpasst ihn nicht!<\/a><\/strong> Von Dr. William Stern.\u00a0<em>Chabad<\/em><\/li><li><a href=\"https:\/\/de.chabad.org\/parshah\/article_cdo\/aid\/717066\/jewish\/Eiskalte-Gleichgltigkeit-oder-warme-Begeisterung.htm\"><strong>Eiskalte Gleichg\u00fcltigkeit \u2013 oder warme Begeisterung?<\/strong><\/a> Von Dr. William Stern.\u00a0<em>Chabad<\/em><\/li><\/ul>\n\n\n\n<h2 class=\"wp-block-heading\">Zahlen<\/h2>\n\n\n\n<p>In der Torahrolle besteht der Abschnitt aus 6.701 Buchstaben, 1.748 W\u00f6rtern, 121 Versen und 222 Zeilen.<\/p>\n\n\n\n<h2 class=\"wp-block-heading\">Haftarah<\/h2>\n\n\n\n<p><em>Aschkenasisch, Frankfurt am Main, Chabad<\/em>, Sefardisch: <a rel=\"noreferrer noopener\" href=\"https:\/\/www.sefaria.org\/Ezekiel.28.25?lang=bi\" target=\"_blank\">Jechezkiel 28,25 \u2013 29,21<\/a> <img data-recalc-dims=\"1\" loading=\"lazy\" decoding=\"async\" width=\"20\" height=\"24\" class=\"wp-image-7704\" style=\"width: 20px;\" src=\"https:\/\/i0.wp.com\/www.talmud.de\/tlmd\/wp-content\/uploads\/2021\/08\/sefaria_klein.png?resize=20%2C24&#038;ssl=1\" alt=\"Sefaria Logo\"><br><em>Italienisch, Jemenitisch:<\/em>  <a href=\"https:\/\/www.sefaria.org\/Ezekiel.28.24?lang=bi\">Jechezkiel 28,24 \u2013 29,21<\/a> <img data-recalc-dims=\"1\" loading=\"lazy\" decoding=\"async\" width=\"20\" height=\"24\" class=\"wp-image-7704\" style=\"width: 20px;\" src=\"https:\/\/i0.wp.com\/www.talmud.de\/tlmd\/wp-content\/uploads\/2021\/08\/sefaria_klein.png?resize=20%2C24&#038;ssl=1\" alt=\"Sefaria Logo\"><\/p>\n\n\n\n<div class=\"wp-block-group\"><div class=\"wp-block-group__inner-container is-layout-flow wp-block-group-is-layout-flow\">\n<div class=\"wp-block-columns is-layout-flex wp-container-core-columns-is-layout-1 wp-block-columns-is-layout-flex\">\n<div class=\"wp-block-column is-layout-flow wp-block-column-is-layout-flow\" style=\"flex-basis:33.33%\">\n<figure class=\"wp-block-image size-large\"><a href=\"https:\/\/www.talmud.de\/tlmd\/zum-wochenabschnitt\/\"><img data-recalc-dims=\"1\" loading=\"lazy\" decoding=\"async\" width=\"89\" height=\"81\" src=\"https:\/\/i0.wp.com\/www.talmud.de\/tlmd\/wp-content\/uploads\/2021\/03\/torah_rolle_80.png?resize=89%2C81&#038;ssl=1\" alt=\"\" class=\"wp-image-7253\"\/><\/a><\/figure>\n<\/div>\n\n\n\n<div class=\"wp-block-column is-layout-flow wp-block-column-is-layout-flow\" style=\"flex-basis:66.66%\">\n<p><a href=\"https:\/\/www.talmud.de\/tlmd\/zum-wochenabschnitt\/\"><img data-recalc-dims=\"1\" loading=\"lazy\" decoding=\"async\" width=\"33\" height=\"20\" class=\"wp-image-1962\" style=\"width: 33px;\" src=\"https:\/\/i0.wp.com\/www.talmud.de\/tlmd\/wp-content\/uploads\/2016\/02\/hand_talmudde.png?resize=33%2C20&#038;ssl=1\" alt=\"\"> <strong>Zur \u00dcbersicht \u00fcber die Wochenabschnitte<\/strong><\/a><\/p>\n<\/div>\n<\/div>\n\n\n\n<p><\/p>\n<\/div><\/div>\n","protected":false},"excerpt":{"rendered":"<p>Zusammenfassung Schemot 6,2\u20139,35 Der Wochenabschnitt Wa&#8217;era beschreibt zu Beginn, dass die Kinder Israels Moses und Aaron kein Geh\u00f6r schenkten, obwohl Gottes Name ihnen durch Moses offenbart wurde. Dann werden die Stammb\u00e4ume von Aaron und Moses beschrieben. Moses verwandelt vor den Augen des Pharao seinen Stab in ein Krokodil und fordert ihn auf, die Kinder Israels ziehen zu lassen. Der Pharao bleibt hart und so kommen die ersten sieben Plagen \u00fcber \u00c4gypten: Blut, Fr\u00f6sche, Ungeziefer, wilde Tiere, Viehseuche, Aussatz und Hagelschlag. Auch danach bleibt der Pharao hart und l\u00e4sst sie nicht gehen. Torahabschnitt Text des Abschnitts Wa&#8217;era (Deutsch) Text des Abschnitts Wa&#8217;era (Hebr\u00e4isch-Deutsch), \u00dcbersetzung auf Sefaria Abschnitt im Tikkun Zum Wochenabschnitt Solidarit\u00e4t im Leiden Die Geschichte vom Auszug aus \u00c4gypten pr\u00e4gt das j\u00fcdische Volk bis heute Von Rabbiner Joel Berger Alles im Fluss Was wir aus Mosches Verhalten am Nil f\u00fcr den Umgang mit anderen Menschen lernen k\u00f6nnen Von Rabbiner Yehuda Teichtal Sei kein Frosch Was die zweite Plage Pharao zeigte und uns heute lehrt Von Chajm Guski \u00bbIch bin euer G-tt\u00ab Erst wenn das Volk &hellip;<\/p>\n","protected":false},"author":1,"featured_media":7257,"parent":0,"menu_order":0,"comment_status":"closed","ping_status":"closed","template":"","meta":{"_themeisle_gutenberg_block_has_review":false,"footnotes":""},"class_list":["post-8109","page","type-page","status-publish","has-post-thumbnail","hentry"],"jetpack_sharing_enabled":true,"_links":{"self":[{"href":"https:\/\/www.talmud.de\/tlmd\/wp-json\/wp\/v2\/pages\/8109","targetHints":{"allow":["GET"]}}],"collection":[{"href":"https:\/\/www.talmud.de\/tlmd\/wp-json\/wp\/v2\/pages"}],"about":[{"href":"https:\/\/www.talmud.de\/tlmd\/wp-json\/wp\/v2\/types\/page"}],"author":[{"embeddable":true,"href":"https:\/\/www.talmud.de\/tlmd\/wp-json\/wp\/v2\/users\/1"}],"replies":[{"embeddable":true,"href":"https:\/\/www.talmud.de\/tlmd\/wp-json\/wp\/v2\/comments?post=8109"}],"version-history":[{"count":1,"href":"https:\/\/www.talmud.de\/tlmd\/wp-json\/wp\/v2\/pages\/8109\/revisions"}],"predecessor-version":[{"id":9326,"href":"https:\/\/www.talmud.de\/tlmd\/wp-json\/wp\/v2\/pages\/8109\/revisions\/9326"}],"wp:featuredmedia":[{"embeddable":true,"href":"https:\/\/www.talmud.de\/tlmd\/wp-json\/wp\/v2\/media\/7257"}],"wp:attachment":[{"href":"https:\/\/www.talmud.de\/tlmd\/wp-json\/wp\/v2\/media?parent=8109"}],"curies":[{"name":"wp","href":"https:\/\/api.w.org\/{rel}","templated":true}]}}