{"id":8422,"date":"2022-03-09T10:02:20","date_gmt":"2022-03-09T08:02:20","guid":{"rendered":"https:\/\/www.talmud.de\/tlmd\/?page_id=8422"},"modified":"2022-12-20T18:00:17","modified_gmt":"2022-12-20T16:00:17","slug":"zum-wochenabschnitt-wajikra","status":"publish","type":"page","link":"https:\/\/www.talmud.de\/tlmd\/zum-wochenabschnitt-wajikra\/","title":{"rendered":"Zum Wochenabschnitt WaJikra"},"content":{"rendered":"\n<div class=\"wp-block-image\"><figure class=\"aligncenter size-large\"><img data-recalc-dims=\"1\" loading=\"lazy\" decoding=\"async\" width=\"269\" height=\"245\" src=\"https:\/\/i0.wp.com\/www.talmud.de\/tlmd\/wp-content\/uploads\/2021\/03\/torah_rolle.png?resize=269%2C245&#038;ssl=1\" alt=\"\" class=\"wp-image-7257\"\/><\/figure><\/div>\n\n\n\n<h2 class=\"wp-block-heading\">Zusammenfassung<\/h2>\n\n\n\n<p><em>WaJikra<\/em> 1,1\u20135,26 <br>Der Wochenabschnitt dieser Woche ist der Beginn des Buches Wajikra. Der Anschnitt enth\u00e4lt die Anweisungen, auf welche Art, an welchem Ort und von welchen Tierarten die verschiedenen Arten von Opfern dargebracht werden sollen. Es werden f\u00fcnf Arten von Opfer unterschieden: das Brandopfer, das Friedensopfer, das S\u00fcndenopfer, das Schuldopfer sowie verschiedene Arten von Speiseopfer.<\/p>\n\n\n\n<h2 class=\"wp-block-heading\">Torahabschnitt<\/h2>\n\n\n\n<ul class=\"wp-block-list\"><li><a href=\"https:\/\/www.talmud.de\/tlmd\/die-torah-eine-deutsche-uebersetzung\/die-torah-wajikra\/\"><strong>Text des Wochenabschnitts (Deutsch)<\/strong><\/a><\/li><li><strong><a href=\"https:\/\/www.sefaria.org\/Leviticus.1.1?ven=Die_Heilige_Schrift,_trans._Dr._Simon_Bernfeld,_Berlin,_1902_-_German_[de]&amp;lang=bi&amp;aliyot=1\" target=\"_blank\" rel=\"noreferrer noopener\">Text des Wochenabschnitts<\/a><\/strong>&nbsp;talmud.de \u00dcbersetzung auf Sefaria&nbsp;<img loading=\"lazy\" decoding=\"async\" width=\"20\" height=\"24\" src=\"https:\/\/i2.wp.com\/www.talmud.de\/tlmd\/wp-content\/uploads\/2021\/08\/sefaria_klein.png?resize=20%2C24&amp;ssl=1\" alt=\"Sefaria Logo\">&nbsp;Hebr\u00e4isch-Deutsch<\/li><li><strong><a href=\"https:\/\/tikkun.io\/#\/p\/vayikra\" target=\"_blank\" rel=\"noreferrer noopener\">Abschnitt im Tikkun<\/a><\/strong>&nbsp;<img loading=\"lazy\" decoding=\"async\" width=\"41\" height=\"28\" src=\"https:\/\/i1.wp.com\/www.talmud.de\/tlmd\/wp-content\/uploads\/2020\/06\/tikkun_online_schriftwechsel.png?resize=41%2C28&amp;ssl=1\" alt=\"\"><\/li><\/ul>\n\n\n\n<h2 class=\"wp-block-heading\">Zum Wochenabschnitt<\/h2>\n\n\n\n<ul class=\"wp-block-list\"><li><strong><a rel=\"noreferrer noopener\" href=\"https:\/\/www.juedische-allgemeine.de\/religion\/jeder-ist-ein-teil-des-ganzen\/\" target=\"_blank\">Jeder ist ein Teil des Ganzen<\/a><\/strong> Alle Menschen sind miteinander verbunden \u2013 und deshalb f\u00fcreinander verantwortlich Von Vyacheslav Dobrovych &nbsp;<em>J\u00fcdische Allgemeine<\/em><\/li><li><strong><a rel=\"noreferrer noopener\" href=\"https:\/\/www.juedische-allgemeine.de\/religion\/opfer-und-segen\/\" target=\"_blank\">Opfer und Segen<\/a><\/strong> Wie das Judentum die materielle und die spirituelle Welt miteinander verbindet Von Rabbiner Salomon Almekias-Siegl&nbsp;<em>J\u00fcdische Allgemeine<\/em><\/li><li><strong><a rel=\"noreferrer noopener\" href=\"https:\/\/www.juedische-allgemeine.de\/religion\/als-mazzot-soll-es-gegessen-werden\/\" target=\"_blank\">\u00bbAls Mazzot soll es gegessen werden\u00ab<\/a><\/strong> Warum die Speiseopfer unges\u00e4uert sein mussten und mit Salz dargebracht wurden Von Chajm Guski &nbsp;<em>J\u00fcdische Allgemeine<\/em><\/li><li><a href=\"https:\/\/de.chabad.org\/parshah\/article_cdo\/aid\/722619\/jewish\/Der-Mensch-muss-sich-selbst-opfern.htm\"><strong>Der Mensch muss \u00bbsich selbst opfern\u00ab<\/strong><\/a> Von Dr. William Stern.&nbsp;<em>Chabad<\/em><\/li><li><strong><a rel=\"noreferrer noopener\" href=\"https:\/\/de.chabad.org\/parshah\/article_cdo\/aid\/722620\/jewish\/Reichtum-ein-von-G-tt-anvertrautes-Pfand.htm\" target=\"_blank\">Reichtum \u2013 ein von G-tt anvertrautes Pfand<\/a><\/strong> Von Dr. William Stern.&nbsp;<em>Chabad<\/em><\/li><li><strong><a rel=\"noreferrer noopener\" href=\"https:\/\/de.chabad.org\/parshah\/article_cdo\/aid\/722621\/jewish\/Von-dem-individuellen-Opfern.htm\" target=\"_blank\">Von dem individuellen Opfern<\/a><\/strong> Von Dr. William Stern.&nbsp;<em>Chabad<\/em><\/li><li><strong><a rel=\"noreferrer noopener\" href=\"https:\/\/judentum.hagalil.com\/sidra-wajikra\/\" target=\"_blank\">Die Begr\u00fcndung der Opfer<\/a><\/strong> Von Nechama Leibowitz&nbsp;<em>hagalil.com<\/em><\/li><li><a rel=\"noreferrer noopener\" href=\"https:\/\/media.rabbisacks.org\/20210706224921\/GERMAN-Vayikra-5781.pdf\" target=\"_blank\"><strong>Die S\u00fcnden einer F\u00fchrungskraft<\/strong> <img data-recalc-dims=\"1\" loading=\"lazy\" decoding=\"async\" width=\"24\" height=\"24\" class=\"wp-image-7992\" style=\"width: 24px;\" src=\"https:\/\/i0.wp.com\/www.talmud.de\/tlmd\/wp-content\/uploads\/2021\/10\/outline_picture_as_pdf_black_24dp.png?resize=24%2C24&#038;ssl=1\" alt=\"\"><\/a> Von Rabbiner Lord Jonathan Sacks (sel. Ang.)&nbsp;<em>rabbisacks.org<\/em><\/li><li><strong><a href=\"https:\/\/media.rabbisacks.org\/20220309095808\/GERMAN-Vayikra.pdf\" target=\"_blank\" rel=\"noreferrer noopener\">Was opfern wir? <img data-recalc-dims=\"1\" loading=\"lazy\" decoding=\"async\" width=\"24\" height=\"24\" class=\"wp-image-7992\" style=\"width: 24px;\" src=\"https:\/\/i0.wp.com\/www.talmud.de\/tlmd\/wp-content\/uploads\/2021\/10\/outline_picture_as_pdf_black_24dp.png?resize=24%2C24&#038;ssl=1\" alt=\"\"><\/a><\/strong> Von Rabbiner Lord Jonathan Sacks (sel. Ang.)&nbsp;<em>rabbisacks.org<\/em><\/li><\/ul>\n\n\n\n<h2 class=\"wp-block-heading\">Haftarah<\/h2>\n\n\n\n<p><em>Am <a href=\"https:\/\/www.talmud.de\/tlmd\/zum-schabbat-sachor\/\">Schabbat Sachor<\/a> wird die <a href=\"https:\/\/www.talmud.de\/tlmd\/zum-schabbat-sachor\/\">Haftarah f\u00fcr den Schabbat Sachor<\/a> gelesen.<\/em><\/p>\n\n\n\n<p><em>Die meisten Minhagim<\/em>: <a href=\"https:\/\/www.talmud.de\/tlmd\/tanach\/jeschajahu-das-buch-jesaja\/#Kapitel43\">Jeschajahu 43,21 \u2013 44,23<\/a><br><em>Jemenitisch<\/em>: <a href=\"https:\/\/www.talmud.de\/tlmd\/tanach\/jeschajahu-das-buch-jesaja\/#Kapitel43\">Jeschajahu 43,21 \u2013 44,6<\/a><\/p>\n\n\n\n<div class=\"wp-block-group\"><div class=\"wp-block-group__inner-container is-layout-flow wp-block-group-is-layout-flow\">\n<div class=\"wp-block-columns is-layout-flex wp-container-core-columns-is-layout-1 wp-block-columns-is-layout-flex\">\n<div class=\"wp-block-column is-layout-flow wp-block-column-is-layout-flow\" style=\"flex-basis:33.33%\">\n<figure class=\"wp-block-image size-large\"><a href=\"https:\/\/www.talmud.de\/tlmd\/zum-wochenabschnitt\/\"><img data-recalc-dims=\"1\" loading=\"lazy\" decoding=\"async\" width=\"89\" height=\"81\" src=\"https:\/\/i0.wp.com\/www.talmud.de\/tlmd\/wp-content\/uploads\/2021\/03\/torah_rolle_80.png?resize=89%2C81&#038;ssl=1\" alt=\"\" class=\"wp-image-7253\"\/><\/a><\/figure>\n<\/div>\n\n\n\n<div class=\"wp-block-column is-layout-flow wp-block-column-is-layout-flow\" style=\"flex-basis:66.66%\">\n<p><a href=\"https:\/\/www.talmud.de\/tlmd\/zum-wochenabschnitt\/\"><img data-recalc-dims=\"1\" loading=\"lazy\" decoding=\"async\" width=\"33\" height=\"20\" class=\"wp-image-1962\" style=\"width: 33px;\" src=\"https:\/\/i0.wp.com\/www.talmud.de\/tlmd\/wp-content\/uploads\/2016\/02\/hand_talmudde.png?resize=33%2C20&#038;ssl=1\" alt=\"\"> <strong>Zur \u00dcbersicht \u00fcber die Wochenabschnitte<\/strong><\/a><\/p>\n<\/div>\n<\/div>\n\n\n\n<p><\/p>\n<\/div><\/div>\n","protected":false},"excerpt":{"rendered":"<p>Zusammenfassung WaJikra 1,1\u20135,26 Der Wochenabschnitt dieser Woche ist der Beginn des Buches Wajikra. Der Anschnitt enth\u00e4lt die Anweisungen, auf welche Art, an welchem Ort und von welchen Tierarten die verschiedenen Arten von Opfern dargebracht werden sollen. Es werden f\u00fcnf Arten von Opfer unterschieden: das Brandopfer, das Friedensopfer, das S\u00fcndenopfer, das Schuldopfer sowie verschiedene Arten von Speiseopfer. Torahabschnitt Text des Wochenabschnitts (Deutsch) Text des Wochenabschnitts&nbsp;talmud.de \u00dcbersetzung auf Sefaria&nbsp;&nbsp;Hebr\u00e4isch-Deutsch Abschnitt im Tikkun&nbsp; Zum Wochenabschnitt Jeder ist ein Teil des Ganzen Alle Menschen sind miteinander verbunden \u2013 und deshalb f\u00fcreinander verantwortlich Von Vyacheslav Dobrovych &nbsp;J\u00fcdische Allgemeine Opfer und Segen Wie das Judentum die materielle und die spirituelle Welt miteinander verbindet Von Rabbiner Salomon Almekias-Siegl&nbsp;J\u00fcdische Allgemeine \u00bbAls Mazzot soll es gegessen werden\u00ab Warum die Speiseopfer unges\u00e4uert sein mussten und mit Salz dargebracht wurden Von Chajm Guski &nbsp;J\u00fcdische Allgemeine Der Mensch muss \u00bbsich selbst opfern\u00ab Von Dr. William Stern.&nbsp;Chabad Reichtum \u2013 ein von G-tt anvertrautes Pfand Von Dr. William Stern.&nbsp;Chabad Von dem individuellen Opfern Von Dr. William Stern.&nbsp;Chabad Die Begr\u00fcndung der Opfer Von Nechama Leibowitz&nbsp;hagalil.com Die S\u00fcnden einer F\u00fchrungskraft Von &hellip;<\/p>\n","protected":false},"author":1,"featured_media":8448,"parent":0,"menu_order":0,"comment_status":"closed","ping_status":"closed","template":"","meta":{"_themeisle_gutenberg_block_has_review":false,"footnotes":""},"class_list":["post-8422","page","type-page","status-publish","has-post-thumbnail","hentry"],"jetpack_sharing_enabled":true,"_links":{"self":[{"href":"https:\/\/www.talmud.de\/tlmd\/wp-json\/wp\/v2\/pages\/8422","targetHints":{"allow":["GET"]}}],"collection":[{"href":"https:\/\/www.talmud.de\/tlmd\/wp-json\/wp\/v2\/pages"}],"about":[{"href":"https:\/\/www.talmud.de\/tlmd\/wp-json\/wp\/v2\/types\/page"}],"author":[{"embeddable":true,"href":"https:\/\/www.talmud.de\/tlmd\/wp-json\/wp\/v2\/users\/1"}],"replies":[{"embeddable":true,"href":"https:\/\/www.talmud.de\/tlmd\/wp-json\/wp\/v2\/comments?post=8422"}],"version-history":[{"count":2,"href":"https:\/\/www.talmud.de\/tlmd\/wp-json\/wp\/v2\/pages\/8422\/revisions"}],"predecessor-version":[{"id":9311,"href":"https:\/\/www.talmud.de\/tlmd\/wp-json\/wp\/v2\/pages\/8422\/revisions\/9311"}],"wp:featuredmedia":[{"embeddable":true,"href":"https:\/\/www.talmud.de\/tlmd\/wp-json\/wp\/v2\/media\/8448"}],"wp:attachment":[{"href":"https:\/\/www.talmud.de\/tlmd\/wp-json\/wp\/v2\/media?parent=8422"}],"curies":[{"name":"wp","href":"https:\/\/api.w.org\/{rel}","templated":true}]}}