{"id":9368,"date":"2023-03-16T13:57:47","date_gmt":"2023-03-16T11:57:47","guid":{"rendered":"https:\/\/www.talmud.de\/tlmd\/?page_id=9368"},"modified":"2024-10-07T10:56:14","modified_gmt":"2024-10-07T08:56:14","slug":"die-paraschot","status":"publish","type":"page","link":"https:\/\/www.talmud.de\/tlmd\/die-paraschot\/","title":{"rendered":"Die Paraschot"},"content":{"rendered":"\n<figure class=\"wp-block-image size-large\"><a href=\"https:\/\/i0.wp.com\/www.talmud.de\/tlmd\/wp-content\/uploads\/2023\/03\/paraschot_0003.jpg?ssl=1\"><img data-recalc-dims=\"1\" loading=\"lazy\" decoding=\"async\" width=\"819\" height=\"1024\" src=\"https:\/\/i0.wp.com\/www.talmud.de\/tlmd\/wp-content\/uploads\/2023\/03\/paraschot_0003.jpg?resize=819%2C1024&#038;ssl=1\" alt=\"\" class=\"wp-image-9370\" srcset=\"https:\/\/i0.wp.com\/www.talmud.de\/tlmd\/wp-content\/uploads\/2023\/03\/paraschot_0003.jpg?resize=819%2C1024&amp;ssl=1 819w, https:\/\/i0.wp.com\/www.talmud.de\/tlmd\/wp-content\/uploads\/2023\/03\/paraschot_0003.jpg?resize=240%2C300&amp;ssl=1 240w, https:\/\/i0.wp.com\/www.talmud.de\/tlmd\/wp-content\/uploads\/2023\/03\/paraschot_0003.jpg?resize=768%2C960&amp;ssl=1 768w, https:\/\/i0.wp.com\/www.talmud.de\/tlmd\/wp-content\/uploads\/2023\/03\/paraschot_0003.jpg?resize=1229%2C1536&amp;ssl=1 1229w, https:\/\/i0.wp.com\/www.talmud.de\/tlmd\/wp-content\/uploads\/2023\/03\/paraschot_0003.jpg?w=1440&amp;ssl=1 1440w\" sizes=\"auto, (max-width: 819px) 100vw, 819px\" \/><\/a><\/figure>\n\n\n\n\n\n\n<p>\u00bb<em>Die Paraschot<\/em>\u00ab zeigen<\/p>\n\n\n\n<ul class=\"wp-block-list\">\n<li>den Text der\/einer Paraschah, eines Wochenabschnitts mit allen dazugeh\u00f6rigen Haftarot<\/li>\n\n\n\n<li>in der bew\u00e4hrten und <em>\u00fcberarbeiteten<\/em> (und aktualisierten) Zunz-\u00dcbersetzung<\/li>\n\n\n\n<li>mit dem hebr\u00e4ischen Originaltext nach der Mesorah. Abweichende Varianten sind markiert (etwa aus dem Codex Leningradensis oder dem Keter Aram Tzowa) <\/li>\n\n\n\n<li>eine Transliteration des hebr\u00e4ischen Textes. <\/li>\n\n\n\n<li>Jeder Band enth\u00e4lt alle Haftarot (Prophetenlesungen), die kalendarisch m\u00f6glich sind. <\/li>\n<\/ul>\n\n\n\n<p>Das B\u00fcchlein ist ein perfekter Begleiter f\u00fcr die Synagoge, f\u00fcr die Vorbereitung auf den Wochenabschnitt (Lerngruppen, Bar-Mitzwah, eigenes Vertiefen).<\/p>\n\n\n\n<figure class=\"wp-block-image size-large is-resized\"><a href=\"https:\/\/i0.wp.com\/www.talmud.de\/tlmd\/wp-content\/uploads\/2023\/03\/paraschot_0001.jpg?ssl=1\"><img data-recalc-dims=\"1\" loading=\"lazy\" decoding=\"async\" width=\"819\" height=\"1024\" src=\"https:\/\/i0.wp.com\/www.talmud.de\/tlmd\/wp-content\/uploads\/2023\/03\/paraschot_0001.jpg?resize=819%2C1024&#038;ssl=1\" alt=\"\" class=\"wp-image-9371\" style=\"width:819px;height:1024px\" srcset=\"https:\/\/i0.wp.com\/www.talmud.de\/tlmd\/wp-content\/uploads\/2023\/03\/paraschot_0001.jpg?resize=819%2C1024&amp;ssl=1 819w, https:\/\/i0.wp.com\/www.talmud.de\/tlmd\/wp-content\/uploads\/2023\/03\/paraschot_0001.jpg?resize=240%2C300&amp;ssl=1 240w, https:\/\/i0.wp.com\/www.talmud.de\/tlmd\/wp-content\/uploads\/2023\/03\/paraschot_0001.jpg?resize=768%2C960&amp;ssl=1 768w, https:\/\/i0.wp.com\/www.talmud.de\/tlmd\/wp-content\/uploads\/2023\/03\/paraschot_0001.jpg?resize=1229%2C1536&amp;ssl=1 1229w, https:\/\/i0.wp.com\/www.talmud.de\/tlmd\/wp-content\/uploads\/2023\/03\/paraschot_0001.jpg?w=1440&amp;ssl=1 1440w\" sizes=\"auto, (max-width: 819px) 100vw, 819px\" \/><\/a><\/figure>\n\n\n\n<p><\/p>\n\n\n\n<p>Einige Ausgaben enthalten f\u00fcr die Torababschnitte einen \u00bb<strong>Tikkun Korim<\/strong>\u00ab. Der Text wird so abgebildet, wie er in der Torahrolle zu sehen ist. Auf der einen Seite mit Vokalen und Teamim und gegen\u00fcberliegend so, wie er dann in der Torahrolle zu sehen ist. Das macht es einfacher, sich vorzubereiten, oder mitzulesen. Ausgaben in denen ein Tikkun Korim verf\u00fcgbar ist, sind gekennzeichnet.<\/p>\n\n\n\n<p>Die B\u00fccher haben jeweils eine <em>hebr\u00e4ische \u00d6ffnung<\/em> (Rechts-nach-Links)<\/p>\n\n\n\n<h2 class=\"wp-block-heading\">Bisher verf\u00fcgbar <\/h2>\n\n\n\n<p><em>die Links f\u00fchren jeweils zu amazon.de<\/em><\/p>\n\n\n\n<h3 class=\"wp-block-heading\">Buch Bereschit<\/h3>\n\n\n\n<ul class=\"wp-block-list\">\n<li><strong><a href=\"https:\/\/www.amazon.de\/dp\/B0CFDB37WB\" target=\"_blank\" rel=\"noreferrer noopener\">Bereschit<\/a><\/strong><\/li>\n<\/ul>\n\n\n\n<h3 class=\"wp-block-heading\">Buch Schemot<\/h3>\n\n\n\n<ul class=\"wp-block-list\">\n<li><strong><a href=\"https:\/\/www.amazon.de\/dp\/B0CRZ9YBW4\" target=\"_blank\" rel=\"noreferrer noopener\">Schemot<\/a><\/strong><\/li>\n\n\n\n<li><strong><a rel=\"noreferrer noopener\" href=\"https:\/\/www.amazon.de\/gp\/product\/B0BTS9MMZV\/\" target=\"_blank\">Trumah<\/a><\/strong><\/li>\n<\/ul>\n\n\n\n<h3 class=\"wp-block-heading\">Buch WaJikra<\/h3>\n\n\n\n<ul class=\"wp-block-list\">\n<li><strong><a href=\"https:\/\/www.amazon.de\/dp\/B0BYRF6FQ7\" target=\"_blank\" rel=\"noreferrer noopener\">WaJikra<\/a><\/strong><\/li>\n<\/ul>\n\n\n\n<h3 class=\"wp-block-heading\">Das Buch Jonah<\/h3>\n\n\n\n<ul class=\"wp-block-list\">\n<li><a href=\"https:\/\/www.talmud.de\/tlmd\/wp-content\/uploads\/2024\/10\/jonah.pdf\" data-type=\"link\" data-id=\"https:\/\/www.talmud.de\/tlmd\/wp-content\/uploads\/2024\/10\/jonah.pdf\" target=\"_blank\" rel=\"noreferrer noopener\"><strong>Das Buch Jonah &#8211; Sefer Jonah<\/strong><\/a> (Download)<\/li>\n<\/ul>\n\n\n\n<h3 class=\"wp-block-heading\">Das Buch Esther \u2013 Megillat Esther<\/h3>\n\n\n\n<ul class=\"wp-block-list\">\n<li><a href=\"https:\/\/amzn.eu\/d\/etCCeIc\" target=\"_blank\" rel=\"noreferrer noopener\"><strong>Das Buch Esther<\/strong><\/a><\/li>\n<\/ul>\n\n\n\n<h3 class=\"wp-block-heading\">Tehillim\/Psalmen<\/h3>\n\n\n\n<ul class=\"wp-block-list\">\n<li><a href=\"https:\/\/www.talmud.de\/tlmd\/wp-content\/uploads\/2024\/09\/tehillim_27.pdf\" target=\"_blank\" rel=\"noreferrer noopener\"><strong>Tehillim 27<\/strong> (Download)<\/a><\/li>\n<\/ul>\n","protected":false},"excerpt":{"rendered":"<p>\u00bbDie Paraschot\u00ab zeigen Das B\u00fcchlein ist ein perfekter Begleiter f\u00fcr die Synagoge, f\u00fcr die Vorbereitung auf den Wochenabschnitt (Lerngruppen, Bar-Mitzwah, eigenes Vertiefen). Einige Ausgaben enthalten f\u00fcr die Torababschnitte einen \u00bbTikkun Korim\u00ab. Der Text wird so abgebildet, wie er in der Torahrolle zu sehen ist. Auf der einen Seite mit Vokalen und Teamim und gegen\u00fcberliegend so, wie er dann in der Torahrolle zu sehen ist. Das macht es einfacher, sich vorzubereiten, oder mitzulesen. Ausgaben in denen ein Tikkun Korim verf\u00fcgbar ist, sind gekennzeichnet. Die B\u00fccher haben jeweils eine hebr\u00e4ische \u00d6ffnung (Rechts-nach-Links) Bisher verf\u00fcgbar die Links f\u00fchren jeweils zu amazon.de Buch Bereschit Buch Schemot Buch WaJikra Das Buch Jonah Das Buch Esther \u2013 Megillat Esther Tehillim\/Psalmen<\/p>\n","protected":false},"author":1,"featured_media":0,"parent":0,"menu_order":0,"comment_status":"closed","ping_status":"closed","template":"","meta":{"_themeisle_gutenberg_block_has_review":false,"footnotes":""},"class_list":["post-9368","page","type-page","status-publish","hentry"],"jetpack_sharing_enabled":true,"_links":{"self":[{"href":"https:\/\/www.talmud.de\/tlmd\/wp-json\/wp\/v2\/pages\/9368","targetHints":{"allow":["GET"]}}],"collection":[{"href":"https:\/\/www.talmud.de\/tlmd\/wp-json\/wp\/v2\/pages"}],"about":[{"href":"https:\/\/www.talmud.de\/tlmd\/wp-json\/wp\/v2\/types\/page"}],"author":[{"embeddable":true,"href":"https:\/\/www.talmud.de\/tlmd\/wp-json\/wp\/v2\/users\/1"}],"replies":[{"embeddable":true,"href":"https:\/\/www.talmud.de\/tlmd\/wp-json\/wp\/v2\/comments?post=9368"}],"version-history":[{"count":2,"href":"https:\/\/www.talmud.de\/tlmd\/wp-json\/wp\/v2\/pages\/9368\/revisions"}],"predecessor-version":[{"id":10095,"href":"https:\/\/www.talmud.de\/tlmd\/wp-json\/wp\/v2\/pages\/9368\/revisions\/10095"}],"wp:attachment":[{"href":"https:\/\/www.talmud.de\/tlmd\/wp-json\/wp\/v2\/media?parent=9368"}],"curies":[{"name":"wp","href":"https:\/\/api.w.org\/{rel}","templated":true}]}}